000
CDUS41 KBOX 212200
CLIPVD


CLIMATE REPORT
NATIONAL WEATHER SERVICE BOSTON/NORTON MA
550 PM EDT MON MAY 21 2018


...................................

...THE PROVIDENCE RI CLIMATE SUMMARY FOR MAY 21 2018...
VALID TODAY AS OF 0500 PM LOCAL TIME.

CLIMATE NORMAL PERIOD 1981 TO 2010
CLIMATE RECORD PERIOD 1904 TO 2018


WEATHER ITEM   OBSERVED TIME   RECORD YEAR NORMAL DEPARTURE LAST
                VALUE   (LST)  VALUE       VALUE  FROM      YEAR
                                                  NORMAL
..................................................................
TEMPERATURE (F)
 TODAY
  MAXIMUM         75   1240 PM  93    1996  70      5       69
  MINIMUM         56    459 AM  36    2002  50      6       45
  AVERAGE         66                        60      6       57

PRECIPITATION (IN)
  TODAY            0.00          1.10 1986   0.11  -0.11     0.00
  MONTH TO DATE    1.70                      2.30  -0.60     4.99
  SINCE MAR 1     12.39                     11.67   0.72    15.94
  SINCE JAN 1     24.33                     18.82   5.51    23.12

SNOWFALL (IN)
  TODAY            0.0           T    1907   0.0    0.0      0.0
  MONTH TO DATE    0.0                       0.0    0.0      0.0
  SINCE MAR 1     16.7                       6.1   10.6      7.7
  SINCE JUL 1     50.6                      33.8   16.8     45.9
  SNOW DEPTH       0

DEGREE DAYS
 HEATING
  TODAY            0                         6     -6        8
  MONTH TO DATE  105                       178    -73      181
  SINCE MAR 1   1483                      1466     17     1484
  SINCE JUL 1   5146                      5528   -382     5042

 COOLING
  TODAY            1                         1      0        0
  MONTH TO DATE   38                         8     30       41
  SINCE MAR 1     38                        10     28       58
  SINCE JAN 1     38                        10     28       58
..................................................................


WIND (MPH)
  HIGHEST WIND SPEED    17   HIGHEST WIND DIRECTION     S (160)
  HIGHEST GUST SPEED    23   HIGHEST GUST DIRECTION     S (160)
  AVERAGE WIND SPEED     8.0


SKY COVER
  POSSIBLE SUNSHINE  MM
  AVERAGE SKY COVER 0.2


WEATHER CONDITIONS
 THE FOLLOWING WEATHER WAS RECORDED TODAY.
  NO SIGNIFICANT WEATHER WAS OBSERVED.


RELATIVE HUMIDITY (PERCENT)
 HIGHEST    86           300 AM
 LOWEST     38          1100 AM
 AVERAGE    62

..........................................................


THE PROVIDENCE RI CLIMATE NORMALS FOR TOMORROW
                         NORMAL    RECORD    YEAR
 MAXIMUM TEMPERATURE (F)   70        94      1992
                                             1941
 MINIMUM TEMPERATURE (F)   50        37      1907


SUNRISE AND SUNSET
MAY 21 2018...........SUNRISE   521 AM EDT   SUNSET   805 PM EDT
MAY 22 2018...........SUNRISE   520 AM EDT   SUNSET   806 PM EDT


-  INDICATES NEGATIVE NUMBERS.
R  INDICATES RECORD WAS SET OR TIED.
MM INDICATES DATA IS MISSING.
T  INDICATES TRACE AMOUNT.




$$
