000
CDUS41 KBOX 142133
CLIPVD


CLIMATE REPORT
NATIONAL WEATHER SERVICE BOSTON/NORTON MA
523 PM EDT MON MAY 14 2018


...................................

...THE PROVIDENCE RI CLIMATE SUMMARY FOR MAY 14 2018...
VALID TODAY AS OF 0500 PM LOCAL TIME.

CLIMATE NORMAL PERIOD 1981 TO 2010
CLIMATE RECORD PERIOD 1904 TO 2018


WEATHER ITEM   OBSERVED TIME   RECORD YEAR NORMAL DEPARTURE LAST
                VALUE   (LST)  VALUE       VALUE  FROM      YEAR
                                                  NORMAL
..................................................................
TEMPERATURE (F)
 TODAY
  MAXIMUM         67    359 PM  83    1991  68     -1       53
  MINIMUM         51    405 AM  35    1987  48      3       46
  AVERAGE         59                        58      1       50

PRECIPITATION (IN)
  TODAY            0.00          1.15 1962   0.10  -0.10     1.01
  MONTH TO DATE    0.28                      1.54  -1.26     4.83
  SINCE MAR 1     10.97                     10.91   0.06    15.78
  SINCE JAN 1     22.91                     18.06   4.85    22.96

SNOWFALL (IN)
  TODAY            0.0           0.0  2001   0.0    0.0      0.0
                                      2000
  MONTH TO DATE    0.0                       0.0    0.0      0.0
  SINCE MAR 1     16.7                       6.1   10.6      7.7
  SINCE JUL 1     50.6                      33.8   16.8     45.9
  SNOW DEPTH       0

DEGREE DAYS
 HEATING
  TODAY            6                         8     -2       15
  MONTH TO DATE   68                       132    -64      158
  SINCE MAR 1   1446                      1420     26     1461
  SINCE JUL 1   5109                      5482   -373     5019

 COOLING
  TODAY            0                         1     -1        0
  MONTH TO DATE   28                         1     27        1
  SINCE MAR 1     28                         3     25       18
  SINCE JAN 1     28                         3     25       18
..................................................................


WIND (MPH)
  HIGHEST WIND SPEED    21   HIGHEST WIND DIRECTION    SE (150)
  HIGHEST GUST SPEED    25   HIGHEST GUST DIRECTION    SE (150)
  AVERAGE WIND SPEED     7.6


SKY COVER
  POSSIBLE SUNSHINE  MM
  AVERAGE SKY COVER 0.8


WEATHER CONDITIONS
 THE FOLLOWING WEATHER WAS RECORDED TODAY.
  NO SIGNIFICANT WEATHER WAS OBSERVED.


RELATIVE HUMIDITY (PERCENT)
 HIGHEST    96           500 AM
 LOWEST     63           400 PM
 AVERAGE    80

..........................................................


THE PROVIDENCE RI CLIMATE NORMALS FOR TOMORROW
                         NORMAL    RECORD    YEAR
 MAXIMUM TEMPERATURE (F)   68        87      2004
 MINIMUM TEMPERATURE (F)   48        36      1947


SUNRISE AND SUNSET
MAY 14 2018...........SUNRISE   527 AM EDT   SUNSET   758 PM EDT
MAY 15 2018...........SUNRISE   526 AM EDT   SUNSET   759 PM EDT


-  INDICATES NEGATIVE NUMBERS.
R  INDICATES RECORD WAS SET OR TIED.
MM INDICATES DATA IS MISSING.
T  INDICATES TRACE AMOUNT.




$$
