000
CDUS41 KBOX 122145
CLIPVD


CLIMATE REPORT
NATIONAL WEATHER SERVICE BOSTON/NORTON MA
543 PM EDT THU APR 12 2018


...................................

...THE PROVIDENCE RI CLIMATE SUMMARY FOR APRIL 12 2018...
VALID TODAY AS OF 0500 PM LOCAL TIME.

CLIMATE NORMAL PERIOD 1981 TO 2010
CLIMATE RECORD PERIOD 1904 TO 2018


WEATHER ITEM   OBSERVED TIME   RECORD YEAR NORMAL DEPARTURE LAST
                VALUE   (LST)  VALUE       VALUE  FROM      YEAR
                                                  NORMAL
..................................................................
TEMPERATURE (F)
 TODAY
  MAXIMUM         57   1255 PM  86    1977  57      0       70
  MINIMUM         34    556 AM  19    1976  39     -5       46
  AVERAGE         46                        48     -2       58

PRECIPITATION (IN)
  TODAY            0.00          1.41 1934   0.16  -0.16     0.00
  MONTH TO DATE    1.05                      1.93  -0.88     3.84
  SINCE MAR 1      5.90                      6.94  -1.04     7.69
  SINCE JAN 1     17.84                     14.09   3.75    14.87

SNOWFALL (IN)
  TODAY            0.0           0.3  1918   0.0    0.0      0.0
  MONTH TO DATE    3.6                       0.4    3.2       T
  SINCE MAR 1     16.7                       5.9   10.8      7.7
  SINCE JUL 1     50.6                      33.6   17.0     45.9
  SNOW DEPTH       0

DEGREE DAYS
 HEATING
  TODAY           19                        17      2        7
  MONTH TO DATE  293                       228     65      194
  SINCE MAR 1   1103                      1037     66     1114
  SINCE JUL 1   4766                      5099   -333     4672

 COOLING
  TODAY            0                         0      0        0
  MONTH TO DATE    0                         0      0        0
  SINCE MAR 1      0                         0      0        0
  SINCE JAN 1      0                         0      0        0
..................................................................


WIND (MPH)
  HIGHEST WIND SPEED    20   HIGHEST WIND DIRECTION     S (160)
  HIGHEST GUST SPEED    24   HIGHEST GUST DIRECTION    SE (150)
  AVERAGE WIND SPEED     6.1


SKY COVER
  POSSIBLE SUNSHINE  MM
  AVERAGE SKY COVER 0.7


WEATHER CONDITIONS
 THE FOLLOWING WEATHER WAS RECORDED TODAY.
  NO SIGNIFICANT WEATHER WAS OBSERVED.


RELATIVE HUMIDITY (PERCENT)
 HIGHEST    92           500 AM
 LOWEST     47          1200 PM
 AVERAGE    70

..........................................................


THE PROVIDENCE RI CLIMATE NORMALS FOR TOMORROW
                         NORMAL    RECORD    YEAR
 MAXIMUM TEMPERATURE (F)   58        85      1977
                                             1945
 MINIMUM TEMPERATURE (F)   39        26      1956


SUNRISE AND SUNSET
APRIL 12 2018.........SUNRISE   610 AM EDT   SUNSET   723 PM EDT
APRIL 13 2018.........SUNRISE   609 AM EDT   SUNSET   724 PM EDT


-  INDICATES NEGATIVE NUMBERS.
R  INDICATES RECORD WAS SET OR TIED.
MM INDICATES DATA IS MISSING.
T  INDICATES TRACE AMOUNT.




$$
