000
CDUS41 KBOX 161103
CLIPVD


CLIMATE REPORT
NATIONAL WEATHER SERVICE BOSTON/NORTON MA
653 AM EDT MON APR 16 2018


...................................

...THE PROVIDENCE RI CLIMATE SUMMARY FOR APRIL 15 2018...

CLIMATE NORMAL PERIOD 1981 TO 2010
CLIMATE RECORD PERIOD 1904 TO 2018


WEATHER ITEM   OBSERVED TIME   RECORD YEAR NORMAL DEPARTURE LAST
                VALUE   (LST)  VALUE       VALUE  FROM      YEAR
                                                  NORMAL
..................................................................
TEMPERATURE (F)
 YESTERDAY
  MAXIMUM         41   1251 AM  82    1938  59    -18       66
  MINIMUM         34    751 PM  27    1923  40     -6       37
  AVERAGE         38                        49    -11       52

PRECIPITATION (IN)
  YESTERDAY        0.03          2.90 2007   0.14  -0.11     0.01
  MONTH TO DATE    1.10                      2.37  -1.27     3.85
  SINCE MAR 1      5.95                      7.38  -1.43     7.70
  SINCE JAN 1     17.89                     14.53   3.36    14.88

SNOWFALL (IN)
  YESTERDAY        T   R         T    2018   0.0    0.0      0.0
                                      2007
                                      1916
  MONTH TO DATE    3.6                       0.5    3.1       T
  SINCE MAR 1     16.7                       6.0   10.7      7.7
  SINCE JUL 1     50.6                      33.7   16.9     45.9
  SNOW DEPTH       0

DEGREE DAYS
 HEATING
  YESTERDAY       27                        16     11       13
  MONTH TO DATE  343                       277     66      234
  SINCE MAR 1   1153                      1086     67     1154
  SINCE JUL 1   4816                      5148   -332     4712

 COOLING
  YESTERDAY        0                         0      0        0
  MONTH TO DATE    0                         0      0        0
  SINCE MAR 1      0                         0      0        0
  SINCE JAN 1      0                         0      0        0
..................................................................


WIND (MPH)
  RESULTANT WIND SPEED  18   RESULTANT WIND DIRECTION  NE (60)
  HIGHEST WIND SPEED    25   HIGHEST WIND DIRECTION    NE (50)
  HIGHEST GUST SPEED    33   HIGHEST GUST DIRECTION    NE (60)
  AVERAGE WIND SPEED    17.8


SKY COVER
  POSSIBLE SUNSHINE  MM
  AVERAGE SKY COVER 1.0


WEATHER CONDITIONS
 THE FOLLOWING WEATHER WAS RECORDED YESTERDAY.
  LIGHT RAIN
  LIGHT SNOW
  SLEET
  FOG


RELATIVE HUMIDITY (PERCENT)
 HIGHEST   100           600 PM
 LOWEST     54           400 AM
 AVERAGE    77

..........................................................


THE PROVIDENCE RI CLIMATE NORMALS FOR TODAY
                         NORMAL    RECORD    YEAR
 MAXIMUM TEMPERATURE (F)   59        88      2003
 MINIMUM TEMPERATURE (F)   40        27      1943


SUNRISE AND SUNSET
APRIL 16 2018.........SUNRISE   604 AM EDT   SUNSET   728 PM EDT
APRIL 17 2018.........SUNRISE   603 AM EDT   SUNSET   729 PM EDT


-  INDICATES NEGATIVE NUMBERS.
R  INDICATES RECORD WAS SET OR TIED.
MM INDICATES DATA IS MISSING.
T  INDICATES TRACE AMOUNT.




$$
