000
CDUS41 KBOX 162131
CLIPVD


CLIMATE REPORT
NATIONAL WEATHER SERVICE BOSTON/NORTON MA
531 PM EDT WED MAY 16 2018


...................................

...THE PROVIDENCE RI CLIMATE SUMMARY FOR MAY 16 2018...
VALID TODAY AS OF 0500 PM LOCAL TIME.

CLIMATE NORMAL PERIOD 1981 TO 2010
CLIMATE RECORD PERIOD 1904 TO 2018


WEATHER ITEM   OBSERVED TIME   RECORD YEAR NORMAL DEPARTURE LAST
                VALUE   (LST)  VALUE       VALUE  FROM      YEAR
                                                  NORMAL
..................................................................
TEMPERATURE (F)
 TODAY
  MAXIMUM         65   1233 PM  89    1951  68     -3       80
  MINIMUM         47   1156 AM  35    1936  49     -2       55
  AVERAGE         56                        58     -2       68

PRECIPITATION (IN)
  TODAY            T             1.08 1971   0.10  -0.10     0.00
  MONTH TO DATE    0.86                      1.74  -0.88     4.98
  SINCE MAR 1     11.55                     11.11   0.44    15.93
  SINCE JAN 1     23.49                     18.26   5.23    23.11

SNOWFALL (IN)
  TODAY           MM             0.0  2001   0.0   MM        0.0
                                      2000
  MONTH TO DATE    0.0                       0.0    0.0      0.0
  SINCE MAR 1     16.7                       6.1   10.6      7.7
  SINCE JUL 1     50.6                      33.8   16.8     45.9
  SNOW DEPTH       0

DEGREE DAYS
 HEATING
  TODAY            9                         7      2        0
  MONTH TO DATE   77                       146    -69      168
  SINCE MAR 1   1455                      1434     21     1471
  SINCE JUL 1   5118                      5496   -378     5029

 COOLING
  TODAY            0                         1     -1        3
  MONTH TO DATE   33                         3     30        4
  SINCE MAR 1     33                         5     28       21
  SINCE JAN 1     33                         5     28       21
..................................................................


WIND (MPH)
  HIGHEST WIND SPEED    20   HIGHEST WIND DIRECTION    NE (40)
  HIGHEST GUST SPEED    24   HIGHEST GUST DIRECTION    NE (40)
  AVERAGE WIND SPEED     7.7


SKY COVER
  POSSIBLE SUNSHINE  MM
  AVERAGE SKY COVER 0.7


WEATHER CONDITIONS
 THE FOLLOWING WEATHER WAS RECORDED TODAY.
  LIGHT RAIN


RELATIVE HUMIDITY (PERCENT)
 HIGHEST    97          1200 AM
 LOWEST     60           100 PM
 AVERAGE    79

..........................................................


THE PROVIDENCE RI CLIMATE NORMALS FOR TOMORROW
                         NORMAL    RECORD    YEAR
 MAXIMUM TEMPERATURE (F)   69        91      1977
                                             1974
 MINIMUM TEMPERATURE (F)   49        35      1956


SUNRISE AND SUNSET
MAY 16 2018...........SUNRISE   525 AM EDT   SUNSET   800 PM EDT
MAY 17 2018...........SUNRISE   524 AM EDT   SUNSET   801 PM EDT


-  INDICATES NEGATIVE NUMBERS.
R  INDICATES RECORD WAS SET OR TIED.
MM INDICATES DATA IS MISSING.
T  INDICATES TRACE AMOUNT.




$$
