000
CDUS41 KBOX 140541
CLIPVD


CLIMATE REPORT
NATIONAL WEATHER SERVICE BOSTON/NORTON MA
131 AM EDT MON MAY 14 2018


...................................

...THE PROVIDENCE RI CLIMATE SUMMARY FOR MAY 13 2018...

CLIMATE NORMAL PERIOD 1981 TO 2010
CLIMATE RECORD PERIOD 1904 TO 2018


WEATHER ITEM   OBSERVED TIME   RECORD YEAR NORMAL DEPARTURE LAST
                VALUE   (LST)  VALUE       VALUE  FROM      YEAR
                                                  NORMAL
..................................................................
TEMPERATURE (F)
 YESTERDAY
  MAXIMUM         59    251 PM  88    1956  68     -9       57
  MINIMUM         49    533 AM  36    1962  48      1       45
  AVERAGE         54                        58     -4       51

PRECIPITATION (IN)
  YESTERDAY        0.00          1.97 2006   0.10  -0.10     0.46
  MONTH TO DATE    0.28                      1.44  -1.16     3.82
  SINCE MAR 1     10.97                     10.81   0.16    14.77
  SINCE JAN 1     22.91                     17.96   4.95    21.95

SNOWFALL (IN)
  YESTERDAY        0.0           0.0  2001   0.0    0.0      0.0
                                      2000
  MONTH TO DATE    0.0                       0.0    0.0      0.0
  SINCE MAR 1     16.7                       6.1   10.6      7.7
  SINCE JUL 1     50.6                      33.8   16.8     45.9
  SNOW DEPTH       0

DEGREE DAYS
 HEATING
  YESTERDAY       11                         8      3       14
  MONTH TO DATE   62                       124    -62      143
  SINCE MAR 1   1440                      1412     28     1446
  SINCE JUL 1   5103                      5474   -371     5004

 COOLING
  YESTERDAY        0                         0      0        0
  MONTH TO DATE   28                         0     28        1
  SINCE MAR 1     28                         2     26       18
  SINCE JAN 1     28                         2     26       18
..................................................................


WIND (MPH)
  RESULTANT WIND SPEED   2   RESULTANT WIND DIRECTION   E (80)
  HIGHEST WIND SPEED    12   HIGHEST WIND DIRECTION    NE (40)
  HIGHEST GUST SPEED    16   HIGHEST GUST DIRECTION    NE (50)
  AVERAGE WIND SPEED     7.1


SKY COVER
  POSSIBLE SUNSHINE  MM
  AVERAGE SKY COVER 1.0


WEATHER CONDITIONS
 THE FOLLOWING WEATHER WAS RECORDED YESTERDAY.
  FOG


RELATIVE HUMIDITY (PERCENT)
 HIGHEST   100          1200 AM
 LOWEST     72          1200 PM
 AVERAGE    86

..........................................................


THE PROVIDENCE RI CLIMATE NORMALS FOR TODAY
                         NORMAL    RECORD    YEAR
 MAXIMUM TEMPERATURE (F)   68        83      1991
 MINIMUM TEMPERATURE (F)   48        35      1987


SUNRISE AND SUNSET
MAY 14 2018...........SUNRISE   527 AM EDT   SUNSET   758 PM EDT
MAY 15 2018...........SUNRISE   526 AM EDT   SUNSET   759 PM EDT


-  INDICATES NEGATIVE NUMBERS.
R  INDICATES RECORD WAS SET OR TIED.
MM INDICATES DATA IS MISSING.
T  INDICATES TRACE AMOUNT.




$$
