696
CDUS41 KBOX 190619
CLIPVD


CLIMATE REPORT
NATIONAL WEATHER SERVICE BOSTON/NORTON MA
209 AM EDT SAT MAY 19 2018


...................................

...THE PROVIDENCE RI CLIMATE SUMMARY FOR MAY 18 2018...

CLIMATE NORMAL PERIOD 1981 TO 2010
CLIMATE RECORD PERIOD 1904 TO 2018


WEATHER ITEM   OBSERVED TIME   RECORD YEAR NORMAL DEPARTURE LAST
                VALUE   (LST)  VALUE       VALUE  FROM      YEAR
                                                  NORMAL
..................................................................
TEMPERATURE (F)
 YESTERDAY
  MAXIMUM         63    233 AM  93    2017  69     -6       93
  MINIMUM         44   1141 PM  35    1983  49     -5       70
  AVERAGE         54                        59     -5       82

PRECIPITATION (IN)
  YESTERDAY        0.00          1.45 2007   0.11  -0.11     0.01
  MONTH TO DATE    1.14                      1.96  -0.82     4.99
  SINCE MAR 1     11.83                     11.33   0.50    15.94
  SINCE JAN 1     23.77                     18.48   5.29    23.12

SNOWFALL (IN)
  YESTERDAY        0.0           0.0  2001   0.0    0.0      0.0
                                      2000
  MONTH TO DATE    0.0                       0.0    0.0      0.0
  SINCE MAR 1     16.7                       6.1   10.6      7.7
  SINCE JUL 1     50.6                      33.8   16.8     45.9
  SNOW DEPTH       0

DEGREE DAYS
 HEATING
  YESTERDAY       11                         7      4        0
  MONTH TO DATE   92                       160    -68      168
  SINCE MAR 1   1470                      1448     22     1471
  SINCE JUL 1   5133                      5510   -377     5029

 COOLING
  YESTERDAY        0                         1     -1       17
  MONTH TO DATE   33                         5     28       29
  SINCE MAR 1     33                         7     26       46
  SINCE JAN 1     33                         7     26       46
..................................................................


WIND (MPH)
  RESULTANT WIND SPEED  12   RESULTANT WIND DIRECTION  NE (50)
  HIGHEST WIND SPEED    26   HIGHEST WIND DIRECTION    NE (30)
  HIGHEST GUST SPEED    36   HIGHEST GUST DIRECTION     N (10)
  AVERAGE WIND SPEED    13.5


SKY COVER
  POSSIBLE SUNSHINE  MM
  AVERAGE SKY COVER 0.7


WEATHER CONDITIONS
 THE FOLLOWING WEATHER WAS RECORDED YESTERDAY.
  NO SIGNIFICANT WEATHER WAS OBSERVED.


RELATIVE HUMIDITY (PERCENT)
 HIGHEST   100           100 AM
 LOWEST     40          1200 PM
 AVERAGE    70

..........................................................


THE PROVIDENCE RI CLIMATE NORMALS FOR TODAY
                         NORMAL    RECORD    YEAR
 MAXIMUM TEMPERATURE (F)   69        91      2017
 MINIMUM TEMPERATURE (F)   49        35      2002


SUNRISE AND SUNSET
MAY 19 2018...........SUNRISE   522 AM EDT   SUNSET   803 PM EDT
MAY 20 2018...........SUNRISE   521 AM EDT   SUNSET   804 PM EDT


-  INDICATES NEGATIVE NUMBERS.
R  INDICATES RECORD WAS SET OR TIED.
MM INDICATES DATA IS MISSING.
T  INDICATES TRACE AMOUNT.




$$
