309
CDUS41 KBOX 202137
CLIPVD


CLIMATE REPORT
NATIONAL WEATHER SERVICE BOSTON/NORTON MA
527 PM EDT SUN MAY 20 2018


...................................

...THE PROVIDENCE RI CLIMATE SUMMARY FOR MAY 20 2018...
VALID TODAY AS OF 0500 PM LOCAL TIME.

CLIMATE NORMAL PERIOD 1981 TO 2010
CLIMATE RECORD PERIOD 1904 TO 2018


WEATHER ITEM   OBSERVED TIME   RECORD YEAR NORMAL DEPARTURE LAST
                VALUE   (LST)  VALUE       VALUE  FROM      YEAR
                                                  NORMAL
..................................................................
TEMPERATURE (F)
 TODAY
  MAXIMUM         78    258 PM  95    1996  70      8       70
  MINIMUM         59   1213 AM  40    2002  50      9       49
                                      1992
                                      1950
  AVERAGE         69                        60      9       60

PRECIPITATION (IN)
  TODAY            0.11          1.26 1972   0.12  -0.01      T
  MONTH TO DATE    1.66                      2.19  -0.53     4.99
  SINCE MAR 1     12.35                     11.56   0.79    15.94
  SINCE JAN 1     24.29                     18.71   5.58    23.12

SNOWFALL (IN)
  TODAY            0.0           0.0  2002   0.0    0.0      0.0
                                      2001
                                      2000
  MONTH TO DATE    0.0                       0.0    0.0      0.0
  SINCE MAR 1     16.7                       6.1   10.6      7.7
  SINCE JUL 1     50.6                      33.8   16.8     45.9
  SNOW DEPTH       0

DEGREE DAYS
 HEATING
  TODAY            0                         6     -6        5
  MONTH TO DATE  105                       172    -67      173
  SINCE MAR 1   1483                      1460     23     1476
  SINCE JUL 1   5146                      5522   -376     5034

 COOLING
  TODAY            4                         1      3        0
  MONTH TO DATE   37                         7     30       41
  SINCE MAR 1     37                         9     28       58
  SINCE JAN 1     37                         9     28       58
..................................................................


WIND (MPH)
  HIGHEST WIND SPEED    17   HIGHEST WIND DIRECTION    SW (240)
  HIGHEST GUST SPEED    27   HIGHEST GUST DIRECTION     W (250)
  AVERAGE WIND SPEED    10.7


SKY COVER
  POSSIBLE SUNSHINE  MM
  AVERAGE SKY COVER 0.9


WEATHER CONDITIONS
 THE FOLLOWING WEATHER WAS RECORDED TODAY.
  LIGHT RAIN
  FOG


RELATIVE HUMIDITY (PERCENT)
 HIGHEST   100           200 AM
 LOWEST     67           200 PM
 AVERAGE    84

..........................................................


THE PROVIDENCE RI CLIMATE NORMALS FOR TOMORROW
                         NORMAL    RECORD    YEAR
 MAXIMUM TEMPERATURE (F)   70        93      1996
 MINIMUM TEMPERATURE (F)   50        36      2002


SUNRISE AND SUNSET
MAY 20 2018...........SUNRISE   521 AM EDT   SUNSET   804 PM EDT
MAY 21 2018...........SUNRISE   521 AM EDT   SUNSET   805 PM EDT


-  INDICATES NEGATIVE NUMBERS.
R  INDICATES RECORD WAS SET OR TIED.
MM INDICATES DATA IS MISSING.
T  INDICATES TRACE AMOUNT.




$$
