815
CDUS41 KBOX 232133
CLIPVD


CLIMATE REPORT
NATIONAL WEATHER SERVICE BOSTON/NORTON MA
523 PM EDT WED MAY 23 2018


...................................

...THE PROVIDENCE RI CLIMATE SUMMARY FOR MAY 23 2018...
VALID TODAY AS OF 0500 PM LOCAL TIME.

CLIMATE NORMAL PERIOD 1981 TO 2010
CLIMATE RECORD PERIOD 1904 TO 2018


WEATHER ITEM   OBSERVED TIME   RECORD YEAR NORMAL DEPARTURE LAST
                VALUE   (LST)  VALUE       VALUE  FROM      YEAR
                                                  NORMAL
..................................................................
TEMPERATURE (F)
 TODAY
  MAXIMUM         80    120 PM  94    1964  70     10       74
  MINIMUM         54    239 AM  40    1950  51      3       54
  AVERAGE         67                        61      6       64

PRECIPITATION (IN)
  TODAY            T             2.92 1979   0.12  -0.12      T
  MONTH TO DATE    1.88                      2.54  -0.66     5.30
  SINCE MAR 1     12.57                     11.91   0.66    16.25
  SINCE JAN 1     24.51                     19.06   5.45    23.43

SNOWFALL (IN)
  TODAY            0.0           T    1994   0.0    0.0      0.0
  MONTH TO DATE    0.0                       0.0    0.0      0.0
  SINCE MAR 1     16.7                       6.1   10.6      7.7
  SINCE JUL 1     50.6                      33.8   16.8     45.9
  SNOW DEPTH       0

DEGREE DAYS
 HEATING
  TODAY            0                         5     -5        1
  MONTH TO DATE  109                       189    -80      192
  SINCE MAR 1   1487                      1477     10     1495
  SINCE JUL 1   5150                      5539   -389     5053

 COOLING
  TODAY            2                         1      1        0
  MONTH TO DATE   39                        10     29       41
  SINCE MAR 1     39                        12     27       58
  SINCE JAN 1     39                        12     27       58
..................................................................


WIND (MPH)
  HIGHEST WIND SPEED    15   HIGHEST WIND DIRECTION     S (160)
  HIGHEST GUST SPEED    18   HIGHEST GUST DIRECTION    NW (300)
  AVERAGE WIND SPEED     7.4


SKY COVER
  POSSIBLE SUNSHINE  MM
  AVERAGE SKY COVER 0.6


WEATHER CONDITIONS
 THE FOLLOWING WEATHER WAS RECORDED TODAY.
  LIGHT RAIN


RELATIVE HUMIDITY (PERCENT)
 HIGHEST    93          1200 AM
 LOWEST     45           100 PM
 AVERAGE    69

..........................................................


THE PROVIDENCE RI CLIMATE NORMALS FOR TOMORROW
                         NORMAL    RECORD    YEAR
 MAXIMUM TEMPERATURE (F)   71        92      1964
                                             1936
 MINIMUM TEMPERATURE (F)   51        38      1967


SUNRISE AND SUNSET
MAY 23 2018...........SUNRISE   519 AM EDT   SUNSET   806 PM EDT
MAY 24 2018...........SUNRISE   518 AM EDT   SUNSET   807 PM EDT


-  INDICATES NEGATIVE NUMBERS.
R  INDICATES RECORD WAS SET OR TIED.
MM INDICATES DATA IS MISSING.
T  INDICATES TRACE AMOUNT.




$$
