000
CXUS54 KFWD 010731
CF6PWG
PRELIMINARY LOCAL CLIMATOLOGICAL DATA (WS FORM: F-6)
STATION: WACO MCGREGOR
MONTH: JULY
YEAR: 2023
LATITUDE: 31 28 N
LONGITUDE: 97 19 W
TEMPERATURE IN F: :PCPN: SNOW: WIND :SUNSHINE: SKY :PK WND
================================================================================
1 2 3 4 5 6A 6B 7 8 9 10 11 12 13 14 15 16 17 18
12Z AVG MX 2MIN
DY MAX MIN AVG DEP HDD CDD WTR SNW DPTH SPD SPD DIR MIN PSBL S-S WX SPD DR
================================================================================
1 97 74 86 4 0 21 0.20 M M 6.6 20 10 M M 2 138 29 10
2 93 73 83 1 0 18 0.01 M M 3.9 8 130 M M 2 M M
3 97 75 86 4 0 21 0.00 M M 6.3 10 150 M M 0 M M
4 97 75 86 4 0 21 0.00 M M 9.1 15 170 M M 1 22 170
5 99 79 89 7 0 24 0.00 M M 10.8 16 140 M M 2 22 190
6 97 74 86 4 0 21 0.00 M M 9.2 17 190 M M 2 25 150
7 96 73 85 2 0 20 0.00 M M 10.0 16 180 M M 2 21 150
8 101 74 88 5 0 23 0.00 M M 9.1 14 170 M M 1 18 210
9 101 78 90 7 0 25 0.00 M M 8.4 16 170 M M 1 21 180
10 104 78 91 8 0 26 0.00 M M 7.7 14 160 M M 0 8 16 180
11 103 80 92 9 0 27 0.00 M M 10.3 18 180 M M 0 23 180
12 106 79 93 10 0 28 0.00 M M 13.7 22 160 M M 0 33 190
13 107 79 93 10 0 28 0.00 M M 12.8 20 190 M M 0 25 190
14 105 78 92 9 0 27 0.00 M M 12.5 17 170 M M 0 25 170
15 104 78 91 8 0 26 0.00 M M 8.7 14 170 M M 0 22 170
16 100 80 90 7 0 25 0.00 M M 6.8 10 320 M M 0 18 90
17 108 76 92 8 0 27 0.00 M M 9.1 15 140 M M 0 21 140
18 108 78 93 9 0 28 0.00 M M 10.9 15 160 M M 0 24 160
19 106 79 93 9 0 28 0.00 M M 12.2 17 160 M M 0 24 180
20 105 78 92 8 0 27 0.00 M M 9.3 14 170 M M 0 20 180
21 103 76 90 6 0 25 0.00 M M 7.4 10 90 M M 0 17 110
22 101 78 90 6 0 25 0.00 M M 7.7 13 40 M M 0 22 99
23 100 72 86 2 0 21 0.00 M M 5.9 12 20 M M 0 16 99
24 103 69 86 2 0 21 0.00 M M 5.5 12 130 M M 0 17 120
25 103 76 90 6 0 25 0.00 M M 9.2 17 130 M M 0 21 130
26 103 78 91 7 0 26 0.00 M M 9.3 14 160 M M 0 22 160
27 101 76 89 5 0 24 0.00 M M 9.2 15 140 M M 1 21 130
28 101 76 89 5 0 24 0.00 M M 8.8 14 130 M M 0 20 130
29 102 75 89 5 0 24 0.00 M M 6.8 10 120 M M 0 M M
30 104 75 90 6 0 25 0.00 M M 5.6 10 100 M M 0 17 150
31 105 77 91 7 0 26 0.00 M M 6.0 13 120 M M 0 21 120
================================================================================
SM 3160 2366 0 757 0.21 M 268.5 M 14
================================================================================
AV101.9 76.3 8.7 FASTST M M 0 MAX(MPH)
MISC ----> 22 160 33 190
================================================================================
NOTES:
# LAST OF SEVERAL OCCURRENCES
COLUMN 17 PEAK WIND IN M.P.H.
PRELIMINARY LOCAL CLIMATOLOGICAL DATA (WS FORM: F-6) , PAGE 2
STATION: WACO MCGREGOR
MONTH: JULY
YEAR: 2023
LATITUDE: 31 28 N
LONGITUDE: 97 19 W
[TEMPERATURE DATA] [PRECIPITATION DATA] SYMBOLS USED IN COLUMN 16
AVERAGE MONTHLY: 89.1 TOTAL FOR MONTH: 0.21 1 = FOG OR MIST
DPTR FM NORMAL: 5.8 DPTR FM NORMAL: -1.78 2 = FOG REDUCING VISIBILITY
HIGHEST: 108 ON 18,17 GRTST 24HR 0.21 ON 1- 2 TO 1/4 MILE OR LESS
LOWEST: 69 ON 24 3 = THUNDER
SNOW, ICE PELLETS, HAIL 4 = ICE PELLETS
TOTAL MONTH: M 5 = HAIL
GRTST 24HR M ON M 6 = FREEZING RAIN OR DRIZZLE
GRTST DEPTH: M ON M 7 = DUSTSTORM OR SANDSTORM:
VSBY 1/2 MILE OR LESS
8 = SMOKE OR HAZE
[NO. OF DAYS WITH] [WEATHER - DAYS WITH] 9 = BLOWING SNOW
X = TORNADO
MAX 32 OR BELOW: 0 0.01 INCH OR MORE: 2
MAX 90 OR ABOVE: 31 0.10 INCH OR MORE: 1
MIN 32 OR BELOW: 0 0.50 INCH OR MORE: 0
MIN 0 OR BELOW: 0 1.00 INCH OR MORE: 0
[HDD (BASE 65) ]
TOTAL THIS MO. 0 CLEAR (SCALE 0-3) 31
DPTR FM NORMAL 0 PTCLDY (SCALE 4-7) 0
TOTAL FM JUL 1 0 CLOUDY (SCALE 8-10) 0
DPTR FM NORMAL 0
[CDD (BASE 65) ]
TOTAL THIS MO. 757
DPTR FM NORMAL 190 [PRESSURE DATA]
TOTAL FM JAN 1 1853 HIGHEST SLP 30.12 ON 25
DPTR FM NORMAL 494 LOWEST SLP 29.75 ON 13
[REMARKS]
#FINAL-07-23#