000
CXUS54 KFWD 010831
CF6PWG
PRELIMINARY LOCAL CLIMATOLOGICAL DATA (WS FORM: F-6)
STATION: WACO MCGREGOR
MONTH: NOVEMBER
YEAR: 2021
LATITUDE: 31 28 N
LONGITUDE: 97 19 W
TEMPERATURE IN F: :PCPN: SNOW: WIND :SUNSHINE: SKY :PK WND
================================================================================
1 2 3 4 5 6A 6B 7 8 9 10 11 12 13 14 15 16 17 18
12Z AVG MX 2MIN
DY MAX MIN AVG DEP HDD CDD WTR SNW DPTH SPD SPD DIR MIN PSBL S-S WX SPD DR
================================================================================
1 80 49 65 3 0 0 0.00 M M 6.1 14 180 M M 0 M M
2 67 56 62 0 3 0 0.00 M M 6.8 10 20 M M 7 31 10
3 56 47 52 -9 13 0 0.67 M M 11.2 18 70 M M 10 1 30 60
4 58 42 50 -11 15 0 0.00 M M 9.0 13 30 M M 5 20 30
5 62 36 49 -12 16 0 0.00 M M 2.0 7 60 M M 0 M M
6 69 38 54 -6 11 0 0.00 M M 2.3 7 180 M M 0 M M
7 73 42 58 -2 7 0 0.00 M M 6.7 12 150 M M 0 M M
8 76 50 63 3 2 0 0.00 M M 8.6 14 170 M M 3 12 M M
9 74 54 64 5 1 0 0.00 M M 7.4 13 170 M M 1 1 M M
10 80 60 70 11 0 5 0.00 M M 12.3 25 180 M M 8 1 32 170
11 71 45 58 0 7 0 M M M 9.0 16 20 M M 1 8 22 10
12 72 41 57 -1 8 0 0.00 M M 7.8 16 350 M M 0 25 10
13 69 35 52 -6 13 0 0.00 M M 3.8 10 190 M M 0 39 90
14 77 44 61 4 4 0 0.00 M M 4.7 9 190 M M 0 8 37 340
15 69 46 58 1 7 0 0.00 M M 2.4 9 190 M M 0 M M
16 80 64 72 16 0 7 0.00 M M 17.9 25 170 M M 3 33 170
17 83 58 71 15 0 6 0.00 M M 14.3 18 210 M M 3 28 190
18 65 43 54 -2 11 0 0.00 M M 14.0 20 10 M M 4 31 10
19 64 36 50 -5 15 0 0.00 M M 6.4 14 160 M M 0 23 99
20 75 43 59 4 6 0 0.00 M M 11.7 21 180 M M 1 32 210
21 76 54 65 11 0 0 0.00 M M 10.2 16 320 M M 7 24 320
22 68 39 54 0 11 0 0.00 M M 6.9 13 360 M M 0 M M
23 70 36 53 -1 12 0 0.00 M M 8.4 15 150 M M 0 30 160
24 57 52 55 2 10 0 0.00 M M 10.0 14 170 M M 2 M M
25 M M M M M M M M M M M M M M M M M
26 M M M M M M M M M M M M M M M M M
27 M M M M M M M M M M M M M M M M M
28 M M M M M M M M M M M M M M M M M
29 73 35 54 3 11 0 0.00 M M 8.3 10 170 M M 1 8 M M
30 75 43 59 8 6 0 0.00 M M 8.7 16 110 M M 0 55 130
================================================================================
SM 1839 1188 189 18 0.67 M 216.8 M 56
================================================================================
AV 70.7 45.7 8.3 FASTST M M 2 MAX(MPH)
MISC ----> # 25 180 55 130
================================================================================
NOTES:
# LAST OF SEVERAL OCCURRENCES
COLUMN 17 PEAK WIND IN M.P.H.
PRELIMINARY LOCAL CLIMATOLOGICAL DATA (WS FORM: F-6) , PAGE 2
STATION: WACO MCGREGOR
MONTH: NOVEMBER
YEAR: 2021
LATITUDE: 31 28 N
LONGITUDE: 97 19 W
[TEMPERATURE DATA] [PRECIPITATION DATA] SYMBOLS USED IN COLUMN 16
AVERAGE MONTHLY: 58.2 TOTAL FOR MONTH: 0.67 1 = FOG OR MIST
DPTR FM NORMAL: 1.6 DPTR FM NORMAL: -2.21 2 = FOG REDUCING VISIBILITY
HIGHEST: 83 ON 17 GRTST 24HR 0.67 ON 3- 3 TO 1/4 MILE OR LESS
LOWEST: 35 ON 29,13 3 = THUNDER
SNOW, ICE PELLETS, HAIL 4 = ICE PELLETS
TOTAL MONTH: M 5 = HAIL
GRTST 24HR M ON M 6 = FREEZING RAIN OR DRIZZLE
GRTST DEPTH: M ON M 7 = DUSTSTORM OR SANDSTORM:
VSBY 1/2 MILE OR LESS
8 = SMOKE OR HAZE
[NO. OF DAYS WITH] [WEATHER - DAYS WITH] 9 = BLOWING SNOW
X = TORNADO
MAX 32 OR BELOW: 0 0.01 INCH OR MORE: 1
MAX 90 OR ABOVE: 0 0.10 INCH OR MORE: 1
MIN 32 OR BELOW: 0 0.50 INCH OR MORE: 1
MIN 0 OR BELOW: 0 1.00 INCH OR MORE: 0
[HDD (BASE 65) ]
TOTAL THIS MO. 189 CLEAR (SCALE 0-3) 20
DPTR FM NORMAL -88 PTCLDY (SCALE 4-7) 5
TOTAL FM JUL 1 216 CLOUDY (SCALE 8-10) 5
DPTR FM NORMAL -139
[CDD (BASE 65) ]
TOTAL THIS MO. 18
DPTR FM NORMAL -7 [PRESSURE DATA]
TOTAL FM JAN 1 2684 HIGHEST SLP 30.48 ON 19
DPTR FM NORMAL 220 LOWEST SLP 29.79 ON 10
[REMARKS]
#FINAL-11-21#