000
CDUS41 KGYX 210820
CLIPWM


CLIMATE REPORT
NATIONAL WEATHER SERVICE GRAY ME
420 AM EDT SAT APR 21 2018


...................................

...THE PORTLAND ME CLIMATE SUMMARY FOR APRIL 20 2018...

CLIMATE NORMAL PERIOD 1981 TO 2010
CLIMATE RECORD PERIOD 1941 TO 2018


WEATHER ITEM   OBSERVED TIME   RECORD YEAR NORMAL DEPARTURE LAST
                VALUE   (LST)  VALUE       VALUE  FROM      YEAR
                                                  NORMAL
..................................................................
TEMPERATURE (F)
 YESTERDAY
  MAXIMUM         52    213 PM  85    2005  55     -3       54
  MINIMUM         35    507 AM  24    1960  36     -1       42
  AVERAGE         44                        46     -2       48

PRECIPITATION (IN)
  YESTERDAY        T             2.20 2015   0.14  -0.14     0.00
  MONTH TO DATE    3.87                      2.90   0.97     4.06
  SINCE MAR 1      7.07                      7.14  -0.07     7.56
  SINCE JAN 1     14.70                     13.77   0.93    15.76

SNOWFALL (IN)
  YESTERDAY       MM             3.2  1925   0.0   MM        0.0
  MONTH TO DATE    0.7                       2.5   -1.8      7.9
  SINCE MAR 1     33.7                      15.2   18.5     29.1
  SINCE JUL 1     91.9                      61.6   30.3     95.3
  SNOW DEPTH       0

DEGREE DAYS
 HEATING
  YESTERDAY       21                        19      2       17
  MONTH TO DATE  529                       454     75      385
  SINCE MAR 1   1485                      1430     55     1499
  SINCE JUL 1   6189                      6472   -283     5977

 COOLING
  YESTERDAY        0                         0      0        0
  MONTH TO DATE    0                         0      0        2
  SINCE MAR 1      0                         0      0        2
  SINCE JAN 1      0                         0      0        2
..................................................................


WIND (MPH)
  RESULTANT WIND SPEED  14   RESULTANT WIND DIRECTION  NW (310)
  HIGHEST WIND SPEED    29   HIGHEST WIND DIRECTION    NW (320)
  HIGHEST GUST SPEED    39   HIGHEST GUST DIRECTION     N (340)
  AVERAGE WIND SPEED    14.9


SKY COVER
  AVERAGE SKY COVER 0.6


WEATHER CONDITIONS
 THE FOLLOWING WEATHER WAS RECORDED YESTERDAY.
  LIGHT RAIN


RELATIVE HUMIDITY (PERCENT)
 HIGHEST    82           600 AM
 LOWEST     42           400 PM
 AVERAGE    62

..........................................................


THE PORTLAND ME CLIMATE NORMALS FOR TODAY
                         NORMAL    RECORD    YEAR
 MAXIMUM TEMPERATURE (F)   56        85      1957
 MINIMUM TEMPERATURE (F)   37        23      1962


SUNRISE AND SUNSET
APRIL 21 2018.........SUNRISE   549 AM EDT   SUNSET   732 PM EDT
APRIL 22 2018.........SUNRISE   547 AM EDT   SUNSET   733 PM EDT


-  INDICATES NEGATIVE NUMBERS.
R  INDICATES RECORD WAS SET OR TIED.
MM INDICATES DATA IS MISSING.
T  INDICATES TRACE AMOUNT.




$$
