000
CDUS41 KGYX 170808
CLIPWM


CLIMATE REPORT
NATIONAL WEATHER SERVICE GRAY ME
406 AM EDT TUE APR 17 2018


...................................

...THE PORTLAND ME CLIMATE SUMMARY FOR APRIL 16 2018...

CLIMATE NORMAL PERIOD 1981 TO 2010
CLIMATE RECORD PERIOD 1941 TO 2018


WEATHER ITEM   OBSERVED TIME   RECORD YEAR NORMAL DEPARTURE LAST
                VALUE   (LST)  VALUE       VALUE  FROM      YEAR
                                                  NORMAL
..................................................................
TEMPERATURE (F)
 YESTERDAY
  MAXIMUM         47   1159 PM  86    2017  54     -7       86
  MINIMUM         33   1216 AM  19    1943  35     -2       47
  AVERAGE         40                        44     -4       67

PRECIPITATION (IN)
  YESTERDAY        2.40          3.35 1996   0.14   2.26     0.03
  MONTH TO DATE    3.85                      2.35   1.50     3.90
  SINCE MAR 1      7.05                      6.59   0.46     7.40
  SINCE JAN 1     14.68                     13.22   1.46    15.60

SNOWFALL (IN)
  YESTERDAY        T             8.0  1904   0.0    0.0      0.0
  MONTH TO DATE    0.7                       2.2   -1.5      7.9
  SINCE MAR 1     33.7                      14.9   18.8     29.1
  SINCE JUL 1     91.9                      61.3   30.6     95.3
  SNOW DEPTH       T

DEGREE DAYS
 HEATING
  YESTERDAY       25                        21      4        0
  MONTH TO DATE  442                       375     67      309
  SINCE MAR 1   1398                      1351     47     1423
  SINCE JUL 1   6102                      6393   -291     5901

 COOLING
  YESTERDAY        0                         0      0        2
  MONTH TO DATE    0                         0      0        2
  SINCE MAR 1      0                         0      0        2
  SINCE JAN 1      0                         0      0        2
..................................................................


WIND (MPH)
  RESULTANT WIND SPEED  22   RESULTANT WIND DIRECTION   E (80)
  HIGHEST WIND SPEED    37   HIGHEST WIND DIRECTION     E (90)
  HIGHEST GUST SPEED    52   HIGHEST GUST DIRECTION    NE (60)
  AVERAGE WIND SPEED    22.6


SKY COVER
  AVERAGE SKY COVER 1.0


WEATHER CONDITIONS
 THE FOLLOWING WEATHER WAS RECORDED YESTERDAY.
  HEAVY RAIN
  RAIN
  LIGHT RAIN
  FREEZING RAIN
  LT FREEZING RAIN
  FOG
  HAZE


RELATIVE HUMIDITY (PERCENT)
 HIGHEST   100          1100 AM
 LOWEST     61          1200 AM
 AVERAGE    81

..........................................................


THE PORTLAND ME CLIMATE NORMALS FOR TODAY
                         NORMAL    RECORD    YEAR
 MAXIMUM TEMPERATURE (F)   54        83      2012
 MINIMUM TEMPERATURE (F)   35        22      2014


SUNRISE AND SUNSET
APRIL 17 2018.........SUNRISE   555 AM EDT   SUNSET   727 PM EDT
APRIL 18 2018.........SUNRISE   554 AM EDT   SUNSET   728 PM EDT


-  INDICATES NEGATIVE NUMBERS.
R  INDICATES RECORD WAS SET OR TIED.
MM INDICATES DATA IS MISSING.
T  INDICATES TRACE AMOUNT.




$$
