000
CDUS41 KGYX 152052
CLIPWM


CLIMATE REPORT
NATIONAL WEATHER SERVICE GRAY ME
452 PM EDT SUN APR 15 2018


...................................

...THE PORTLAND ME CLIMATE SUMMARY FOR APRIL 15 2018...
VALID TODAY AS OF 0400 PM LOCAL TIME.

CLIMATE NORMAL PERIOD 1981 TO 2010
CLIMATE RECORD PERIOD 1941 TO 2018


WEATHER ITEM   OBSERVED TIME   RECORD YEAR NORMAL DEPARTURE LAST
                VALUE   (LST)  VALUE       VALUE  FROM      YEAR
                                                  NORMAL
..................................................................
TEMPERATURE (F)
 TODAY
  MAXIMUM         32    155 AM  83    2003  53    -21       63
  MINIMUM         27   1054 AM  20    1957  35     -8       30
  AVERAGE         30                        44    -14       47

PRECIPITATION (IN)
  TODAY            0.09          1.55 1895   0.15  -0.06      T
  MONTH TO DATE    1.44                      2.21  -0.77     3.87
  SINCE MAR 1      4.64                      6.45  -1.81     7.37
  SINCE JAN 1     12.27                     13.08  -0.81    15.57

SNOWFALL (IN)
  TODAY            0.1           2.5  1893   0.1    0.0      0.0
  MONTH TO DATE    0.7                       2.2   -1.5      7.9
  SINCE MAR 1     33.7                      14.9   18.8     29.1
  SINCE JUL 1     91.9                      61.3   30.6     95.3
  SNOW DEPTH       T

DEGREE DAYS
 HEATING
  TODAY           35                        21     14       18
  MONTH TO DATE  417                       354     63      309
  SINCE MAR 1   1373                      1330     43     1423
  SINCE JUL 1   6077                      6372   -295     5901

 COOLING
  TODAY            0                         0      0        0
  MONTH TO DATE    0                         0      0        0
  SINCE MAR 1      0                         0      0        0
  SINCE JAN 1      0                         0      0        0
..................................................................


WIND (MPH)
  HIGHEST WIND SPEED    18   HIGHEST WIND DIRECTION    NE (30)
  HIGHEST GUST SPEED    31   HIGHEST GUST DIRECTION    NE (30)
  AVERAGE WIND SPEED    10.9


SKY COVER
  POSSIBLE SUNSHINE  MM
  AVERAGE SKY COVER 1.0


WEATHER CONDITIONS
 THE FOLLOWING WEATHER WAS RECORDED TODAY.
  LT FREEZING RAIN
  SLEET
  FOG


RELATIVE HUMIDITY (PERCENT)
 HIGHEST    85           500 AM
 LOWEST     54          1200 AM
 AVERAGE    70

..........................................................


THE PORTLAND ME CLIMATE NORMALS FOR TOMORROW
                         NORMAL    RECORD    YEAR
 MAXIMUM TEMPERATURE (F)   54        86      2017
 MINIMUM TEMPERATURE (F)   35        19      1943


SUNRISE AND SUNSET
APRIL 15 2018.........SUNRISE   559 AM EDT   SUNSET   725 PM EDT
APRIL 16 2018.........SUNRISE   557 AM EDT   SUNSET   726 PM EDT


-  INDICATES NEGATIVE NUMBERS.
R  INDICATES RECORD WAS SET OR TIED.
MM INDICATES DATA IS MISSING.
T  INDICATES TRACE AMOUNT.




$$
