000
CDUS41 KGYX 090847
CLIPWM


CLIMATE REPORT
NATIONAL WEATHER SERVICE GRAY ME
446 AM EDT MON APR 9 2018


...................................

...THE PORTLAND ME CLIMATE SUMMARY FOR APRIL 8 2018...

CLIMATE NORMAL PERIOD 1981 TO 2010
CLIMATE RECORD PERIOD 1941 TO 2018


WEATHER ITEM   OBSERVED TIME   RECORD YEAR NORMAL DEPARTURE LAST
                VALUE   (LST)  VALUE       VALUE  FROM      YEAR
                                                  NORMAL
..................................................................
TEMPERATURE (F)
 YESTERDAY
  MAXIMUM         44    329 PM  67    1999  50     -6       49
  MINIMUM         26    315 AM  19    1982  32     -6       37
  AVERAGE         35                        41     -6       43

PRECIPITATION (IN)
  YESTERDAY        0.00          1.09 1899   0.15  -0.15     0.00
  MONTH TO DATE    1.12                      1.17  -0.05     3.67
  SINCE MAR 1      4.32                      5.41  -1.09     7.17
  SINCE JAN 1     11.95                     12.04  -0.09    15.37

SNOWFALL (IN)
  YESTERDAY        0.0           5.4  1894   0.2   -0.2      0.0
  MONTH TO DATE    0.6                       1.4   -0.8      7.9
  SINCE MAR 1     33.6                      14.1   19.5     29.1
  SINCE JUL 1     91.8                      60.5   31.3     95.3
  SNOW DEPTH       0

DEGREE DAYS
 HEATING
  YESTERDAY       30                        24      6       22
  MONTH TO DATE  227                       199     28      200
  SINCE MAR 1   1183                      1175      8     1314
  SINCE JUL 1   5887                      6217   -330     5792

 COOLING
  YESTERDAY        0                         0      0        0
  MONTH TO DATE    0                         0      0        0
  SINCE MAR 1      0                         0      0        0
  SINCE JAN 1      0                         0      0        0
..................................................................


WIND (MPH)
  RESULTANT WIND SPEED   5   RESULTANT WIND DIRECTION   N (10)
  HIGHEST WIND SPEED    20   HIGHEST WIND DIRECTION    NW (330)
  HIGHEST GUST SPEED    29   HIGHEST GUST DIRECTION    NW (330)
  AVERAGE WIND SPEED     9.0


SKY COVER
  AVERAGE SKY COVER 0.5


WEATHER CONDITIONS
 THE FOLLOWING WEATHER WAS RECORDED YESTERDAY.
  NO SIGNIFICANT WEATHER WAS OBSERVED.


RELATIVE HUMIDITY (PERCENT)
 HIGHEST    75           400 AM
 LOWEST     29           400 PM
 AVERAGE    52

..........................................................


THE PORTLAND ME CLIMATE NORMALS FOR TODAY
                         NORMAL    RECORD    YEAR
 MAXIMUM TEMPERATURE (F)   51        64      1945
 MINIMUM TEMPERATURE (F)   33        18      1977


SUNRISE AND SUNSET
APRIL  9 2018.........SUNRISE   609 AM EDT   SUNSET   718 PM EDT
APRIL 10 2018.........SUNRISE   607 AM EDT   SUNSET   719 PM EDT


-  INDICATES NEGATIVE NUMBERS.
R  INDICATES RECORD WAS SET OR TIED.
MM INDICATES DATA IS MISSING.
T  INDICATES TRACE AMOUNT.




$$
