343
CDUS41 KGYX 192041
CLIPWM


CLIMATE REPORT
NATIONAL WEATHER SERVICE GRAY ME
441 PM EDT SAT MAY 19 2018


...................................

...THE PORTLAND ME CLIMATE SUMMARY FOR MAY 19 2018...
VALID TODAY AS OF 0400 PM LOCAL TIME.

CLIMATE NORMAL PERIOD 1981 TO 2010
CLIMATE RECORD PERIOD 1941 TO 2018


WEATHER ITEM   OBSERVED TIME   RECORD YEAR NORMAL DEPARTURE LAST
                VALUE   (LST)  VALUE       VALUE  FROM      YEAR
                                                  NORMAL
..................................................................
TEMPERATURE (F)
 TODAY
  MAXIMUM         57   1143 AM  86    1949  64     -7       85
  MINIMUM         37    505 AM  28    1951  45     -8       53
  AVERAGE         47                        55     -8       69

PRECIPITATION (IN)
  TODAY            T             1.50 1901   0.13  -0.13     0.00
  MONTH TO DATE    0.45                      2.45  -2.00     2.10
  SINCE MAR 1      9.48                     11.01  -1.53    12.00
  SINCE JAN 1     17.11                     17.64  -0.53    20.20

SNOWFALL (IN)
  TODAY            0.0           0.0  2002   0.0    0.0      0.0
                                      2001
                                      2000
  MONTH TO DATE    0.0                       0.1   -0.1      0.0
  SINCE MAR 1     33.7                      15.6   18.1     29.1
  SINCE JUL 1     91.9                      62.0   29.9     95.3
  SNOW DEPTH       0

DEGREE DAYS
 HEATING
  TODAY           18                        11      7        0
  MONTH TO DATE  195                       249    -54      251
  SINCE MAR 1   1841                      1855    -14     1909
  SINCE JUL 1   6545                      6897   -352     6387

 COOLING
  TODAY            0                         0      0        4
  MONTH TO DATE    5                         0      5       15
  SINCE MAR 1      5                         0      5       17
  SINCE JAN 1      5                         0      5       17
..................................................................


WIND (MPH)
  HIGHEST WIND SPEED    14   HIGHEST WIND DIRECTION     E (90)
  HIGHEST GUST SPEED    21   HIGHEST GUST DIRECTION    SE (130)
  AVERAGE WIND SPEED     5.6


SKY COVER
  POSSIBLE SUNSHINE  MM
  AVERAGE SKY COVER 0.4


WEATHER CONDITIONS
 THE FOLLOWING WEATHER WAS RECORDED TODAY.
  LIGHT RAIN


RELATIVE HUMIDITY (PERCENT)
 HIGHEST    85           300 AM
 LOWEST     47           900 AM
 AVERAGE    66

..........................................................


THE PORTLAND ME CLIMATE NORMALS FOR TOMORROW
                         NORMAL    RECORD    YEAR
 MAXIMUM TEMPERATURE (F)   65        86      1959
 MINIMUM TEMPERATURE (F)   45        32      2002
                                             1955


SUNRISE AND SUNSET
MAY 19 2018...........SUNRISE   512 AM EDT   SUNSET   804 PM EDT
MAY 20 2018...........SUNRISE   511 AM EDT   SUNSET   805 PM EDT


-  INDICATES NEGATIVE NUMBERS.
R  INDICATES RECORD WAS SET OR TIED.
MM INDICATES DATA IS MISSING.
T  INDICATES TRACE AMOUNT.




$$
