000
CDUS41 KGYX 110805
CLIPWM


CLIMATE REPORT
NATIONAL WEATHER SERVICE GRAY ME
405 AM EDT WED APR 11 2018


...................................

...THE PORTLAND ME CLIMATE SUMMARY FOR APRIL 10 2018...

CLIMATE NORMAL PERIOD 1981 TO 2010
CLIMATE RECORD PERIOD 1941 TO 2018


WEATHER ITEM   OBSERVED TIME   RECORD YEAR NORMAL DEPARTURE LAST
                VALUE   (LST)  VALUE       VALUE  FROM      YEAR
                                                  NORMAL
..................................................................
TEMPERATURE (F)
 YESTERDAY
  MAXIMUM         40    308 PM  73    1955  51    -11       66
  MINIMUM         27   1155 PM  17    1977  33     -6       33
  AVERAGE         34                        42     -8       50

PRECIPITATION (IN)
  YESTERDAY        0.00          2.88 1980   0.15  -0.15     0.00
  MONTH TO DATE    1.12                      1.47  -0.35     3.67
  SINCE MAR 1      4.32                      5.71  -1.39     7.17
  SINCE JAN 1     11.95                     12.34  -0.39    15.37

SNOWFALL (IN)
  YESTERDAY        0.0          15.0  1906   0.1   -0.1      0.0
  MONTH TO DATE    0.6                       1.6   -1.0      7.9
  SINCE MAR 1     33.6                      14.3   19.3     29.1
  SINCE JUL 1     91.8                      60.7   31.1     95.3
  SNOW DEPTH       0

DEGREE DAYS
 HEATING
  YESTERDAY       31                        23      8       15
  MONTH TO DATE  288                       245     43      236
  SINCE MAR 1   1244                      1221     23     1350
  SINCE JUL 1   5948                      6263   -315     5828

 COOLING
  YESTERDAY        0                         0      0        0
  MONTH TO DATE    0                         0      0        0
  SINCE MAR 1      0                         0      0        0
  SINCE JAN 1      0                         0      0        0
..................................................................


WIND (MPH)
  RESULTANT WIND SPEED  10   RESULTANT WIND DIRECTION   E (80)
  HIGHEST WIND SPEED    16   HIGHEST WIND DIRECTION     E (80)
  HIGHEST GUST SPEED    20   HIGHEST GUST DIRECTION     E (90)
  AVERAGE WIND SPEED     9.6


SKY COVER
  AVERAGE SKY COVER 0.5


WEATHER CONDITIONS
 THE FOLLOWING WEATHER WAS RECORDED YESTERDAY.
  NO SIGNIFICANT WEATHER WAS OBSERVED.


RELATIVE HUMIDITY (PERCENT)
 HIGHEST    92          1000 PM
 LOWEST     47           100 AM
 AVERAGE    70

..........................................................


THE PORTLAND ME CLIMATE NORMALS FOR TODAY
                         NORMAL    RECORD    YEAR
 MAXIMUM TEMPERATURE (F)   52        77      1947
 MINIMUM TEMPERATURE (F)   33        17      1948


SUNRISE AND SUNSET
APRIL 11 2018.........SUNRISE   605 AM EDT   SUNSET   720 PM EDT
APRIL 12 2018.........SUNRISE   604 AM EDT   SUNSET   721 PM EDT


-  INDICATES NEGATIVE NUMBERS.
R  INDICATES RECORD WAS SET OR TIED.
MM INDICATES DATA IS MISSING.
T  INDICATES TRACE AMOUNT.




$$
