000
CDUS41 KGYX 100805
CLIPWM


CLIMATE REPORT
NATIONAL WEATHER SERVICE GRAY ME
405 AM EDT SUN JUN 10 2018


...................................

...THE PORTLAND ME CLIMATE SUMMARY FOR JUNE 9 2018...

CLIMATE NORMAL PERIOD 1981 TO 2010
CLIMATE RECORD PERIOD 1941 TO 2018


WEATHER ITEM   OBSERVED TIME   RECORD YEAR NORMAL DEPARTURE LAST
                VALUE   (LST)  VALUE       VALUE  FROM      YEAR
                                                  NORMAL
..................................................................
TEMPERATURE (F)
 YESTERDAY
  MAXIMUM         78    252 PM  95    1984  71      7       74
  MINIMUM         46    418 AM  37    1957  52     -6       51
  AVERAGE         62                        62      0       63

PRECIPITATION (IN)
  YESTERDAY        0.00          2.16 1916   0.14  -0.14      T
  MONTH TO DATE    0.45                      1.26  -0.81     1.05
  SINCE JUN 1      0.45                      1.26  -0.81     1.05
  SINCE JAN 1     17.90                     20.46  -2.56    25.09

SNOWFALL (IN)
  YESTERDAY        0.0           0.0  2002   0.0    0.0      0.0
                                      2001
                                      2000
  MONTH TO DATE    0.0                       0.0    0.0      0.0
  SINCE JUN 1      0.0                       0.0    0.0      0.0
  SINCE JUL 1     91.9                      61.9   30.0     95.3
  SNOW DEPTH       0

DEGREE DAYS
 HEATING
  YESTERDAY        3                         5     -2        2
  MONTH TO DATE   61                        51     10       65
  SINCE JUN 1     61                        51     10       65
  SINCE JUL 1   6659                      7052   -393     6585

 COOLING
  YESTERDAY        0                         1     -1        0
  MONTH TO DATE   10                         9      1        0
  SINCE JUN 1     10                         9      1        0
  SINCE JAN 1     25                        16      9       17
..................................................................


WIND (MPH)
  RESULTANT WIND SPEED   6   RESULTANT WIND DIRECTION  NW (310)
  HIGHEST WIND SPEED    18   HIGHEST WIND DIRECTION    NW (320)
  HIGHEST GUST SPEED    25   HIGHEST GUST DIRECTION    NW (320)
  AVERAGE WIND SPEED     7.1


SKY COVER
  AVERAGE SKY COVER 0.4


WEATHER CONDITIONS
 THE FOLLOWING WEATHER WAS RECORDED YESTERDAY.
  NO SIGNIFICANT WEATHER WAS OBSERVED.


RELATIVE HUMIDITY (PERCENT)
 HIGHEST    93           200 AM
 LOWEST     30           300 PM
 AVERAGE    62

..........................................................


THE PORTLAND ME CLIMATE NORMALS FOR TODAY
                         NORMAL    RECORD    YEAR
 MAXIMUM TEMPERATURE (F)   72        92      1959
 MINIMUM TEMPERATURE (F)   52        38      1975


SUNRISE AND SUNSET
JUNE 10 2018..........SUNRISE   500 AM EDT   SUNSET   822 PM EDT
JUNE 11 2018..........SUNRISE   459 AM EDT   SUNSET   823 PM EDT


-  INDICATES NEGATIVE NUMBERS.
R  INDICATES RECORD WAS SET OR TIED.
MM INDICATES DATA IS MISSING.
T  INDICATES TRACE AMOUNT.




$$
