000
CDUS41 KGYX 060834
CLIPWM


CLIMATE REPORT
NATIONAL WEATHER SERVICE GRAY ME
434 AM EDT FRI APR 6 2018


...................................

...THE PORTLAND ME CLIMATE SUMMARY FOR APRIL 5 2018...

CLIMATE NORMAL PERIOD 1981 TO 2010
CLIMATE RECORD PERIOD 1941 TO 2018


WEATHER ITEM   OBSERVED TIME   RECORD YEAR NORMAL DEPARTURE LAST
                VALUE   (LST)  VALUE       VALUE  FROM      YEAR
                                                  NORMAL
..................................................................
TEMPERATURE (F)
 YESTERDAY
  MAXIMUM         40    304 PM  70    1991  49     -9       43
  MINIMUM         26   1152 PM  11    1954  31     -5       34
  AVERAGE         33                        40     -7       39

PRECIPITATION (IN)
  YESTERDAY        0.00          1.36 1984   0.15  -0.15     0.01
                                      1987
  MONTH TO DATE    0.92                      0.74   0.18     1.84
  SINCE MAR 1      4.12                      4.98  -0.86     5.34
  SINCE JAN 1     11.75                     11.61   0.14    13.54

SNOWFALL (IN)
  YESTERDAY        0.0           5.6  2007   0.1   -0.1       T
  MONTH TO DATE    0.1                       0.9   -0.8      7.9
  SINCE MAR 1     33.1                      13.6   19.5     29.1
  SINCE JUL 1     91.3                      60.0   31.3     95.3
  SNOW DEPTH       0

DEGREE DAYS
 HEATING
  YESTERDAY       32                        25      7       26
  MONTH TO DATE  137                       127     10      135
  SINCE MAR 1   1093                      1103    -10     1249
  SINCE JUL 1   5797                      6145   -348     5727

 COOLING
  YESTERDAY        0                         0      0        0
  MONTH TO DATE    0                         0      0        0
  SINCE MAR 1      0                         0      0        0
  SINCE JAN 1      0                         0      0        0
..................................................................


WIND (MPH)
  RESULTANT WIND SPEED  16   RESULTANT WIND DIRECTION   W (290)
  HIGHEST WIND SPEED    30   HIGHEST WIND DIRECTION     W (290)
  HIGHEST GUST SPEED    45   HIGHEST GUST DIRECTION     W (290)
  AVERAGE WIND SPEED    16.1


SKY COVER
  AVERAGE SKY COVER 0.1


WEATHER CONDITIONS
 THE FOLLOWING WEATHER WAS RECORDED YESTERDAY.
  NO SIGNIFICANT WEATHER WAS OBSERVED.


RELATIVE HUMIDITY (PERCENT)
 HIGHEST    52          1200 AM
 LOWEST     22           400 PM
 AVERAGE    37

..........................................................


THE PORTLAND ME CLIMATE NORMALS FOR TODAY
                         NORMAL    RECORD    YEAR
 MAXIMUM TEMPERATURE (F)   50        76      1991
 MINIMUM TEMPERATURE (F)   32        15      1995


SUNRISE AND SUNSET
APRIL  6 2018.........SUNRISE   614 AM EDT   SUNSET   714 PM EDT
APRIL  7 2018.........SUNRISE   612 AM EDT   SUNSET   715 PM EDT


-  INDICATES NEGATIVE NUMBERS.
R  INDICATES RECORD WAS SET OR TIED.
MM INDICATES DATA IS MISSING.
T  INDICATES TRACE AMOUNT.




$$
