000
CDUS41 KGYX 030820
CLIPWM


CLIMATE REPORT
NATIONAL WEATHER SERVICE GRAY ME
420 AM EDT THU MAY 3 2018


...................................

...THE PORTLAND ME CLIMATE SUMMARY FOR MAY 2 2018...

CLIMATE NORMAL PERIOD 1981 TO 2010
CLIMATE RECORD PERIOD 1941 TO 2018


WEATHER ITEM   OBSERVED TIME   RECORD YEAR NORMAL DEPARTURE LAST
                VALUE   (LST)  VALUE       VALUE  FROM      YEAR
                                                  NORMAL
..................................................................
TEMPERATURE (F)
 YESTERDAY
  MAXIMUM         90    417 PM  91    2001  59     31       57
  MINIMUM         49    501 AM  25    1964  40      9       42
  AVERAGE         70                        50     20       50

PRECIPITATION (IN)
  YESTERDAY        0.00          3.41 2006   0.13  -0.13     0.33
  MONTH TO DATE    0.00                      0.27  -0.27     0.46
  SINCE MAR 1      9.03                      8.83   0.20    10.36
  SINCE JAN 1     16.66                     15.46   1.20    18.56

SNOWFALL (IN)
  YESTERDAY        0.0           T    1961   0.0    0.0      0.0
  MONTH TO DATE    0.0                       0.0    0.0      0.0
  SINCE MAR 1     33.7                      15.5   18.2     29.1
  SINCE JUL 1     91.9                      61.9   30.0     95.3
  SNOW DEPTH       0

DEGREE DAYS
 HEATING
  YESTERDAY        0                        15    -15       15
  MONTH TO DATE   18                        31    -13       37
  SINCE MAR 1   1664                      1637     27     1695
  SINCE JUL 1   6368                      6679   -311     6173

 COOLING
  YESTERDAY        5                         0      5        0
  MONTH TO DATE    5                         0      5        0
  SINCE MAR 1      5                         0      5        2
  SINCE JAN 1      5                         0      5        2
..................................................................


WIND (MPH)
  RESULTANT WIND SPEED   7   RESULTANT WIND DIRECTION   W (250)
  HIGHEST WIND SPEED    22   HIGHEST WIND DIRECTION     W (270)
  HIGHEST GUST SPEED    35   HIGHEST GUST DIRECTION     W (280)
  AVERAGE WIND SPEED     8.3


SKY COVER
  AVERAGE SKY COVER 0.4


WEATHER CONDITIONS
 THE FOLLOWING WEATHER WAS RECORDED YESTERDAY.
  NO SIGNIFICANT WEATHER WAS OBSERVED.


RELATIVE HUMIDITY (PERCENT)
 HIGHEST    80           500 AM
 LOWEST     16           600 PM
 AVERAGE    48

..........................................................


THE PORTLAND ME CLIMATE NORMALS FOR TODAY
                         NORMAL    RECORD    YEAR
 MAXIMUM TEMPERATURE (F)   60        92      2001
 MINIMUM TEMPERATURE (F)   40        24      1966


SUNRISE AND SUNSET
MAY  3 2018...........SUNRISE   531 AM EDT   SUNSET   746 PM EDT
MAY  4 2018...........SUNRISE   530 AM EDT   SUNSET   747 PM EDT


-  INDICATES NEGATIVE NUMBERS.
R  INDICATES RECORD WAS SET OR TIED.
MM INDICATES DATA IS MISSING.
T  INDICATES TRACE AMOUNT.




$$
