000
CDUS41 KGYX 020846
CLIPWM


CLIMATE REPORT
NATIONAL WEATHER SERVICE GRAY ME
446 AM EDT MON APR 2 2018


...................................

...THE PORTLAND ME CLIMATE SUMMARY FOR APRIL 1 2018...

CLIMATE NORMAL PERIOD 1981 TO 2010
CLIMATE RECORD PERIOD 1941 TO 2018


WEATHER ITEM   OBSERVED TIME   RECORD YEAR NORMAL DEPARTURE LAST
                VALUE   (LST)  VALUE       VALUE  FROM      YEAR
                                                  NORMAL
..................................................................
TEMPERATURE (F)
 YESTERDAY
  MAXIMUM         57    203 PM  69    1945  48      9       34
  MINIMUM         31   1159 PM   9    1964  30      1       32
  AVERAGE         44                        39      5       33

PRECIPITATION (IN)
  YESTERDAY        0.00          3.30 1922   0.14  -0.14     1.11
  MONTH TO DATE    0.00                      0.14  -0.14     1.11
  SINCE MAR 1      3.20                      4.38  -1.18     4.61
  SINCE JAN 1     10.83                     11.01  -0.18    12.81

SNOWFALL (IN)
  YESTERDAY        0.0          11.1  1922   0.2   -0.2      7.9
  MONTH TO DATE    0.0                       0.2   -0.2      7.9
  SINCE MAR 1     33.0                      12.9   20.1     29.1
  SINCE JUL 1     91.2                      59.3   31.9     95.3
  SNOW DEPTH       0

DEGREE DAYS
 HEATING
  YESTERDAY       21                        26     -5       32
  MONTH TO DATE   21                        26     -5       32
  SINCE MAR 1    977                      1002    -25     1146
  SINCE JUL 1   5681                      6044   -363     5624

 COOLING
  YESTERDAY        0                         0      0        0
  MONTH TO DATE    0                         0      0        0
  SINCE MAR 1      0                         0      0        0
  SINCE JAN 1      0                         0      0        0
..................................................................


WIND (MPH)
  RESULTANT WIND SPEED   8   RESULTANT WIND DIRECTION  SW (240)
  HIGHEST WIND SPEED    31   HIGHEST WIND DIRECTION     W (290)
  HIGHEST GUST SPEED    37   HIGHEST GUST DIRECTION    NW (300)
  AVERAGE WIND SPEED    13.2


SKY COVER
  AVERAGE SKY COVER 0.6


WEATHER CONDITIONS
 THE FOLLOWING WEATHER WAS RECORDED YESTERDAY.
  NO SIGNIFICANT WEATHER WAS OBSERVED.


RELATIVE HUMIDITY (PERCENT)
 HIGHEST    65           200 AM
 LOWEST     22           300 PM
 AVERAGE    44

..........................................................


THE PORTLAND ME CLIMATE NORMALS FOR TODAY
                         NORMAL    RECORD    YEAR
 MAXIMUM TEMPERATURE (F)   48        70      1967
 MINIMUM TEMPERATURE (F)   30        13      1964


SUNRISE AND SUNSET
APRIL  2 2018.........SUNRISE   621 AM EDT   SUNSET   709 PM EDT
APRIL  3 2018.........SUNRISE   619 AM EDT   SUNSET   710 PM EDT


-  INDICATES NEGATIVE NUMBERS.
R  INDICATES RECORD WAS SET OR TIED.
MM INDICATES DATA IS MISSING.
T  INDICATES TRACE AMOUNT.




$$
