000
CDUS41 KGYX 132041
CLIPWM


CLIMATE REPORT
NATIONAL WEATHER SERVICE GRAY ME
441 PM EDT FRI APR 13 2018


...................................

...THE PORTLAND ME CLIMATE SUMMARY FOR APRIL 13 2018...
VALID TODAY AS OF 0400 PM LOCAL TIME.

CLIMATE NORMAL PERIOD 1981 TO 2010
CLIMATE RECORD PERIOD 1941 TO 2018


WEATHER ITEM   OBSERVED TIME   RECORD YEAR NORMAL DEPARTURE LAST
                VALUE   (LST)  VALUE       VALUE  FROM      YEAR
                                                  NORMAL
..................................................................
TEMPERATURE (F)
 TODAY
  MAXIMUM         62   1119 AM  74    1968  52     10       60
  MINIMUM         42    553 AM  21    1976  34      8       34
  AVERAGE         52                        43      9       47

PRECIPITATION (IN)
  TODAY            0.05          2.32 1933   0.15  -0.10     0.00
  MONTH TO DATE    1.35                      1.92  -0.57     3.87
  SINCE MAR 1      4.55                      6.16  -1.61     7.37
  SINCE JAN 1     12.18                     12.79  -0.61    15.57

SNOWFALL (IN)
  TODAY            0.0          11.4  1933   0.2   -0.2      0.0
  MONTH TO DATE    0.6                       2.0   -1.4      7.9
  SINCE MAR 1     33.6                      14.7   18.9     29.1
  SINCE JUL 1     91.8                      61.1   30.7     95.3
  SNOW DEPTH       0

DEGREE DAYS
 HEATING
  TODAY           13                        22     -9       18
  MONTH TO DATE  357                       312     45      273
  SINCE MAR 1   1313                      1288     25     1387
  SINCE JUL 1   6017                      6330   -313     5865

 COOLING
  TODAY            0                         0      0        0
  MONTH TO DATE    0                         0      0        0
  SINCE MAR 1      0                         0      0        0
  SINCE JAN 1      0                         0      0        0
..................................................................


WIND (MPH)
  HIGHEST WIND SPEED    20   HIGHEST WIND DIRECTION     E (90)
  HIGHEST GUST SPEED    30   HIGHEST GUST DIRECTION     S (180)
  AVERAGE WIND SPEED     7.2


SKY COVER
  POSSIBLE SUNSHINE  MM
  AVERAGE SKY COVER 0.4


WEATHER CONDITIONS
 THE FOLLOWING WEATHER WAS RECORDED TODAY.
  RAIN
  FOG


RELATIVE HUMIDITY (PERCENT)
 HIGHEST   100           200 AM
 LOWEST     55          1100 AM
 AVERAGE    78

..........................................................


THE PORTLAND ME CLIMATE NORMALS FOR TOMORROW
                         NORMAL    RECORD    YEAR
 MAXIMUM TEMPERATURE (F)   53        77      1941
 MINIMUM TEMPERATURE (F)   34        21      1992


SUNRISE AND SUNSET
APRIL 13 2018.........SUNRISE   602 AM EDT   SUNSET   722 PM EDT
APRIL 14 2018.........SUNRISE   600 AM EDT   SUNSET   724 PM EDT


-  INDICATES NEGATIVE NUMBERS.
R  INDICATES RECORD WAS SET OR TIED.
MM INDICATES DATA IS MISSING.
T  INDICATES TRACE AMOUNT.




$$
