000
CDUS41 KGYX 191140
CLIPWM


CLIMATE REPORT
NATIONAL WEATHER SERVICE GRAY ME
740 AM EDT THU APR 19 2018


...................................

...THE PORTLAND ME CLIMATE SUMMARY FOR APRIL 18 2018...

CLIMATE NORMAL PERIOD 1981 TO 2010
CLIMATE RECORD PERIOD 1941 TO 2018


WEATHER ITEM   OBSERVED TIME   RECORD YEAR NORMAL DEPARTURE LAST
                VALUE   (LST)  VALUE       VALUE  FROM      YEAR
                                                  NORMAL
..................................................................
TEMPERATURE (F)
 YESTERDAY
  MAXIMUM         53    217 PM  76    1964  54     -1       49
  MINIMUM         34    520 AM  21    1962  36     -2       32
                                      2003
  AVERAGE         44                        45     -1       41

PRECIPITATION (IN)
  YESTERDAY        0.00          2.69 1997   0.14  -0.14     0.00
  MONTH TO DATE    3.85                      2.63   1.22     3.90
  SINCE MAR 1      7.05                      6.87   0.18     7.40
  SINCE JAN 1     14.68                     13.50   1.18    15.60

SNOWFALL (IN)
  YESTERDAY        0.0           5.8  1967   0.1   -0.1      0.0
  MONTH TO DATE    0.7                       2.4   -1.7      7.9
  SINCE MAR 1     33.7                      15.1   18.6     29.1
  SINCE JUL 1     91.9                      61.5   30.4     95.3
  SNOW DEPTH       0

DEGREE DAYS
 HEATING
  YESTERDAY       21                        20      1       24
  MONTH TO DATE  486                       415     71      341
  SINCE MAR 1   1442                      1391     51     1455
  SINCE JUL 1   6146                      6433   -287     5933

 COOLING
  YESTERDAY        0                         0      0        0
  MONTH TO DATE    0                         0      0        2
  SINCE MAR 1      0                         0      0        2
  SINCE JAN 1      0                         0      0        2
..................................................................


WIND (MPH)
  RESULTANT WIND SPEED   9   RESULTANT WIND DIRECTION   W (260)
  HIGHEST WIND SPEED    24   HIGHEST WIND DIRECTION     W (290)
  HIGHEST GUST SPEED    33   HIGHEST GUST DIRECTION     W (290)
  AVERAGE WIND SPEED    11.2


SKY COVER
  AVERAGE SKY COVER 0.7


WEATHER CONDITIONS
 THE FOLLOWING WEATHER WAS RECORDED YESTERDAY.
  NO SIGNIFICANT WEATHER WAS OBSERVED.


RELATIVE HUMIDITY (PERCENT)
 HIGHEST    64          1200 AM
 LOWEST     44           200 PM
 AVERAGE    54

..........................................................


THE PORTLAND ME CLIMATE NORMALS FOR TODAY
                         NORMAL    RECORD    YEAR
 MAXIMUM TEMPERATURE (F)   55        75      1973
 MINIMUM TEMPERATURE (F)   36        24      1962


SUNRISE AND SUNSET
APRIL 19 2018.........SUNRISE   552 AM EDT   SUNSET   729 PM EDT
APRIL 20 2018.........SUNRISE   550 AM EDT   SUNSET   731 PM EDT


-  INDICATES NEGATIVE NUMBERS.
R  INDICATES RECORD WAS SET OR TIED.
MM INDICATES DATA IS MISSING.
T  INDICATES TRACE AMOUNT.




$$
