000
CXUS56 KSGX 011012
CLMRAL
CLIMATE REPORT
NATIONAL WEATHER SERVICE SAN DIEGO, CA
312 AM PDT MON APR 01 2024
...................................
...THE RIVERSIDE MUNI AIRPORT CA CLIMATE SUMMARY FOR THE MONTH OF MARCH 2024...
CLIMATE NORMAL PERIOD: 1991 TO 2020
CLIMATE RECORD PERIOD: 1893 TO 2024
WEATHER OBSERVED NORMAL DEPART LAST YEAR`S
VALUE DATE(S) VALUE FROM VALUE DATE(S)
NORMAL
................................................................
TEMPERATURE (F)
RECORD
HIGH 102 03/10/1916
LOW 25 03/13/1954
03/02/1903
HIGHEST 77 03/18 71 6 74 03/18
LOWEST 40 03/25 46 -6 33 03/02
AVG. MAXIMUM 66.2 72.1 -5.9 62.9
AVG. MINIMUM 46.8 46.9 -0.1 44.6
MEAN 56.5 59.5 -3.0 53.8
DAYS MAX >= 90 0 1.0 -1.0 0
DAYS MAX <= 32 0 0.0 0.0 0
DAYS MAX >= 45 31 31
DAYS MAX >= 120 0 0
DAYS MIN <= 32 0 0.3 -0.3 0
PRECIPITATION (INCHES)
RECORD
MAXIMUM 9.41 1938
MINIMUM 0.00 2008
TOTALS 2.38 1.21 1.17 4.34
DAILY AVG. 0.08 0.04 0.04 0.14
DAYS >= .01 8 5.2 2.8 MM
DAYS >= .10 5 2.3 2.7 MM
DAYS >= .50 2 0.5 1.5 MM
DAYS >= 1.00 0 0.1 -0.1 MM
DAYS >= %-5.2F 0 MM
DAYS >= %-5.2F 0 0
GREATEST
24 HR. TOTAL 0.87 03/30 TO 03/31 1.08 03/21 TO 03/21
STORM TOTAL 0.84 1.08
(MM/DD(HH)) MM
DEGREE DAYS
HEATING TOTAL 254 189 65 339
SINCE 7/1 1111 1243 -132 MM
COOLING TOTAL 0 18 -18 0
SINCE 1/1 3 31 -28 MM
FREEZE DATES
RECORD
EARLIEST 10/21/1949
LATEST 04/28/1894
EARLIEST 01/17
LATEST 01/02
................................................................
WIND (MPH)
AVERAGE WIND SPEED 5.0
RESULTANT WIND SPEED/DIRECTION 2/270
HIGHEST WIND SPEED/DIRECTION 30/030 DATE 03/14
HIGHEST GUST SPEED/DIRECTION 46/010 DATE 03/14
SKY COVER
POSSIBLE SUNSHINE (PERCENT) MM
AVERAGE SKY COVER 0.38
NUMBER OF DAYS FAIR 16
NUMBER OF DAYS PC 9
NUMBER OF DAYS CLOUDY 6
AVERAGE RH (PERCENT) 69
WEATHER CONDITIONS. NUMBER OF DAYS WITH
THUNDERSTORM 3 MIXED PRECIP 0
HEAVY RAIN 4 RAIN 6
LIGHT RAIN 12 FREEZING RAIN 0
LT FREEZING RAIN 0 HAIL 0
HEAVY SNOW 0 SNOW 0
LIGHT SNOW 0 SLEET 0
FOG 10 FOG W/VIS <= 1/4 MILE 2
HAZE 4
- INDICATES NEGATIVE NUMBERS.
R INDICATES RECORD WAS SET OR TIED.
MM INDICATES DATA IS MISSING.
T INDICATES TRACE AMOUNT.
$$