000
CXUS54 KFWD 010730
CF6RBD
PRELIMINARY LOCAL CLIMATOLOGICAL DATA (WS FORM: F-6)
STATION: DALLAS EXECUTIVE
MONTH: APRIL
YEAR: 2021
LATITUDE: 32 40 N
LONGITUDE: 96 52 W
TEMPERATURE IN F: :PCPN: SNOW: WIND :SUNSHINE: SKY :PK WND
================================================================================
1 2 3 4 5 6A 6B 7 8 9 10 11 12 13 14 15 16 17 18
12Z AVG MX 2MIN
DY MAX MIN AVG DEP HDD CDD WTR SNW DPTH SPD SPD DIR MIN PSBL S-S WX SPD DR
================================================================================
1 68 41 55 -6 10 0 0.00 M M 4.9 14 40 M M 0 19 10
2 68 43 56 -6 9 0 0.00 M M 9.6 20 140 M M 2 29 140
3 70 56 63 1 2 0 0.00 M M 11.1 18 170 M M 10 28 160
4 73 58 66 4 0 1 0.00 M M 8.8 16 190 M M 9 22 180
5 78 57 68 6 0 3 0.00 M M 11.8 23 200 M M 3 32 190
6 83 64 74 12 0 9 0.00 M M 19.9 29 170 M M 6 44 200
7 80 56 68 5 0 3 0.00 M M 14.6 28 170 M M 5 38 170
8 84 53 69 6 0 4 0.00 M M 7.9 18 140 M M 1 27 150
9 86 63 75 12 0 10 T M M 14.4 30 330 M M 4 38 40 350
10 74 51 63 0 2 0 0.00 M M 11.5 24 330 M M 0 32 10
11 86 50 68 4 0 3 0.00 M M 9.3 20 160 M M 0 26 160
12 86 61 74 10 0 9 0.00 0.0 M 8.6 18 160 M M 1 25 180
13 81 56 69 5 0 4 0.12 M M 8.9 17 300 M M 5 3 25 300
14 75 60 68 4 0 3 0.00 M M 10.9 20 70 M M 8 25 340
15 63 56 60 -5 5 0 0.68 M M 11.2 18 70 M M 9 13 26 60
16 62 52 57 -8 8 0 0.99 M M 9.2 21 150 M M 10 13 29 350
17 62 48 55 -10 10 0 0.00 M M 12.8 22 350 M M 5 29 20
18 68 44 56 -10 9 0 0.00 M M 8.0 16 320 M M 1 22 20
19 74 42 58 -8 7 0 0.00 M M 5.5 12 200 M M 0 17 190
20 63 43 53 -13 12 0 0.00 M M 13.0 24 350 M M 0 34 10
21 61 38 50 -16 15 0 0.00 M M 6.2 14 60 M M 5 19 50
22 66 52 59 -7 6 0 T M M 9.3 18 110 M M 10 24 110
23 71 60 66 -1 0 1 0.55 M M 12.5 31 360 M M 9 138 52 160
24 74 54 64 -3 1 0 T M M 9.3 20 350 M M 5 1 27 340
25 81 50 66 -1 0 1 0.00 M M 9.5 20 140 M M 0 27 170
26 82 63 73 5 0 8 0.00 M M 16.1 24 150 M M 2 34 160
27 76 68 72 4 0 7 T M M 14.6 22 140 M M 9 32 170
28 82 73 78 10 0 13 0.14 M M 11.7 29 170 M M 9 13 41 170
29 74 67 71 3 0 6 1.36 M M 10.1 18 10 M M 10 13 28 360
30 68 62 65 -4 0 0 0.32 M M 9.5 18 30 M M 10 13 29 20
================================================================================
SM 2219 1641 96 85 4.16 0.0 320.7 M 148
================================================================================
AV 74.0 54.7 10.7 FASTST M M 5 MAX(MPH)
MISC ----> 31 360 52 160
================================================================================
NOTES:
# LAST OF SEVERAL OCCURRENCES
COLUMN 17 PEAK WIND IN M.P.H.
PRELIMINARY LOCAL CLIMATOLOGICAL DATA (WS FORM: F-6) , PAGE 2
STATION: DALLAS EXECUTIVE
MONTH: APRIL
YEAR: 2021
LATITUDE: 32 40 N
LONGITUDE: 96 52 W
[TEMPERATURE DATA] [PRECIPITATION DATA] SYMBOLS USED IN COLUMN 16
AVERAGE MONTHLY: 64.3 TOTAL FOR MONTH: 4.16 1 = FOG OR MIST
DPTR FM NORMAL: -0.6 DPTR FM NORMAL: 0.76 2 = FOG REDUCING VISIBILITY
HIGHEST: 86 ON 12,11 GRTST 24HR 1.61 ON 15-16 TO 1/4 MILE OR LESS
LOWEST: 38 ON 21 3 = THUNDER
SNOW, ICE PELLETS, HAIL 4 = ICE PELLETS
TOTAL MONTH: 0.0 INCH 5 = HAIL
GRTST 24HR 0.0 6 = FREEZING RAIN OR DRIZZLE
GRTST DEPTH: M ON M 7 = DUSTSTORM OR SANDSTORM:
VSBY 1/2 MILE OR LESS
8 = SMOKE OR HAZE
[NO. OF DAYS WITH] [WEATHER - DAYS WITH] 9 = BLOWING SNOW
X = TORNADO
MAX 32 OR BELOW: 0 0.01 INCH OR MORE: 7
MAX 90 OR ABOVE: 0 0.10 INCH OR MORE: 7
MIN 32 OR BELOW: 0 0.50 INCH OR MORE: 4
MIN 0 OR BELOW: 0 1.00 INCH OR MORE: 1
[HDD (BASE 65) ]
TOTAL THIS MO. 96 CLEAR (SCALE 0-3) 12
DPTR FM NORMAL 7 PTCLDY (SCALE 4-7) 7
TOTAL FM JUL 1 2090 CLOUDY (SCALE 8-10) 11
DPTR FM NORMAL -149
[CDD (BASE 65) ]
TOTAL THIS MO. 85
DPTR FM NORMAL -1 [PRESSURE DATA]
TOTAL FM JAN 1 126 HIGHEST SLP M ON M
DPTR FM NORMAL 4 LOWEST SLP 29.50 ON 9
[REMARKS]
#FINAL-04-21#