000
CXUS56 KSTO 231425
CF6RBL
PRELIMINARY LOCAL CLIMATOLOGICAL DATA (WS FORM: F-6)

                                          STATION:   RED BLUFF AIRPORT CA
                                          MONTH:     FEBRUARY
                                          YEAR:      2019
                                          LATITUDE:   40  9 N
                                          LONGITUDE: 122 15 W

  TEMPERATURE IN F:       :PCPN:    SNOW:  WIND      :SUNSHINE: SKY     :PK WND
================================================================================
1   2   3   4   5  6A  6B    7    8   9   10  11  12  13   14  15   16   17  18
                                     12Z  AVG MX 2MIN
DY MAX MIN AVG DEP HDD CDD  WTR  SNW DPTH SPD SPD DIR MIN PSBL S-S WX    SPD DR
================================================================================

 1  57  51  54   6  11   0 0.68  0.0    0 11.5 21 150   M    M  10 18     25 150
 2  55  48  52   4  13   0 1.90  0.0    0 12.8 28 150   M    M   9 1      34 130
 3  55  47  51   3  14   0 0.44  0.0    0 10.2 26 160   M    M   9 1      31 150
 4  52  38  45  -4  20   0 0.49  0.0    0  8.2 26 160   M    M   7 1      33 170
 5  51  32  42  -7  23   0 0.00  0.0    0  5.3 14  10   M    M   2        19 360
 6  51  30  41  -8  24   0 0.00  0.0    0  2.5 10 130   M    M   2        13 150
 7  48  33  41  -8  24   0 0.00  0.0    0  4.6  9 330   M    M   3        11 320
 8  50  35  43  -6  22   0    T  0.0    0  3.3  7 130   M    M   9         9 330
 9  52  37  45  -5  20   0 0.10    M    0 14.7 38 170   M    M   9 1      47 170
10  50  29  40 -10  25   0 0.00  0.0    0  3.4  9 210   M    M   4        11 200
11  50  30  40 -10  25   0 0.00  0.0    0  7.6 20 170   M    M   8        22 180
12  46  36  41  -9  24   0 0.84    M    0  4.6 13 360   M    M   8 1      15 330
13   M   M   M   M   M   M    M    M    M   M   M   M   M    M  10 1       M  M
14  59  46  53   3  12   0    T    M    0 15.5 27 170   M    M   3        38 180
15  53  40  47  -3  18   0 0.01  0.0    0 16.6 24 140   M    M   5        30 150
16  55  41  48  -3  17   0 0.00  0.0    0  9.1 22 150   M    M   5        28 150
17  54  37  46  -5  19   0 0.02    M    0  8.4 22 360   M    M   4        29 340
18  55  36  46  -5  19   0 0.00  0.0    0 12.3 23 360   M    M   0        30 330
19  56  33  45  -6  20   0 0.00  0.0    0  6.4 17 350   M    M   1        21 350
20  55  37  46  -5  19   0 0.00  0.0    0  5.6 18 300   M    M   3        23 300
21  55  36  46  -5  19   0 0.00  0.0    0 18.0 32 360   M    M   0        43 360
22   0   0   0 -52  65   0 0.00  0.0    0  0.0  0   0   M    M   0         0   0
================================================================================
SM 1059  752       453   0  4.48     0.0 180.6          M      111
================================================================================
AV 50.4 35.8                               8.6 FASTST   M    M   5    MAX(MPH)
                                 MISC ---->  # 38 170               # 47  170
================================================================================
NOTES:
# LAST OF SEVERAL OCCURRENCES

COLUMN 17 PEAK WIND IN M.P.H.

PRELIMINARY LOCAL CLIMATOLOGICAL DATA (WS FORM: F-6) , PAGE 2

                                          STATION:  RED BLUFF AIRPORT CA
                                          MONTH:    FEBRUARY
                                          YEAR:     2019
                                          LATITUDE:   40  9 N
                                          LONGITUDE: 122 15 W

[TEMPERATURE DATA]      [PRECIPITATION DATA]       SYMBOLS USED IN COLUMN 16

AVERAGE MONTHLY: 43.1   TOTAL FOR MONTH:   4.48    1 = FOG OR MIST
DPTR FM NORMAL:  -6.7   DPTR FM NORMAL:    1.30    2 = FOG REDUCING VISIBILITY
HIGHEST:    59 ON 14    GRTST 24HR  1.90 ON  2- 2      TO 1/4 MILE OR LESS
LOWEST:      0 ON 22                               3 = THUNDER
                        SNOW, ICE PELLETS, HAIL    4 = ICE PELLETS
                        TOTAL MONTH:   0.0 INCH    5 = HAIL
                        GRTST 24HR     0.0         6 = FREEZING RAIN OR DRIZZLE
                        GRTST DEPTH:   0           7 = DUSTSTORM OR SANDSTORM:
                                                       VSBY 1/2 MILE OR LESS
                                                   8 = SMOKE OR HAZE
[NO. OF DAYS WITH]      [WEATHER - DAYS WITH]      9 = BLOWING SNOW
                                                   X = TORNADO
MAX 32 OR BELOW:   1    0.01 INCH OR MORE:   8
MAX 90 OR ABOVE:   0    0.10 INCH OR MORE:   6
MIN 32 OR BELOW:   5    0.50 INCH OR MORE:   3
MIN  0 OR BELOW:   1    1.00 INCH OR MORE:   1

[HDD (BASE 65) ]
TOTAL THIS MO.   453    CLEAR  (SCALE 0-3)   9
DPTR FM NORMAL   120    PTCLDY (SCALE 4-7)   7
TOTAL FM JUL 1  1719    CLOUDY (SCALE 8-10)  6
DPTR FM NORMAL  -258

[CDD (BASE 65) ]
TOTAL THIS MO.     0
DPTR FM NORMAL     0    [PRESSURE DATA]
TOTAL FM JAN 1     0    HIGHEST SLP M ON M
DPTR FM NORMAL     0    LOWEST  SLP 29.25 ON 14

[REMARKS]
