077
CXUS56 KSTO 131747
CF6RDD
PRELIMINARY LOCAL CLIMATOLOGICAL DATA (WS FORM: F-6)
STATION: REDDING CA AIRPORT AND CITY
MONTH: JANUARY
YEAR: 2021
LATITUDE: 40 30 N
LONGITUDE: 122 18 W
TEMPERATURE IN F: :PCPN: SNOW: WIND :SUNSHINE: SKY :PK WND
================================================================================
1 2 3 4 5 6A 6B 7 8 9 10 11 12 13 14 15 16 17 18
12Z AVG MX 2MIN
DY MAX MIN AVG DEP HDD CDD WTR SNW DPTH SPD SPD DIR MIN PSBL S-S WX SPD DR
================================================================================
1 53 38 46 1 19 0 0.01 0.0 0 4.4 15 150 M M 3 1 19 140
2 51 46 49 4 16 0 T 0.0 0 3.1 8 160 M M 10 18 9 160
3 50 46 48 3 17 0 0.03 0.0 0 3.1 9 220 M M 9 12 13 150
4 58 37 48 3 17 0 1.04 0.0 0 12.1 38 170 M M 7 13 47 170
5 59 33 46 1 19 0 0.00 0.0 0 3.5 9 20 M M 3 1 12 10
6 47 36 42 -3 23 0 0.06 0.0 0 3.1 10 80 M M 4 1 12 290
7 56 32 44 -1 21 0 T 0.0 0 3.9 17 130 M M 3 12 20 130
8 56 39 48 3 17 0 0.31 M 0 3.7 14 140 M M 5 18 16 140
9 62 33 48 3 17 0 0.00 0.0 0 5.7 18 20 M M 0 24 20
10 54 36 45 0 20 0 0.01 0.0 0 2.0 8 70 M M 5 1 8 70
11 57 33 45 0 20 0 0.00 0.0 0 1.8 10 90 M M 1 1 16 90
12 50 45 48 3 17 0 0.24 0.0 0 1.9 7 30 M M 9 1 8 80
13 60 46 53 8 12 0 0.07 0.0 0 2.3 9 30 M M 9 18 13 30
14 73 38 56 10 9 0 0.00 0.0 0 3.9 9 290 M M 0 1 25 280
15 60 39 50 4 15 0 0.00 0.0 0 1.0 7 320 M M 0 14 150
16 75 42 59 13 6 0 0.00 0.0 0 7.6 21 350 M M 0 27 350
17 77 58 68 22 0 3 0.00 0.0 0 14.0 29 10 M M 0 36 360
18 70 54 62 16 3 0 0.00 0.0 0 16.4 30 30 M M 0 39 30
19 65 49 57 11 8 0 0.00 0.0 0 20.2 37 10 M M 2 47 10
20 68 32 50 4 15 0 0.00 0.0 0 1.8 12 350 M M 0 16 350
21 57 34 46 0 19 0 0.00 0.0 0 0.9 6 310 M M 4 7 310
22 54 41 48 2 17 0 T 0.0 0 3.1 8 360 M M 7 11 120
23 61 33 47 1 18 0 0.00 0.0 0 6.4 22 10 M M 1 27 360
24 46 29 38 -8 27 0 0.16 0.0 0 1.3 8 140 M M 6 1 10 320
25 53 30 42 -4 23 0 0.00 0.0 0 6.0 17 10 M M 1 1 22 20
26 42 24 33 -14 32 0 1.05 M 0 8.8 29 160 M M 6 1 36 170
27 50 33 42 -5 23 0 0.48 1.5 0 13.4 30 170 M M 10 1 37 150
28 45 40 43 -4 22 0 1.41 0.0 0 4.2 10 40 M M 10 1 17 330
29 49 40 45 -2 20 0 0.02 0.0 0 3.8 13 180 M M 9 1 16 170
30 52 44 48 1 17 0 T 0.0 0 3.5 14 190 M M 10 1 17 190
31 54 44 49 2 16 0 0.04 0.0 0 3.5 12 360 M M 10 1 13 360
================================================================================
SM 1764 1204 525 3 4.93 1.5 170.4 M 144
================================================================================
AV 56.9 38.8 5.5 FASTST M M 5 MAX(MPH)
MISC ----> # 38 170 # 47 170
================================================================================
NOTES:
# LAST OF SEVERAL OCCURRENCES
COLUMN 17 PEAK WIND IN M.P.H.
PRELIMINARY LOCAL CLIMATOLOGICAL DATA (WS FORM: F-6) , PAGE 2
STATION: REDDING CA AIRPORT AND CITY
MONTH: JANUARY
YEAR: 2021
LATITUDE: 40 30 N
LONGITUDE: 122 18 W
[TEMPERATURE DATA] [PRECIPITATION DATA] SYMBOLS USED IN COLUMN 16
AVERAGE MONTHLY: 47.9 TOTAL FOR MONTH: 4.93 1 = FOG OR MIST
DPTR FM NORMAL: 2.2 DPTR FM NORMAL: -1.03 2 = FOG REDUCING VISIBILITY
HIGHEST: 77 ON 17 GRTST 24HR 1.41 ON 28-28 TO 1/4 MILE OR LESS
LOWEST: 24 ON 26 3 = THUNDER
SNOW, ICE PELLETS, HAIL 4 = ICE PELLETS
TOTAL MONTH: 1.5 INCHES 5 = HAIL
GRTST 24HR 1.5 ON 27-27 6 = FREEZING RAIN OR DRIZZLE
GRTST DEPTH: 0 7 = DUSTSTORM OR SANDSTORM:
VSBY 1/2 MILE OR LESS
8 = SMOKE OR HAZE
[NO. OF DAYS WITH] [WEATHER - DAYS WITH] 9 = BLOWING SNOW
X = TORNADO
MAX 32 OR BELOW: 0 0.01 INCH OR MORE: 14
MAX 90 OR ABOVE: 0 0.10 INCH OR MORE: 7
MIN 32 OR BELOW: 5 0.50 INCH OR MORE: 3
MIN 0 OR BELOW: 0 1.00 INCH OR MORE: 3
[HDD (BASE 65) ]
TOTAL THIS MO. 525 CLEAR (SCALE 0-3) 14
DPTR FM NORMAL -72 PTCLDY (SCALE 4-7) 8
TOTAL FM JUL 1 1452 CLOUDY (SCALE 8-10) 9
DPTR FM NORMAL -275
[CDD (BASE 65) ]
TOTAL THIS MO. 3
DPTR FM NORMAL 3 [PRESSURE DATA]
TOTAL FM JAN 1 3 HIGHEST SLP 30.44 ON 13
DPTR FM NORMAL 3 LOWEST SLP 29.63 ON 27
[REMARKS]
#FINAL-01-21#