000
CXUS56 KSTO 020456
CLMRDD
CLIMATE REPORT
NATIONAL WEATHER SERVICE SACRAMENTO
956 PM PDT FRI SEP 01 2023
...................................
...THE SACRAMENTO CITY CLIMATE SUMMARY FOR THE MONTH OF AUGUST 2023...
CLIMATE NORMAL PERIOD: 1991 TO 2020
CLIMATE RECORD PERIOD: 1849 TO 2023
WEATHER OBSERVED NORMAL DEPART LAST YEAR`S
VALUE DATE(S) VALUE FROM VALUE DATE(S)
NORMAL
................................................................
TEMPERATURE (F)
RECORD
HIGH 112 08/16/2020
LOW 48 08/13/1921
08/20/1914
08/30/1887
HIGHEST 108 08/16 MM MM 108 08/16
LOWEST 57 08/02 MM MM 58 08/26
AVG. MAXIMUM 96.1 93.5 2.6 97.5
AVG. MINIMUM 64.5 61.0 3.5 63.6
MEAN 80.3 77.3 3.0 80.5
DAYS MAX >= 90 26 23.5 2.5 29
DAYS MAX <= 32 0 0.0 0.0 0
DAYS MAX >= 45 31 31
DAYS MAX >= 120 0 0
DAYS MAX <= 32 0 0
DAYS MIN <= 32 0 0.0 0.0 0
DAYS MIN <= 0 0 0.0 0.0 0
DAYS MIN >= 80 0 0
DAYS MIN <= -20 0 0
DAYS MIN <= 15 0 0
PRECIPITATION (INCHES)
RECORD
MAXIMUM 0.00 2021
MINIMUM 0.00 2022
TOTALS 0.03 0.02 0.01 0.00
DAYS >= .01 1
DAYS >= .10 0
DAYS >= .50 0
DAYS >= 1.00 0
SNOWFALL (INCHES)
RECORDS
TOTAL MM MM
24 HR TOTAL MM
TOTALS 0.0 0.0 0.0
LIQUID EQUIV 0.00 0.00 0.00
SINCE 7/1 0.0 0.0 0.0
LIQUID 7/1 0.00
DAYS >= TRACE 0 0.0 0.0
DAYS >= 1.0 0 0.0 0.0
GREATEST
SNOW DEPTH MM
24 HR TOTAL MM
STORM TOTAL 0.0
(MM/DD(HH))
DEGREE DAYS
HEATING TOTAL 0 0 0
SINCE 7/1 0 0 0
COOLING TOTAL 480 380 100
SINCE 1/1 1346 1214 132
................................................................
WIND (MPH)
AVERAGE WIND SPEED MM
HIGHEST WIND SPEED/DIRECTION MM DATE MM
HIGHEST GUST SPEED/DIRECTION MM DATE MM
SKY COVER
POSSIBLE SUNSHINE (PERCENT) MM
AVERAGE SKY COVER MM
AVERAGE RH (PERCENT) MM
WEATHER CONDITIONS. NUMBER OF DAYS WITH
THUNDERSTORM 0 MIXED PRECIP 0
HEAVY RAIN 0 RAIN 0
LIGHT RAIN 0 FREEZING RAIN 0
LT FREEZING RAIN 0 HAIL 0
HEAVY SNOW 0 SNOW 0
LIGHT SNOW 0 SLEET 0
FOG 0 FOG W/VIS <= 1/4 MILE 0
HAZE 0
- INDICATES NEGATIVE NUMBERS.
R INDICATES RECORD WAS SET OR TIED.
MM INDICATES DATA IS MISSING.
T INDICATES TRACE AMOUNT.
$$