000
CXUS51 KPHI 151949
CF6RDG
PRELIMINARY LOCAL CLIMATOLOGICAL DATA (WS FORM: F-6)
STATION: READING PA
MONTH: NOVEMBER
YEAR: 2020
LATITUDE: 40 22 N
LONGITUDE: 75 58 W
TEMPERATURE IN F: :PCPN: SNOW: WIND :SUNSHINE: SKY :PK WND
================================================================================
1 2 3 4 5 6A 6B 7 8 9 10 11 12 13 14 15 16 17 18
12Z AVG MX 2MIN
DY MAX MIN AVG DEP HDD CDD WTR SNW DPTH SPD SPD DIR MIN PSBL S-S WX SPD DR
================================================================================
1 56 39 48 -2 17 0 0.36 0.0 0 9.8 33 300 M M 8 1 49 310
2 47 36 42 -7 23 0 T 0.0 0 18.3 40 310 M M 4 53 320
3 58 32 45 -4 20 0 0.00 0.0 0 10.2 21 270 M M 0 28 280
4 68 33 51 3 14 0 0.00 0.0 0 2.4 15 210 M M 0 18 18 210
5 69 39 54 6 11 0 0.00 0.0 0 3.8 13 220 M M 0 15 220
6 73 45 59 11 6 0 0.00 0.0 0 2.0 13 280 M M 0 16 290
7 74 40 57 10 8 0 0.00 0.0 0 1.5 10 260 M M 0 1 13 260
8 79 39 59 12 6 0 0.00 0.0 0 0.3 6 230 M M 0 18 6 230
9 76 41 59 12 6 0 0.00 0.0 0 1.6 12 220 M M 0 1 14 200
10 76 45 61 15 4 0 0.00 0.0 0 5.5 17 190 M M 2 18 23 190
11 69 63 66 20 0 1 0.31 0.0 0 6.6 15 190 M M 8 1 21 220
12 66 47 57 11 8 0 0.06 0.0 0 6.6 20 340 M M 10 12 26 20
13 58 43 51 6 14 0 0.02 0.0 0 4.1 13 290 M M 6 1 15 330
14 54 33 44 -1 21 0 0.00 0.0 0 5.9 16 290 M M 0 20 260
15 67 33 50 5 15 0 0.24 0.0 0 10.4 37 260 M M 7 138 50 250
16 56 37 47 3 18 0 0.00 0.0 0 9.6 25 280 M M 1 37 270
17 48 31 40 -4 25 0 T 0.0 0 9.6 25 310 M M 5 33 300
18 39 26 33 -11 32 0 0.00 0.0 0 10.2 26 340 M M 4 32 340
19 47 24 36 -7 29 0 0.00 0.0 0 5.4 21 220 M M 0 27 220
20 65 35 50 7 15 0 0.00 0.0 0 5.4 13 210 M M 0 15 210
21 61 38 50 7 15 0 0.00 0.0 0 4.5 16 30 M M 6 21 360
22 51 43 47 5 18 0 0.03 0.0 0 6.3 14 260 M M 10 1 18 50
23 58 38 48 6 17 0 0.10 0.0 0 13.8 31 310 M M 8 13 37 310
24 50 31 41 -1 24 0 0.00 0.0 0 4.0 15 340 M M 3 19 340
25 55 39 47 5 18 0 0.05 0.0 0 7.2 18 210 M M 3 23 210
26 65 48 57 16 8 0 0.14 0.0 0 6.6 18 260 M M 8 1 23 260
27 58 47 53 12 12 0 0.00 0.0 0 2.9 10 240 M M 8 11 280
28 57 35 46 6 19 0 0.00 0.0 0 6.3 23 310 M M 5 29 320
29 55 31 43 3 22 0 0.00 0.0 0 2.6 12 200 M M 0 17 220
30 63 39 51 11 14 0 1.16 0.0 0 4.7 17 90 M M 9 13 27 90
================================================================================
SM 1818 1150 459 1 2.47 0.0 188.1 M 115
================================================================================
AV 60.6 38.3 6.3 FASTST M M 4 MAX(MPH)
MISC ----> 40 310 53 320
================================================================================
NOTES:
# LAST OF SEVERAL OCCURRENCES
COLUMN 17 PEAK WIND IN M.P.H.
PRELIMINARY LOCAL CLIMATOLOGICAL DATA (WS FORM: F-6) , PAGE 2
STATION: READING PA
MONTH: NOVEMBER
YEAR: 2020
LATITUDE: 40 22 N
LONGITUDE: 75 58 W
[TEMPERATURE DATA] [PRECIPITATION DATA] SYMBOLS USED IN COLUMN 16
AVERAGE MONTHLY: 49.5 TOTAL FOR MONTH: 2.47 1 = FOG OR MIST
DPTR FM NORMAL: 4.9 DPTR FM NORMAL: -0.55 2 = FOG REDUCING VISIBILITY
HIGHEST: 79 ON 8 GRTST 24HR 1.16 ON 30-30 TO 1/4 MILE OR LESS
LOWEST: 24 ON 19 3 = THUNDER
SNOW, ICE PELLETS, HAIL 4 = ICE PELLETS
TOTAL MONTH: 0.0 INCH 5 = HAIL
GRTST 24HR 0.0 6 = FREEZING RAIN OR DRIZZLE
GRTST DEPTH: 0 7 = DUSTSTORM OR SANDSTORM:
VSBY 1/2 MILE OR LESS
8 = SMOKE OR HAZE
[NO. OF DAYS WITH] [WEATHER - DAYS WITH] 9 = BLOWING SNOW
X = TORNADO
MAX 32 OR BELOW: 0 0.01 INCH OR MORE: 10
MAX 90 OR ABOVE: 0 0.10 INCH OR MORE: 6
MIN 32 OR BELOW: 6 0.50 INCH OR MORE: 1
MIN 0 OR BELOW: 0 1.00 INCH OR MORE: 1
[HDD (BASE 65) ]
TOTAL THIS MO. 459 CLEAR (SCALE 0-3) 14
DPTR FM NORMAL -153 PTCLDY (SCALE 4-7) 11
TOTAL FM JUL 1 771 CLOUDY (SCALE 8-10) 5
DPTR FM NORMAL -225
[CDD (BASE 65) ]
TOTAL THIS MO. 1
DPTR FM NORMAL 1 [PRESSURE DATA]
TOTAL FM JAN 1 1302 HIGHEST SLP M ON M
DPTR FM NORMAL 248 LOWEST SLP 29.32 ON 30
[REMARKS]
#FINAL-11-20#