000
CXUS56 KPDT 011640
CLMRDM
CLIMATE REPORT
NATIONAL WEATHER SERVICE PENDLETON, OR
840 AM PST FRI DEC 01 2023
...................................
...THE REDMOND OR CLIMATE SUMMARY FOR THE MONTH OF NOVEMBER 2023...
CLIMATE NORMAL PERIOD 1991 TO 2020
CLIMATE RECORD PERIOD 1949 TO 2023
WEATHER OBSERVED NORMAL DEPART LAST YEAR`S
VALUE DATE(S) VALUE FROM VALUE DATE(S)
NORMAL
................................................................
TEMPERATURE (F)
RECORD
HIGH 80 11/02/2020
11/02/2020
LOW -19 11/16/2014
HIGHEST 69 11/04 62 11/24
LOWEST 6 11/29 7 11/19
AVG. MAXIMUM 52.2 50.8 1.4 46.3
AVG. MINIMUM 27.4 27.5 -0.1 23.4
MEAN 39.8 39.1 0.7 34.9
DAYS MAX >= 90 0 0.0 0.0 0
DAYS MAX <= 32 0 1.5 -1.5 2
DAYS MIN <= 32 18 22.2 -4.2 29
DAYS MIN <= 0 0 0.7 -0.7 0
PRECIPITATION (INCHES)
RECORD
MAXIMUM 3.15 1984
MINIMUM 0.03 1952
TOTALS 0.42 0.81 -0.39 0.90
DAILY AVG. 0.01 0.03 -0.01 0.03
DAYS >= .01 7 8.1 -1.1 8
DAYS >= .10 1 2.5 -1.5 2
DAYS >= .50 0 0.1 -0.1 1
DAYS >= 1.00 0 0.0 0.0 0
GREATEST
24 HR. TOTAL 0.14 11/03 TO 11/04 0.54 11/01 TO 11/01
DEGREE DAYS
HEATING TOTAL 747 776 -29 894
SINCE 7/1 1419 1574 -155
COOLING TOTAL 0 0 0 0
SINCE 1/1 440 317 123
................................................................
WIND (MPH)
AVERAGE WIND SPEED 6.0
RESULTANT WIND SPEED/DIRECTION 2/200
HIGHEST WIND SPEED/DIRECTION 29/240 DATE 11/06
HIGHEST GUST SPEED/DIRECTION 37/240 DATE 11/06
AVERAGE RH (PERCENT) 65
WEATHER CONDITIONS. NUMBER OF DAYS WITH
THUNDERSTORM 0 MIXED PRECIP 0
HEAVY RAIN 0 RAIN 0
LIGHT RAIN 13 FREEZING RAIN 0
LT FREEZING RAIN 0 HAIL 0
HEAVY SNOW 0 SNOW 0
LIGHT SNOW 1 SLEET 0
FOG 10 FOG W/VIS <= 1/4 MILE 4
HAZE 6
- INDICATES NEGATIVE NUMBERS.
R INDICATES RECORD WAS SET OR TIED.
MM INDICATES DATA IS MISSING.
T INDICATES TRACE AMOUNT.
$$