000
CXUS52 KRAH 011549
CLMRDU


CLIMATE REPORT
NATIONAL WEATHER SERVICE RALEIGH NC
1029 AM EST THU MAR 1 2018

...................................

...THE RALEIGH-DURHAM INTL AIRPORT CLIMATE SUMMARY FOR THE MONTH OF FEBRUARY 2018...

CLIMATE NORMAL PERIOD 1981 TO 2010
CLIMATE RECORD PERIOD 1887 TO 2018

WEATHER         OBSERVED          NORMAL  DEPART  LAST YEAR`S
                 VALUE   DATE(S)  VALUE   FROM    VALUE
                                          NORMAL
.............................................................
TEMPERATURE (F)
RECORD
 HIGH              84   02/26/1977
 LOW               -2   02/14/1899
HIGHEST            81   02/16                         83
LOWEST             18   02/03                         26
AVG. MAXIMUM     62.6              55.2     7.4     66.6
AVG. MINIMUM     42.1              33.8     8.3     39.9
MEAN             52.3              44.5     7.8     53.3
DAYS MAX >= 90      0                                  0
DAYS MAX <= 32      0                                  0
DAYS MIN <= 32      6                                  7
DAYS MIN <= 0       0                                  0

PRECIPITATION (INCHES)
RECORD
 MAXIMUM         9.73   1939
TOTALS           1.70              3.23   -1.53     0.66
DAYS >= .01        11
DAYS >= .10         4
DAYS >= .50         1
DAYS >= 1.00        0
GREATEST
 24 HR. TOTAL    0.61   02/04 TO 02/04

SNOWFALL (INCHES)
RECORDS
 TOTAL           21.0   1948
TOTALS            0.0               1.9    -1.9        T
SINCE 7/1         7.3
SNOWDEPTH AVG.      0
DAYS >= TRACE       0
DAYS >= 1.0         0               0.6    -0.6        0

DEGREE_DAYS
HEATING TOTAL     369               575    -206      327
 SINCE 7/1       2513              2572     -59     1973
COOLING TOTAL      22                 1      21        8
 SINCE 1/1         22                 1      21
..............................................................

WIND (MPH)
AVERAGE WIND SPEED              7.3
HIGHEST WIND SPEED/DIRECTION    28/170    DATE  02/04
HIGHEST GUST SPEED/DIRECTION    37/170    DATE  02/04

SKY COVER
POSSIBLE SUNSHINE (PERCENT)   MM
AVERAGE SKY COVER           0.70
NUMBER OF DAYS FAIR            2
NUMBER OF DAYS PC             13
NUMBER OF DAYS CLOUDY         13

AVERAGE RH (PERCENT)     74

WEATHER CONDITIONS. NUMBER OF DAYS WITH
THUNDERSTORM              0     MIXED PRECIP               0
HEAVY RAIN                1     RAIN                       4
LIGHT RAIN               17     FREEZING RAIN              0
LT FREEZING RAIN          0     HAIL                       0
HEAVY SNOW                0     SNOW                       0
LIGHT SNOW                0     SLEET                      0
FOG                      20     FOG W/VIS <= 1/4 MILE      5
HAZE                      2

-  INDICATES NEGATIVE NUMBERS.
R  INDICATES RECORD WAS SET OR TIED.
MM INDICATES DATA IS MISSING.
T  INDICATES TRACE AMOUNT.

&&

THE AVERAGE MEAN TEMPERATURE OF 52.3 DEGREES MADE 2018 THE 3RD WARMEST
FEBRUARY ON RECORD.

A RECORD HIGH MINIMUM TEMPERATURE OF 64 DEGREES WAS SET AT RALEIGH-
DURHAM INTERNATIONAL AIRPORT ON FEBRUARY 11.

A RECORD HIGH TEMPERATURE OF 81 DEGREES WAS SET AT RALEIGH-DURHAM
INTERNATIONAL AIRPORT ON FEBRUARY 16.

A RECORD HIGH MINIMUM TEMPERATURE OF 61 DEGREES WAS SET AT RALEIGH-
DURHAM INTERNATIONAL AIRPORT ON FEBRUARY 22.

A RECORD HIGH TEMPERATURE OF 77 DEGREES WAS SET AT RALEIGH-DURHAM
INTERNATIONAL AIRPORT ON FEBRUARY 21.

A RECORD HIGH MINIMUM TEMPERATURE OF 63 DEGREES WAS SET AT RALEIGH-
DURHAM INTERNATIONAL AIRPORT ON FEBRUARY 21.

A RECORD HIGH TEMPERATURE OF 78 DEGREES WAS SET AT RALEIGH-DURHAM
INTERNATIONAL AIRPORT ON FEBRUARY 22.

A RECORD HIGH MINIMUM TEMPERATURE OF 61 DEGREES WAS SET AT RALEIGH-
DURHAM INTERNATIONAL AIRPORT ON FEBRUARY 22.

A RECORD HIGH MINIMUM TEMPERATURE OF 60 DEGREES WAS SET AT RALEIGH-
DURHAM INTERNATIONAL AIRPORT ON FEBRUARY 25.

$$
