000
CXUS56 KBOI 011002
CF6REO
PRELIMINARY LOCAL CLIMATOLOGICAL DATA (WS FORM: F-6)
STATION: ROME OR
MONTH: JUNE
YEAR: 2021
LATITUDE: 42 35 N
LONGITUDE: 117 52 W
TEMPERATURE IN F: :PCPN: SNOW: WIND :SUNSHINE: SKY :PK WND
================================================================================
1 2 3 4 5 6A 6B 7 8 9 10 11 12 13 14 15 16 17 18
12Z AVG MX 2MIN
DY MAX MIN AVG DEP HDD CDD WTR SNW DPTH SPD SPD DIR MIN PSBL S-S WX SPD DR
================================================================================
1 93 49 71 11 0 6 0.00 M M 5.1 14 330 M M 0 21 330
2 98 53 76 16 0 11 0.00 M M 5.4 14 70 M M 0 21 80
3 100 57 79 19 0 14 0.05 M M 6.4 28 280 M M 0 39 270
4 96 61 79 18 0 14 0.00 M M 8.1 22 350 M M 0 30 280
5 91 54 73 12 0 8 0.00 M M 13.6 33 270 M M 0 46 270
6 84 40 62 1 3 0 0.00 M M 10.0 28 280 M M 0 42 280
7 54 43 49 -12 16 0 0.00 M M 6.3 8 50 M M 0 M M
8 M M M M M M 0.00 M M M M M M M M M M
9 76 49 63 1 2 0 0.04 M M 10.7 24 10 M M 0 38 10
10 64 43 54 -8 11 0 0.60 M M 8.9 20 220 M M 0 26 300
11 77 48 63 1 2 0 0.00 M M 6.5 21 200 M M 0 28 210
12 84 52 68 5 0 3 0.00 M M 5.9 14 160 M M 0 19 180
13 97 53 75 12 0 10 0.00 M M 7.9 25 220 M M 0 36 230
14 94 66 80 16 0 15 0.00 M M 13.3 22 230 M M 0 36 220
15 88 59 74 10 0 9 0.00 M M 16.5 35 230 M M 0 52 260
16 86 41 64 0 1 0 0.00 M M 5.5 15 30 M M 0 21 20
17 94 51 73 9 0 8 0.00 M M 6.4 18 70 M M 0 25 60
18 98 53 76 11 0 11 0.00 M M 5.7 17 10 M M 0 23 280
19 98 52 75 10 0 10 0.00 M M 8.2 21 320 M M 0 28 310
20 94 52 73 7 0 8 0.00 M M 6.6 18 60 M M 0 25 60
21 100 54 77 11 0 12 0.00 M M 5.9 24 350 M M 0 31 360
22 93 58 76 10 0 11 0.01 M M 9.0 29 340 M M 0 40 280
23 88 52 70 3 0 5 0.00 M M 8.9 37 260 M M 0 48 250
24 95 50 73 6 0 8 0.00 M M 8.2 21 320 M M 0 29 320
25 92 54 73 6 0 8 0.00 M M 7.9 18 330 M M 0 26 310
26 96 56 76 8 0 11 0.00 M M 8.0 23 20 M M 0 30 20
27 100 61 81 13 0 16 0.00 M M 9.2 22 50 M M 0 29 60
28 103 64 84 16 0 19 0.00 M M 10.4 23 70 M M 0 35 100
29 104 66 85 16 0 20 0.00 M M 9.7 21 90 M M 0 30 100
30 101 64 83 14 0 18 0.00 M M 7.9 22 170 M M 0 33 210
================================================================================
SM 2638 1555 35 255 0.70 M 242.1 M 0
================================================================================
AV 91.0 53.6 8.3 FASTST M M 0 MAX(MPH)
MISC ----> 37 260 52 260
================================================================================
NOTES:
# LAST OF SEVERAL OCCURRENCES
COLUMN 17 PEAK WIND IN M.P.H.
PRELIMINARY LOCAL CLIMATOLOGICAL DATA (WS FORM: F-6) , PAGE 2
STATION: ROME OR
MONTH: JUNE
YEAR: 2021
LATITUDE: 42 35 N
LONGITUDE: 117 52 W
[TEMPERATURE DATA] [PRECIPITATION DATA] SYMBOLS USED IN COLUMN 16
AVERAGE MONTHLY: 72.3 TOTAL FOR MONTH: 0.70 1 = FOG OR MIST
DPTR FM NORMAL: 8.1 DPTR FM NORMAL: -0.28 2 = FOG REDUCING VISIBILITY
HIGHEST: 104 ON 29 GRTST 24HR 0.60 ON 10-10 TO 1/4 MILE OR LESS
LOWEST: 40 ON 6 3 = THUNDER
SNOW, ICE PELLETS, HAIL 4 = ICE PELLETS
TOTAL MONTH: M 5 = HAIL
GRTST 24HR M ON M 6 = FREEZING RAIN OR DRIZZLE
GRTST DEPTH: M ON M 7 = DUSTSTORM OR SANDSTORM:
VSBY 1/2 MILE OR LESS
8 = SMOKE OR HAZE
[NO. OF DAYS WITH] [WEATHER - DAYS WITH] 9 = BLOWING SNOW
X = TORNADO
MAX 32 OR BELOW: 0 0.01 INCH OR MORE: 4
MAX 90 OR ABOVE: 20 0.10 INCH OR MORE: 1
MIN 32 OR BELOW: 0 0.50 INCH OR MORE: 1
MIN 0 OR BELOW: 0 1.00 INCH OR MORE: 0
[HDD (BASE 65) ]
TOTAL THIS MO. 35 CLEAR (SCALE 0-3) 29
DPTR FM NORMAL -73 PTCLDY (SCALE 4-7) 0
TOTAL FM JUL 1 5725 CLOUDY (SCALE 8-10) 1
DPTR FM NORMAL -426
[CDD (BASE 65) ]
TOTAL THIS MO. 255
DPTR FM NORMAL 170 [PRESSURE DATA]
TOTAL FM JAN 1 262 HIGHEST SLP M ON M
DPTR FM NORMAL 160 LOWEST SLP 29.61 ON 6
[REMARKS]
#FINAL-06-21#