000
CXUS51 KAKQ 010710
CF6RIC
PRELIMINARY LOCAL CLIMATOLOGICAL DATA (WS FORM: F-6)
STATION: RICHMOND VA
MONTH: JULY
YEAR: 2023
LATITUDE: 37 30 N
LONGITUDE: 77 20 W
TEMPERATURE IN F: :PCPN: SNOW: WIND :SUNSHINE: SKY :PK WND
================================================================================
1 2 3 4 5 6A 6B 7 8 9 10 11 12 13 14 15 16 17 18
12Z AVG MX 2MIN
DY MAX MIN AVG DEP HDD CDD WTR SNW DPTH SPD SPD DIR MIN PSBL S-S WX SPD DR
================================================================================
1 91 68 80 1 0 15 0.21 0.0 0 7.3 26 270 M M 6 138 36 270
2 93 71 82 3 0 17 0.00 0.0 0 8.1 18 210 M M 7 1 23 210
3 94 73 84 5 0 19 0.05 0.0 0 10.3 21 180 M M 8 138 26 170
4 94 72 83 4 0 18 0.00 0.0 0 6.7 16 10 M M 5 8 19 360
5 92 74 83 4 0 18 0.00 0.0 0 4.0 14 210 M M 6 3 18 210
6 89 74 82 3 0 17 0.01 0.0 0 4.0 13 310 M M 7 3 15 300
7 90 73 82 3 0 17 0.73 0.0 0 3.6 30 250 M M 6 13 36 240
8 90 73 82 3 0 17 0.01 0.0 0 4.3 26 310 M M 7 3 33 310
9 88 72 80 0 0 15 0.16 0.0 0 4.4 25 280 M M 7 138 34 280
10 86 70 78 -2 0 13 0.00 0.0 0 4.6 14 330 M M 6 1 17 330
11 90 69 80 0 0 15 0.00 0.0 0 5.0 12 290 M M 3 15 270
12 93 69 81 1 0 16 0.00 0.0 0 4.4 17 280 M M 3 21 290
13 94 72 83 3 0 18 0.11 0.0 0 9.6 20 220 M M 5 13 25 240
14 89 71 80 0 0 15 0.13 0.0 0 9.2 16 210 M M 8 1 22 220
15 92 75 84 4 0 19 T 0.0 0 7.0 20 150 M M 8 138 25 140
16 88 73 81 1 0 16 2.03 0.0 0 6.7 18 300 M M 9 128 21 310
17 90 71 81 1 0 16 0.00 0.0 0 3.5 14 40 M M 4 8 19 20
18 91 72 82 2 0 17 0.00 0.0 0 6.4 15 220 M M 2 18 19 260
19 89 74 82 2 0 17 0.08 0.0 0 4.8 10 230 M M 7 138 13 200
20 90 73 82 2 0 17 0.00 0.0 0 4.5 13 20 M M 5 1 19 40
21 90 74 82 2 0 17 0.00 0.0 0 5.6 16 340 M M 6 20 350
22 85 68 77 -3 0 12 0.00 0.0 0 6.2 13 20 M M 6 17 20
23 88 65 77 -3 0 12 0.75 0.0 0 4.3 13 150 M M 4 13 18 140
24 86 68 77 -2 0 12 1.53 0.0 0 5.4 22 210 M M 7 13 27 210
25 93 70 82 3 0 17 0.00 0.0 0 5.0 16 70 M M 6 123 20 90
26 91 70 81 2 0 16 0.00 0.0 0 4.6 15 100 M M 2 18 100
27 96 75 86 7 0 21 0.00 0.0 0 10.9 21 200 M M 1 25 200
28 98 77 88 9 0 23 0.00 0.0 0 11.2 22 250 M M 4 27 250
29 97 76 87 8 0 22 T 0.0 0 12.5 33 240 M M 4 3 42 230
30 87 71 79 0 0 14 0.00 0.0 0 6.2 16 10 M M 5 22 20
31 90 68 79 0 0 14 0.02 0.0 0 5.5 17 140 M M 6 13 22 180
================================================================================
SM 2814 2221 0 512 5.82 0.0 195.8 M 170
================================================================================
AV 90.8 71.6 6.3 FASTST M M 5 MAX(MPH)
MISC ----> 33 240 42 230
================================================================================
NOTES:
# LAST OF SEVERAL OCCURRENCES
COLUMN 17 PEAK WIND IN M.P.H.
PRELIMINARY LOCAL CLIMATOLOGICAL DATA (WS FORM: F-6) , PAGE 2
STATION: RICHMOND VA
MONTH: JULY
YEAR: 2023
LATITUDE: 37 30 N
LONGITUDE: 77 20 W
[TEMPERATURE DATA] [PRECIPITATION DATA] SYMBOLS USED IN COLUMN 16
AVERAGE MONTHLY: 81.2 TOTAL FOR MONTH: 5.82 1 = FOG OR MIST
DPTR FM NORMAL: 1.8 DPTR FM NORMAL: 1.45 2 = FOG REDUCING VISIBILITY
HIGHEST: 98 ON 28 GRTST 24HR 2.28 ON 23-24 TO 1/4 MILE OR LESS
LOWEST: 65 ON 23 3 = THUNDER
SNOW, ICE PELLETS, HAIL 4 = ICE PELLETS
TOTAL MONTH: 0.0 INCH 5 = HAIL
GRTST 24HR 0.0 6 = FREEZING RAIN OR DRIZZLE
GRTST DEPTH: 0 7 = DUSTSTORM OR SANDSTORM:
VSBY 1/2 MILE OR LESS
8 = SMOKE OR HAZE
[NO. OF DAYS WITH] [WEATHER - DAYS WITH] 9 = BLOWING SNOW
X = TORNADO
MAX 32 OR BELOW: 0 0.01 INCH OR MORE: 13
MAX 90 OR ABOVE: 21 0.10 INCH OR MORE: 8
MIN 32 OR BELOW: 0 0.50 INCH OR MORE: 4
MIN 0 OR BELOW: 0 1.00 INCH OR MORE: 2
[HDD (BASE 65) ]
TOTAL THIS MO. 0 CLEAR (SCALE 0-3) 5
DPTR FM NORMAL 0 PTCLDY (SCALE 4-7) 25
TOTAL FM JUL 1 0 CLOUDY (SCALE 8-10) 1
DPTR FM NORMAL 0
[CDD (BASE 65) ]
TOTAL THIS MO. 512
DPTR FM NORMAL 67 [PRESSURE DATA]
TOTAL FM JAN 1 865 HIGHEST SLP M ON M
DPTR FM NORMAL -56 LOWEST SLP 29.73 ON 9
[REMARKS]
#FINAL-07-23#