000
CXUS51 KAKQ 010710
CF6RIC
PRELIMINARY LOCAL CLIMATOLOGICAL DATA (WS FORM: F-6)
STATION: RICHMOND VA
MONTH: MAY
YEAR: 2023
LATITUDE: 37 30 N
LONGITUDE: 77 20 W
TEMPERATURE IN F: :PCPN: SNOW: WIND :SUNSHINE: SKY :PK WND
================================================================================
1 2 3 4 5 6A 6B 7 8 9 10 11 12 13 14 15 16 17 18
12Z AVG MX 2MIN
DY MAX MIN AVG DEP HDD CDD WTR SNW DPTH SPD SPD DIR MIN PSBL S-S WX SPD DR
================================================================================
1 63 49 56 -7 9 0 T 0.0 0 12.7 25 230 M M 6 35 250
2 70 49 60 -3 5 0 T 0.0 0 11.4 26 260 M M 7 35 250
3 62 42 52 -12 13 0 T 0.0 0 9.7 26 320 M M 6 36 310
4 68 47 58 -6 7 0 0.00 0.0 0 7.0 21 340 M M 7 26 320
5 72 42 57 -7 8 0 0.00 0.0 0 3.8 14 330 M M 5 18 310
6 76 53 65 1 0 0 0.00 0.0 0 2.9 9 150 M M 7 13 160
7 84 52 68 4 0 3 0.41 0.0 0 5.9 30 240 M M 7 1 40 240
8 87 60 74 9 0 9 0.00 0.0 0 6.9 24 40 M M 7 1 31 30
9 74 52 63 -2 2 0 T 0.0 0 6.8 17 20 M M 7 25 20
10 76 49 63 -2 2 0 0.00 0.0 0 2.5 9 180 M M 3 12 130
11 82 53 68 2 0 3 0.00 0.0 0 6.2 16 200 M M 4 20 220
12 86 59 73 7 0 8 0.00 0.0 0 8.6 15 200 M M 6 21 210
13 82 65 74 8 0 9 0.11 0.0 0 9.6 20 190 M M 9 13 26 20
14 79 57 68 2 0 3 0.00 0.0 0 7.1 14 30 M M 6 20 110
15 72 53 63 -3 2 0 0.00 0.0 0 4.8 12 250 M M 9 15 230
16 81 62 72 5 0 7 2.78 0.0 0 10.7 23 330 M M 9 13 28 330
17 77 59 68 1 0 3 0.07 0.0 0 7.3 17 10 M M 7 1 23 330
18 71 52 62 -5 3 0 0.00 0.0 0 8.1 16 140 M M 7 20 130
19 74 55 65 -2 0 0 0.00 0.0 0 7.4 17 120 M M 8 24 130
20 83 59 71 3 0 6 0.03 0.0 0 7.6 16 360 M M 7 1 21 300
21 77 58 68 0 0 3 0.27 0.0 0 7.8 21 350 M M 4 1 25 340
22 80 56 68 0 0 3 0.00 0.0 0 7.5 17 40 M M 6 21 60
23 76 55 66 -2 0 1 0.00 0.0 0 9.5 20 50 M M 7 26 50
24 78 52 65 -4 0 0 0.00 0.0 0 7.0 16 30 M M 6 22 30
25 67 52 60 -9 5 0 0.00 0.0 0 7.4 17 20 M M 7 22 20
26 72 48 60 -9 5 0 0.00 0.0 0 8.6 22 30 M M 6 28 30
27 72 50 61 -9 4 0 T 0.0 0 11.3 22 70 M M 9 30 60
28 69 58 64 -6 1 0 0.38 0.0 0 11.3 21 50 M M 10 1 29 40
29 82 65 74 4 0 9 0.25 0.0 0 10.0 20 80 M M 9 13 24 70
30 70 60 65 -5 0 0 0.17 0.0 0 10.1 21 30 M M 10 18 26 30
31 77 55 66 -5 0 1 0.00 0.0 0 7.2 18 20 M M 5 18 19 40
================================================================================
SM 2339 1678 66 68 4.47 0.0 244.7 M 213
================================================================================
AV 75.5 54.1 7.9 FASTST M M 7 MAX(MPH)
MISC ----> 30 240 40 240
================================================================================
NOTES:
# LAST OF SEVERAL OCCURRENCES
COLUMN 17 PEAK WIND IN M.P.H.
PRELIMINARY LOCAL CLIMATOLOGICAL DATA (WS FORM: F-6) , PAGE 2
STATION: RICHMOND VA
MONTH: MAY
YEAR: 2023
LATITUDE: 37 30 N
LONGITUDE: 77 20 W
[TEMPERATURE DATA] [PRECIPITATION DATA] SYMBOLS USED IN COLUMN 16
AVERAGE MONTHLY: 64.8 TOTAL FOR MONTH: 4.47 1 = FOG OR MIST
DPTR FM NORMAL: -1.9 DPTR FM NORMAL: 0.47 2 = FOG REDUCING VISIBILITY
HIGHEST: 87 ON 8 GRTST 24HR 2.83 ON 16-17 TO 1/4 MILE OR LESS
LOWEST: 42 ON 5, 3 3 = THUNDER
SNOW, ICE PELLETS, HAIL 4 = ICE PELLETS
TOTAL MONTH: 0.0 INCH 5 = HAIL
GRTST 24HR 0.0 6 = FREEZING RAIN OR DRIZZLE
GRTST DEPTH: 0 7 = DUSTSTORM OR SANDSTORM:
VSBY 1/2 MILE OR LESS
8 = SMOKE OR HAZE
[NO. OF DAYS WITH] [WEATHER - DAYS WITH] 9 = BLOWING SNOW
X = TORNADO
MAX 32 OR BELOW: 0 0.01 INCH OR MORE: 9
MAX 90 OR ABOVE: 0 0.10 INCH OR MORE: 7
MIN 32 OR BELOW: 0 0.50 INCH OR MORE: 1
MIN 0 OR BELOW: 0 1.00 INCH OR MORE: 1
[HDD (BASE 65) ]
TOTAL THIS MO. 66 CLEAR (SCALE 0-3) 1
DPTR FM NORMAL -6 PTCLDY (SCALE 4-7) 22
TOTAL FM JUL 1 3030 CLOUDY (SCALE 8-10) 8
DPTR FM NORMAL -700
[CDD (BASE 65) ]
TOTAL THIS MO. 68
DPTR FM NORMAL -58 [PRESSURE DATA]
TOTAL FM JAN 1 125 HIGHEST SLP M ON M
DPTR FM NORMAL -43 LOWEST SLP 29.42 ON 1
[REMARKS]
#FINAL-05-23#