000
CXUS55 KRIW 040140
CF6RKS
PRELIMINARY LOCAL CLIMATOLOGICAL DATA (WS FORM: F-6)
STATION: ROCK SPRINGS WY
MONTH: AUGUST
YEAR: 2020
LATITUDE: 41 35 N
LONGITUDE: 109 4 W
TEMPERATURE IN F: :PCPN: SNOW: WIND :SUNSHINE: SKY :PK WND
================================================================================
1 2 3 4 5 6A 6B 7 8 9 10 11 12 13 14 15 16 17 18
12Z AVG MX 2MIN
DY MAX MIN AVG DEP HDD CDD WTR SNW DPTH SPD SPD DIR MIN PSBL S-S WX SPD DR
================================================================================
1 93 57 75 5 0 10 0.00 M M 11.7 33 60 M M 0 42 60
2 93 56 75 5 0 10 0.00 M M 7.5 17 50 M M 0 29 280
3 94 59 77 7 0 12 0.00 M M 8.2 26 270 M M 0 39 260
4 90 57 74 5 0 9 0.00 M M 8.2 31 300 M M 1 49 300
5 89 56 73 4 0 8 0.00 M M 5.4 16 60 M M 0 32 190
6 89 59 74 5 0 9 0.00 M M 9.1 26 210 M M 1 43 250
7 88 51 70 1 0 5 0.00 M M 9.4 23 270 M M 0 35 270
8 88 55 72 3 0 7 0.00 M M 7.6 26 270 M M 0 35 270
9 88 49 69 0 0 4 0.00 M M 10.7 28 240 M M 0 38 260
10 88 54 71 3 0 6 0.00 M M 7.6 29 320 M M 0 55 290
11 89 53 71 3 0 6 0.00 M M 7.8 31 300 M M 0 40 290
12 83 52 68 0 0 3 0.04 M M 8.3 54 220 M M 2 38 78 220
13 88 48 68 0 0 3 0.00 M M 12.7 37 270 M M 0 48 270
14 85 54 70 2 0 5 0.00 M M 15.2 31 250 M M 0 43 250
15 88 51 70 3 0 5 0.00 M M 10.1 23 250 M M 0 33 270
16 87 52 70 3 0 5 0.00 M M 4.4 13 240 M M 0 18 330
17 92 55 74 7 0 9 0.00 M M 4.2 12 330 M M 0 18 210
18 94 57 76 9 0 11 T M M 8.1 32 310 M M 0 49 310
19 90 57 74 8 0 9 0.00 M M 7.9 23 260 M M 0 34 260
20 88 59 74 8 0 9 T M M 9.4 44 220 M M 1 38 55 220
21 89 52 71 5 0 6 0.00 M M 7.4 24 290 M M 0 8 34 280
22 93 55 74 8 0 9 0.00 M M 6.3 32 250 M M 0 8 45 260
23 89 60 75 10 0 10 0.00 M M 7.2 35 250 M M 1 3 43 240
24 88 54 71 6 0 6 0.04 M M 5.6 20 160 M M 0 26 160
25 89 57 73 8 0 8 T M M 9.1 41 190 M M 1 54 180
26 88 53 71 7 0 6 0.01 M M 7.9 24 240 M M 2 29 260
27 89 58 74 10 0 9 T M M 10.5 43 200 M M 1 3 61 200
28 83 54 69 5 0 4 0.00 M M 8.0 20 70 M M 0 26 80
29 83 56 70 6 0 5 T M M 11.4 33 300 M M 2 3 49 310
30 83 46 65 2 0 0 0.00 M M 18.8 45 280 M M 0 61 290
31 64 38 51 -12 14 0 0.00 M M 7.6 23 340 M M 4 41 260
================================================================================
SM 2722 1674 14 208 0.09 M 273.3 M 16
================================================================================
AV 87.8 54.0 8.8 FASTST M M 1 MAX(MPH)
MISC ----> # 54 220 # 78 220
================================================================================
NOTES:
# LAST OF SEVERAL OCCURRENCES
COLUMN 17 PEAK WIND IN M.P.H.
PRELIMINARY LOCAL CLIMATOLOGICAL DATA (WS FORM: F-6) , PAGE 2
STATION: ROCK SPRINGS WY
MONTH: AUGUST
YEAR: 2020
LATITUDE: 41 35 N
LONGITUDE: 109 4 W
[TEMPERATURE DATA] [PRECIPITATION DATA] SYMBOLS USED IN COLUMN 16
AVERAGE MONTHLY: 70.9 TOTAL FOR MONTH: 0.09 1 = FOG OR MIST
DPTR FM NORMAL: 4.0 DPTR FM NORMAL: -0.53 2 = FOG REDUCING VISIBILITY
HIGHEST: 94 ON 18, 3 GRTST 24HR 0.04 ON 24-24 TO 1/4 MILE OR LESS
LOWEST: 38 ON 31 3 = THUNDER
SNOW, ICE PELLETS, HAIL 4 = ICE PELLETS
TOTAL MONTH: M 5 = HAIL
GRTST 24HR M ON M 6 = FREEZING RAIN OR DRIZZLE
GRTST DEPTH: M ON M 7 = DUSTSTORM OR SANDSTORM:
VSBY 1/2 MILE OR LESS
8 = SMOKE OR HAZE
[NO. OF DAYS WITH] [WEATHER - DAYS WITH] 9 = BLOWING SNOW
X = TORNADO
MAX 32 OR BELOW: 0 0.01 INCH OR MORE: 3
MAX 90 OR ABOVE: 8 0.10 INCH OR MORE: 0
MIN 32 OR BELOW: 0 0.50 INCH OR MORE: 0
MIN 0 OR BELOW: 0 1.00 INCH OR MORE: 0
[HDD (BASE 65) ]
TOTAL THIS MO. 14 CLEAR (SCALE 0-3) 30
DPTR FM NORMAL -26 PTCLDY (SCALE 4-7) 1
TOTAL FM JUL 1 21 CLOUDY (SCALE 8-10) 0
DPTR FM NORMAL -43
[CDD (BASE 65) ]
TOTAL THIS MO. 208
DPTR FM NORMAL 111 [PRESSURE DATA]
TOTAL FM JAN 1 431 HIGHEST SLP 30.25 ON 17
DPTR FM NORMAL 154 LOWEST SLP 29.65 ON 30
[REMARKS]
#FINAL-08-20#