000
CXUS56 KSGX 011045
CF6RNM
PRELIMINARY LOCAL CLIMATOLOGICAL DATA (WS FORM: F-6)
STATION: RAMONA AIRPORT CA
MONTH: APRIL
YEAR: 2021
LATITUDE: 33 2 N
LONGITUDE: 116 55 W
TEMPERATURE IN F: :PCPN: SNOW: WIND :SUNSHINE: SKY :PK WND
================================================================================
1 2 3 4 5 6A 6B 7 8 9 10 11 12 13 14 15 16 17 18
12Z AVG MX 2MIN
DY MAX MIN AVG DEP HDD CDD WTR SNW DPTH SPD SPD DIR MIN PSBL S-S WX SPD DR
================================================================================
1 87 43 65 11 0 0 0.00 M M 5.0 18 270 M M 0 22 260
2 76 36 56 2 9 0 0.00 M M 3.6 13 260 M M 0 12 17 270
3 79 33 56 2 9 0 0.00 M M 4.6 15 300 M M 2 12 19 300
4 82 35 59 5 6 0 0.00 M M 3.7 15 270 M M 0 1 19 270
5 76 35 56 2 9 0 0.00 M M 5.2 17 270 M M 1 1 21 270
6 76 46 61 7 4 0 0.00 M M 4.4 14 280 M M 3 1 19 280
7 83 40 62 8 3 0 0.00 M M 4.3 17 270 M M 0 1 20 260
8 78 40 59 4 6 0 0.00 M M 4.1 14 260 M M 0 18 260
9 79 38 59 4 6 0 0.00 M M 4.0 14 270 M M 2 12 17 270
10 79 39 59 4 6 0 0.00 M M 4.8 15 270 M M 1 12 20 270
11 74 47 61 6 4 0 0.00 M M 4.7 14 260 M M 6 128 21 280
12 71 53 62 7 3 0 0.00 M M 5.0 16 260 M M 7 1 22 310
13 60 46 53 -2 12 0 T M M 5.2 15 230 M M 10 1 18 230
14 64 45 55 -1 10 0 0.00 M M 5.7 16 270 M M 7 20 250
15 68 36 52 -4 13 0 0.00 M M 4.0 14 280 M M 2 1 20 250
16 73 38 56 0 9 0 0.00 M M 3.6 13 260 M M 4 12 19 290
17 75 49 62 6 3 0 0.00 M M 5.2 15 270 M M 4 1 19 270
18 84 38 61 5 4 0 0.00 M M 7.4 24 30 M M 0 1 32 70
19 88 37 63 7 2 0 0.00 M M 5.4 22 270 M M 0 26 270
20 78 34 56 -1 9 0 0.00 M M 4.6 15 170 M M 2 12 20 270
21 61 50 56 -1 9 0 T M M 6.4 15 180 M M 10 1 21 200
22 59 50 55 -2 10 0 0.01 M M 4.8 13 250 M M 10 18 14 250
23 64 51 58 1 7 0 0.01 M M 5.5 14 260 M M 10 1 17 270
24 69 48 59 2 6 0 0.00 M M 6.2 14 260 M M 5 20 320
25 69 50 60 2 5 0 T M M 5.0 17 260 M M 6 1 21 270
26 60 47 54 -4 11 0 0.17 M M 7.2 20 250 M M 8 18 24 250
27 63 39 51 -7 14 0 0.00 M M 3.9 15 260 M M 5 12 21 260
28 79 35 57 -1 8 0 0.00 M M 5.6 17 260 M M 0 1 23 300
29 92 38 65 7 0 0 0.00 M M 5.0 17 290 M M 0 23 280
30 96 46 71 12 0 6 0.00 M M 5.5 20 270 M M 0 23 290
================================================================================
SM 2242 1262 197 6 0.19 M 149.6 M 105
================================================================================
AV 74.7 42.1 5.0 FASTST M M 4 MAX(MPH)
MISC ----> 24 30 32 70
================================================================================
NOTES:
# LAST OF SEVERAL OCCURRENCES
COLUMN 17 PEAK WIND IN M.P.H.
PRELIMINARY LOCAL CLIMATOLOGICAL DATA (WS FORM: F-6) , PAGE 2
STATION: RAMONA AIRPORT CA
MONTH: APRIL
YEAR: 2021
LATITUDE: 33 2 N
LONGITUDE: 116 55 W
[TEMPERATURE DATA] [PRECIPITATION DATA] SYMBOLS USED IN COLUMN 16
AVERAGE MONTHLY: 58.4 TOTAL FOR MONTH: 0.19 1 = FOG OR MIST
DPTR FM NORMAL: 2.5 DPTR FM NORMAL: -1.21 2 = FOG REDUCING VISIBILITY
HIGHEST: 96 ON 30 GRTST 24HR 0.17 ON 25-26 TO 1/4 MILE OR LESS
LOWEST: 33 ON 3 3 = THUNDER
SNOW, ICE PELLETS, HAIL 4 = ICE PELLETS
TOTAL MONTH: M 5 = HAIL
GRTST 24HR M ON M 6 = FREEZING RAIN OR DRIZZLE
GRTST DEPTH: M ON M 7 = DUSTSTORM OR SANDSTORM:
VSBY 1/2 MILE OR LESS
8 = SMOKE OR HAZE
[NO. OF DAYS WITH] [WEATHER - DAYS WITH] 9 = BLOWING SNOW
X = TORNADO
MAX 32 OR BELOW: 0 0.01 INCH OR MORE: 3
MAX 90 OR ABOVE: 2 0.10 INCH OR MORE: 1
MIN 32 OR BELOW: 0 0.50 INCH OR MORE: 0
MIN 0 OR BELOW: 0 1.00 INCH OR MORE: 0
[HDD (BASE 65) ]
TOTAL THIS MO. 197 CLEAR (SCALE 0-3) 17
DPTR FM NORMAL -79 PTCLDY (SCALE 4-7) 9
TOTAL FM JUL 1 2229 CLOUDY (SCALE 8-10) 4
DPTR FM NORMAL -164
[CDD (BASE 65) ]
TOTAL THIS MO. 6
DPTR FM NORMAL 2 [PRESSURE DATA]
TOTAL FM JAN 1 7 HIGHEST SLP 30.13 ON 29
DPTR FM NORMAL 2 LOWEST SLP 29.70 ON 11
[REMARKS]
#FINAL-04-21#