000
CXUS56 KSGX 011145
CF6RNM
PRELIMINARY LOCAL CLIMATOLOGICAL DATA (WS FORM: F-6)
STATION: RAMONA AIRPORT CA
MONTH: JANUARY
YEAR: 2021
LATITUDE: 33 2 N
LONGITUDE: 116 55 W
TEMPERATURE IN F: :PCPN: SNOW: WIND :SUNSHINE: SKY :PK WND
================================================================================
1 2 3 4 5 6A 6B 7 8 9 10 11 12 13 14 15 16 17 18
12Z AVG MX 2MIN
DY MAX MIN AVG DEP HDD CDD WTR SNW DPTH SPD SPD DIR MIN PSBL S-S WX SPD DR
================================================================================
1 67 33 50 0 15 0 0.00 M M 4.2 13 260 M M 0 20 10
2 64 29 47 -3 18 0 0.00 M M 2.5 10 290 M M 1 14 300
3 63 28 46 -4 19 0 0.00 M M 2.3 10 290 M M 1 12 13 310
4 68 31 50 0 15 0 0.00 M M 4.3 16 270 M M 3 12 20 260
5 68 30 49 -1 16 0 0.00 M M 2.8 14 300 M M 3 12 15 280
6 72 33 53 3 12 0 0.00 M M 3.1 12 300 M M 0 1 14 300
7 75 30 53 3 12 0 0.00 M M 1.8 16 280 M M 0 1 21 270
8 73 31 52 2 13 0 0.00 M M 2.8 14 300 M M 0 18 17 300
9 73 24 49 -1 16 0 0.00 M M 3.4 12 280 M M 0 1 14 300
10 71 32 52 2 13 0 0.00 M M 6.4 14 40 M M 0 17 40
11 71 32 52 2 13 0 0.00 M M 8.0 22 90 M M 0 26 110
12 72 34 53 3 12 0 0.00 M M 3.8 13 260 M M 0 16 60
13 76 31 54 4 11 0 0.00 M M 2.9 16 300 M M 0 19 300
14 86 36 61 11 4 0 0.00 M M 3.3 14 50 M M 0 18 40
15 89 37 63 13 2 0 0.00 M M 5.1 20 70 M M 0 25 80
16 88 36 62 12 3 0 0.00 M M 5.4 16 40 M M 0 20 20
17 84 40 62 12 3 0 0.00 M M 4.7 13 260 M M 0 17 70
18 79 34 57 7 8 0 0.00 M M 2.1 15 270 M M 0 18 80
19 64 34 49 -1 16 0 0.00 M M 13.7 35 70 M M 5 12 45 60
20 64 54 59 9 6 0 T M M 13.1 29 60 M M 5 42 70
21 68 38 53 3 12 0 T M 0 4.6 13 280 M M 3 1 18 290
22 62 32 47 -3 18 0 0.02 M 0 4.9 17 240 M M 7 12 22 230
23 50 34 42 -8 23 0 0.62 M 0 4.8 17 270 M M 9 12 21 260
24 54 32 43 -7 22 0 0.20 M M 4.3 15 230 M M 8 12 21 180
25 48 36 42 -8 23 0 1.05 M M 17.6 35 260 M M 9 13 45 250
26 52 30 41 -9 24 0 0.22 M M 3.5 16 290 M M 3 1 21 290
27 60 26 43 -7 22 0 0.00 M M 3.1 10 300 M M 0 1 13 300
28 64 32 48 -2 17 0 T M M 4.5 16 180 M M 0 1 28 210
29 53 34 44 -6 21 0 0.91 M M 5.4 20 230 M M 10 12 26 220
30 61 30 46 -4 19 0 0.00 M M 3.0 10 300 M M 1 12 14 300
31 69 35 52 2 13 0 0.00 M M 6.4 14 70 M M 0 1 18 70
================================================================================
SM 2108 1028 441 0 3.02 M 157.8 M 68
================================================================================
AV 68.0 33.2 5.1 FASTST M M 2 MAX(MPH)
MISC ----> # 35 260 # 45 250
================================================================================
NOTES:
# LAST OF SEVERAL OCCURRENCES
COLUMN 17 PEAK WIND IN M.P.H.
PRELIMINARY LOCAL CLIMATOLOGICAL DATA (WS FORM: F-6) , PAGE 2
STATION: RAMONA AIRPORT CA
MONTH: JANUARY
YEAR: 2021
LATITUDE: 33 2 N
LONGITUDE: 116 55 W
[TEMPERATURE DATA] [PRECIPITATION DATA] SYMBOLS USED IN COLUMN 16
AVERAGE MONTHLY: 50.6 TOTAL FOR MONTH: 3.02 1 = FOG OR MIST
DPTR FM NORMAL: 0.4 DPTR FM NORMAL: -0.30 2 = FOG REDUCING VISIBILITY
HIGHEST: 89 ON 15 GRTST 24HR 1.11 ON 29-30 TO 1/4 MILE OR LESS
LOWEST: 24 ON 9 3 = THUNDER
SNOW, ICE PELLETS, HAIL 4 = ICE PELLETS
TOTAL MONTH: M 5 = HAIL
GRTST 24HR M ON M 6 = FREEZING RAIN OR DRIZZLE
GRTST DEPTH: 0 7 = DUSTSTORM OR SANDSTORM:
VSBY 1/2 MILE OR LESS
8 = SMOKE OR HAZE
[NO. OF DAYS WITH] [WEATHER - DAYS WITH] 9 = BLOWING SNOW
X = TORNADO
MAX 32 OR BELOW: 0 0.01 INCH OR MORE: 6
MAX 90 OR ABOVE: 0 0.10 INCH OR MORE: 5
MIN 32 OR BELOW: 16 0.50 INCH OR MORE: 3
MIN 0 OR BELOW: 0 1.00 INCH OR MORE: 1
[HDD (BASE 65) ]
TOTAL THIS MO. 441 CLEAR (SCALE 0-3) 23
DPTR FM NORMAL -18 PTCLDY (SCALE 4-7) 5
TOTAL FM JUL 1 1183 CLOUDY (SCALE 8-10) 3
DPTR FM NORMAL -170
[CDD (BASE 65) ]
TOTAL THIS MO. 0
DPTR FM NORMAL -1 [PRESSURE DATA]
TOTAL FM JAN 1 0 HIGHEST SLP 30.30 ON 2
DPTR FM NORMAL -1 LOWEST SLP 29.69 ON 25
[REMARKS]
#FINAL-01-21#