000
CXUS55 KABQ 031346
CF6ROW
PRELIMINARY LOCAL CLIMATOLOGICAL DATA (WS FORM: F-6)
STATION: ROSWELL NM
MONTH: OCTOBER
YEAR: 2021
LATITUDE: 33 17 N
LONGITUDE: 104 32 W
TEMPERATURE IN F: :PCPN: SNOW: WIND :SUNSHINE: SKY :PK WND
================================================================================
1 2 3 4 5 6A 6B 7 8 9 10 11 12 13 14 15 16 17 18
12Z AVG MX 2MIN
DY MAX MIN AVG DEP HDD CDD WTR SNW DPTH SPD SPD DIR MIN PSBL S-S WX SPD DR
================================================================================
1 75 55 65 -4 0 0 0.14 0.0 0 4.8 22 10 M M 7 13 29 10
2 80 50 65 -4 0 0 0.00 0.0 0 4.6 15 30 M M 0 17 20
3 83 52 68 0 0 3 0.00 0.0 0 4.4 9 200 M M 0 8 12 60
4 87 54 71 3 0 6 0.00 0.0 0 3.8 12 240 M M 0 15 250
5 89 54 72 4 0 7 0.00 0.0 0 4.5 10 100 M M 0 16 100
6 85 55 70 3 0 5 T 0.0 0 4.9 13 160 M M 1 20 130
7 91 53 72 5 0 7 0.00 0.0 0 6.9 20 210 M M 0 26 210
8 95 53 74 8 0 9 0.00 0.0 0 6.0 14 260 M M 0 22 240
9 99 57 78 12 0 13 0.00 0.0 0 10.3 23 200 M M 0 33 220
10 81 45 63 -3 2 0 0.00 0.0 0 11.5 38 330 M M 1 8 53 350
11 85 41 63 -2 2 0 0.00 0.0 0 10.5 31 180 M M 0 42 180
12 90 56 73 8 0 8 0.00 0.0 0 20.0 40 200 M M 1 56 210
13 81 45 63 -1 2 0 0.00 0.0 0 5.0 17 290 M M 0 24 290
14 80 44 62 -2 3 0 0.00 0.0 0 5.0 10 250 M M 0 15 60
15 69 45 57 -7 8 0 0.00 0.0 0 8.9 24 20 M M 0 8 31 30
16 71 38 55 -8 10 0 0.00 0.0 0 8.5 21 160 M M 0 8 28 140
17 75 41 58 -5 7 0 0.00 0.0 0 7.2 17 170 M M 0 23 180
18 84 51 68 6 0 3 0.00 0.0 0 8.7 24 190 M M 0 32 180
19 88 46 67 5 0 2 0.00 0.0 0 7.8 18 210 M M 0 28 230
20 81 45 63 1 2 0 0.00 0.0 0 4.6 13 10 M M 0 16 20
21 84 43 64 3 1 0 0.00 0.0 0 4.5 13 140 M M 0 16 140
22 86 48 67 6 0 2 0.00 0.0 0 7.3 16 180 M M 0 23 180
23 91 53 72 12 0 7 0.00 0.0 0 10.6 28 210 M M 0 38 220
24 85 51 68 8 0 3 0.00 0.0 0 4.1 12 160 M M 0 17 150
25 93 48 71 11 0 6 0.00 0.0 0 7.2 22 160 M M 0 29 170
26 87 51 69 10 0 4 T 0.0 0 16.0 37 270 M M 1 50 270
27 72 53 63 4 2 0 0.00 0.0 0 19.6 33 330 M M 0 43 330
28 74 41 58 0 7 0 0.00 0.0 0 4.8 16 340 M M 0 21 330
29 73 40 57 -1 8 0 0.00 0.0 0 3.9 10 280 M M 0 19 200
30 88 39 64 6 1 0 0.00 0.0 0 3.8 13 300 M M 0 8 16 330
31 71 47 59 2 6 0 0.00 0.0 0 7.7 23 10 M M 0 28 10
================================================================================
SM 2573 1494 61 85 0.14 0.0 237.4 M 11
================================================================================
AV 83.0 48.2 7.7 FASTST M M 0 MAX(MPH)
MISC ----> 40 200 56 210
================================================================================
NOTES:
# LAST OF SEVERAL OCCURRENCES
COLUMN 17 PEAK WIND IN M.P.H.
PRELIMINARY LOCAL CLIMATOLOGICAL DATA (WS FORM: F-6) , PAGE 2
STATION: ROSWELL NM
MONTH: OCTOBER
YEAR: 2021
LATITUDE: 33 17 N
LONGITUDE: 104 32 W
[TEMPERATURE DATA] [PRECIPITATION DATA] SYMBOLS USED IN COLUMN 16
AVERAGE MONTHLY: 65.6 TOTAL FOR MONTH: 0.14 1 = FOG OR MIST
DPTR FM NORMAL: 2.4 DPTR FM NORMAL: -1.19 2 = FOG REDUCING VISIBILITY
HIGHEST: 99 ON 9 GRTST 24HR 0.53 ON 30- 1 TO 1/4 MILE OR LESS
LOWEST: 38 ON 16 3 = THUNDER
SNOW, ICE PELLETS, HAIL 4 = ICE PELLETS
TOTAL MONTH: 0.0 INCH 5 = HAIL
GRTST 24HR 0.0 6 = FREEZING RAIN OR DRIZZLE
GRTST DEPTH: 0 7 = DUSTSTORM OR SANDSTORM:
VSBY 1/2 MILE OR LESS
8 = SMOKE OR HAZE
[NO. OF DAYS WITH] [WEATHER - DAYS WITH] 9 = BLOWING SNOW
X = TORNADO
MAX 32 OR BELOW: 0 0.01 INCH OR MORE: 1
MAX 90 OR ABOVE: 6 0.10 INCH OR MORE: 1
MIN 32 OR BELOW: 0 0.50 INCH OR MORE: 0
MIN 0 OR BELOW: 0 1.00 INCH OR MORE: 0
[HDD (BASE 65) ]
TOTAL THIS MO. 61 CLEAR (SCALE 0-3) 30
DPTR FM NORMAL -61 PTCLDY (SCALE 4-7) 1
TOTAL FM JUL 1 64 CLOUDY (SCALE 8-10) 0
DPTR FM NORMAL -67
[CDD (BASE 65) ]
TOTAL THIS MO. 85
DPTR FM NORMAL 18 [PRESSURE DATA]
TOTAL FM JAN 1 2172 HIGHEST SLP 30.37 ON 16
DPTR FM NORMAL -62 LOWEST SLP 29.35 ON 12
[REMARKS]
#FINAL-10-21#