000
CXUS52 KTBW 071344
CF6RSW
PRELIMINARY LOCAL CLIMATOLOGICAL DATA (WS FORM: F-6)
STATION: FORT MYERS SW INTL
MONTH: APRIL
YEAR: 2022
LATITUDE: 26 31 N
LONGITUDE: 81 45 W
TEMPERATURE IN F: :PCPN: SNOW: WIND :SUNSHINE: SKY :PK WND
================================================================================
1 2 3 4 5 6A 6B 7 8 9 10 11 12 13 14 15 16 17 18
12Z AVG MX 2MIN
DY MAX MIN AVG DEP HDD CDD WTR SNW DPTH SPD SPD DIR MIN PSBL S-S WX SPD DR
================================================================================
1 83 73 78 6 0 13 0.00 0.0 0 9.6 20 220 M M 3 26 240
2 90 68 79 7 0 14 0.13 0.0 0 8.3 21 230 M M 5 12 30 40
3 81 66 74 2 0 9 T 0.0 0 4.5 28 160 M M 4 35 160
4 90 66 78 6 0 13 T 0.0 0 7.1 21 90 M M 4 138 27 80
5 92 65 79 7 0 14 0.00 0.0 0 10.2 22 210 M M 4 1 30 180
6 91 72 82 9 0 17 0.00 0.0 0 11.4 21 240 M M 1 29 260
7 87 73 80 7 0 15 0.05 0.0 0 10.2 23 220 M M 3 31 220
8 78 63 71 -2 0 6 0.00 0.0 0 8.2 20 300 M M 2 31 300
9 78 57 68 -5 0 3 0.00 0.0 0 8.9 20 300 M M 2 33 300
10 80 47 64 -9 1 0 0.00 0.0 0 7.5 20 60 M M 0 26 30
11 86 54 70 -4 0 5 0.00 0.0 0 8.9 20 80 M M 0 29 130
12 88 59 74 0 0 9 0.00 0.0 0 9.4 18 120 M M 1 26 110
13 88 63 76 2 0 11 0.02 0.0 0 7.0 17 130 M M 3 24 180
14 88 66 77 3 0 12 T 0.0 0 7.7 17 250 M M 3 23 230
15 91 69 80 6 0 15 T 0.0 0 6.0 29 70 M M 4 3 40 60
16 91 68 80 6 0 15 0.27 0.0 0 6.4 26 140 M M 3 138 33 130
17 90 70 80 6 0 15 0.00 0.0 0 4.7 13 220 M M 3 19 170
18 92 71 82 8 0 17 0.02 0.0 0 5.2 15 310 M M 1 23 310
19 92 65 79 4 0 14 0.00 0.0 0 9.6 22 70 M M 0 27 70
20 87 60 74 -1 0 9 0.00 0.0 0 13.8 26 70 M M 1 36 60
21 88 64 76 1 0 11 0.00 0.0 0 13.8 26 80 M M 1 8 35 90
22 88 65 77 2 0 12 0.00 0.0 0 14.3 26 70 M M 1 38 60
23 88 62 75 0 0 10 0.00 0.0 0 12.3 25 80 M M 1 33 60
24 91 63 77 2 0 12 0.00 0.0 0 10.4 20 60 M M 2 29 90
25 91 67 79 4 0 14 0.00 0.0 0 8.0 21 80 M M 3 26 80
26 91 66 79 3 0 14 0.00 0.0 0 5.9 16 230 M M 2 21 260
27 87 69 78 2 0 13 0.37 0.0 0 5.1 16 130 M M 4 3 22 120
28 90 69 80 4 0 15 0.46 0.0 0 5.5 17 360 M M 4 138 27 10
29 89 70 80 4 0 15 1.79 0.0 0 6.2 25 90 M M 6 123 32 100
30 86 67 77 1 0 12 0.62 0.0 0 7.7 18 170 M M 4 13 25 170
================================================================================
SM 2632 1957 1 354 3.73 0.0 253.8 M 75
================================================================================
AV 87.7 65.2 8.5 FASTST M M 3 MAX(MPH)
MISC ----> 29 70 40 60
================================================================================
NOTES:
# LAST OF SEVERAL OCCURRENCES
COLUMN 17 PEAK WIND IN M.P.H.
PRELIMINARY LOCAL CLIMATOLOGICAL DATA (WS FORM: F-6) , PAGE 2
STATION: FORT MYERS SW INTL
MONTH: APRIL
YEAR: 2022
LATITUDE: 26 31 N
LONGITUDE: 81 45 W
[TEMPERATURE DATA] [PRECIPITATION DATA] SYMBOLS USED IN COLUMN 16
AVERAGE MONTHLY: 76.5 TOTAL FOR MONTH: 3.73 1 = FOG OR MIST
DPTR FM NORMAL: 2.5 DPTR FM NORMAL: 1.86 2 = FOG REDUCING VISIBILITY
HIGHEST: 92 ON 19,18 GRTST 24HR 1.93 ON 28-29 TO 1/4 MILE OR LESS
LOWEST: 47 ON 10 3 = THUNDER
SNOW, ICE PELLETS, HAIL 4 = ICE PELLETS
TOTAL MONTH: 0.0 INCH 5 = HAIL
GRTST 24HR 0.0 6 = FREEZING RAIN OR DRIZZLE
GRTST DEPTH: 0 7 = DUSTSTORM OR SANDSTORM:
VSBY 1/2 MILE OR LESS
8 = SMOKE OR HAZE
[NO. OF DAYS WITH] [WEATHER - DAYS WITH] 9 = BLOWING SNOW
X = TORNADO
MAX 32 OR BELOW: 0 0.01 INCH OR MORE: 9
MAX 90 OR ABOVE: 13 0.10 INCH OR MORE: 6
MIN 32 OR BELOW: 0 0.50 INCH OR MORE: 2
MIN 0 OR BELOW: 0 1.00 INCH OR MORE: 1
[HDD (BASE 65) ]
TOTAL THIS MO. 1 CLEAR (SCALE 0-3) 20
DPTR FM NORMAL -3 PTCLDY (SCALE 4-7) 10
TOTAL FM JUL 1 163 CLOUDY (SCALE 8-10) 0
DPTR FM NORMAL -101
[CDD (BASE 65) ]
TOTAL THIS MO. 354
DPTR FM NORMAL 79 [PRESSURE DATA]
TOTAL FM JAN 1 875 HIGHEST SLP 30.23 ON 22
DPTR FM NORMAL 242 LOWEST SLP 29.82 ON 3
[REMARKS]
#FINAL-04-22#