000
CXUS52 KTBW 021530
CF6RSW
PRELIMINARY LOCAL CLIMATOLOGICAL DATA (WS FORM: F-6)
STATION: FORT MYERS SW INTL
MONTH: MARCH
YEAR: 2021
LATITUDE: 26 31 N
LONGITUDE: 81 45 W
TEMPERATURE IN F: :PCPN: SNOW: WIND :SUNSHINE: SKY :PK WND
================================================================================
1 2 3 4 5 6A 6B 7 8 9 10 11 12 13 14 15 16 17 18
12Z AVG MX 2MIN
DY MAX MIN AVG DEP HDD CDD WTR SNW DPTH SPD SPD DIR MIN PSBL S-S WX SPD DR
================================================================================
1 86 68 77 10 0 12 0.00 0.0 0 6.5 16 240 M M 1 1 22 230
2 83 68 76 9 0 11 0.00 0.0 0 5.6 16 240 M M 4 12 21 230
3 78 60 69 2 0 4 0.27 0.0 0 10.9 23 240 M M 5 1 33 230
4 74 58 66 -1 0 1 0.00 0.0 0 6.4 13 360 M M 7 8 17 30
5 81 53 67 0 0 2 0.00 0.0 0 4.6 12 50 M M 0 8 15 50
6 75 58 67 0 0 2 0.53 0.0 0 6.9 15 60 M M 5 13 24 160
7 75 54 65 -2 0 0 0.00 0.0 0 11.1 20 50 M M 2 26 20
8 73 50 62 -6 3 0 0.00 0.0 0 12.8 25 60 M M 3 32 70
9 78 53 66 -2 0 1 0.00 0.0 0 12.5 24 80 M M 3 35 70
10 80 56 68 0 0 3 0.00 0.0 0 11.2 23 90 M M 2 28 80
11 82 57 70 2 0 5 0.00 0.0 0 10.2 20 90 M M 3 33 60
12 83 57 70 2 0 5 0.00 0.0 0 8.1 18 70 M M 1 25 70
13 85 58 72 4 0 7 0.00 0.0 0 5.9 13 80 M M 0 17 70
14 84 58 71 3 0 6 0.00 0.0 0 4.3 14 220 M M 1 16 240
15 83 61 72 4 0 7 0.00 0.0 0 4.1 14 250 M M 1 17 250
16 86 62 74 6 0 9 0.00 0.0 0 7.0 17 240 M M 1 1 22 150
17 86 62 74 6 0 9 0.00 0.0 0 7.4 16 240 M M 1 20 160
18 85 68 77 9 0 12 0.00 0.0 0 12.0 26 210 M M 3 1 33 200
19 78 58 68 -1 0 3 0.00 0.0 0 8.4 15 310 M M 5 23 270
20 75 56 66 -3 0 1 0.00 0.0 0 7.7 17 30 M M 8 24 40
21 71 55 63 -6 2 0 0.00 0.0 0 8.7 15 300 M M 9 28 240
22 75 58 67 -2 0 2 0.00 0.0 0 5.3 15 290 M M 6 23 290
23 78 56 67 -2 0 2 0.00 0.0 0 3.9 13 240 M M 2 1 19 220
24 84 56 70 1 0 5 0.00 0.0 0 3.4 12 230 M M 1 14 230
25 91 66 79 10 0 14 0.00 0.0 0 10.5 21 200 M M 1 1 26 200
26 90 70 80 10 0 15 0.00 0.0 0 8.5 16 230 M M 3 1 22 100
27 89 66 78 8 0 13 0.00 0.0 0 6.5 15 240 M M 3 12 23 110
28 88 69 79 9 0 14 0.00 0.0 0 7.7 18 230 M M 1 23 190
29 91 69 80 10 0 15 0.01 0.0 0 3.9 15 240 M M 4 17 240
30 90 70 80 10 0 15 T 0.0 0 8.1 17 230 M M 4 1 21 240
31 88 69 79 8 0 14 0.00 0.0 0 8.2 23 180 M M 1 1 26 190
================================================================================
SM 2545 1879 5 209 0.81 0.0 238.3 M 91
================================================================================
AV 82.1 60.6 7.7 FASTST M M 3 MAX(MPH)
MISC ----> 26 210 35 70
================================================================================
NOTES:
# LAST OF SEVERAL OCCURRENCES
COLUMN 17 PEAK WIND IN M.P.H.
PRELIMINARY LOCAL CLIMATOLOGICAL DATA (WS FORM: F-6) , PAGE 2
STATION: FORT MYERS SW INTL
MONTH: MARCH
YEAR: 2021
LATITUDE: 26 31 N
LONGITUDE: 81 45 W
[TEMPERATURE DATA] [PRECIPITATION DATA] SYMBOLS USED IN COLUMN 16
AVERAGE MONTHLY: 71.4 TOTAL FOR MONTH: 0.81 1 = FOG OR MIST
DPTR FM NORMAL: 3.0 DPTR FM NORMAL: -2.45 2 = FOG REDUCING VISIBILITY
HIGHEST: 91 ON 29,25 GRTST 24HR 0.53 ON 6- 6 TO 1/4 MILE OR LESS
LOWEST: 50 ON 8 3 = THUNDER
SNOW, ICE PELLETS, HAIL 4 = ICE PELLETS
TOTAL MONTH: 0.0 INCH 5 = HAIL
GRTST 24HR 0.0 6 = FREEZING RAIN OR DRIZZLE
GRTST DEPTH: 0 7 = DUSTSTORM OR SANDSTORM:
VSBY 1/2 MILE OR LESS
8 = SMOKE OR HAZE
[NO. OF DAYS WITH] [WEATHER - DAYS WITH] 9 = BLOWING SNOW
X = TORNADO
MAX 32 OR BELOW: 0 0.01 INCH OR MORE: 3
MAX 90 OR ABOVE: 4 0.10 INCH OR MORE: 2
MIN 32 OR BELOW: 0 0.50 INCH OR MORE: 1
MIN 0 OR BELOW: 0 1.00 INCH OR MORE: 0
[HDD (BASE 65) ]
TOTAL THIS MO. 5 CLEAR (SCALE 0-3) 19
DPTR FM NORMAL -28 PTCLDY (SCALE 4-7) 11
TOTAL FM JUL 1 206 CLOUDY (SCALE 8-10) 1
DPTR FM NORMAL -17
[CDD (BASE 65) ]
TOTAL THIS MO. 209
DPTR FM NORMAL 73 [PRESSURE DATA]
TOTAL FM JAN 1 481 HIGHEST SLP 30.44 ON 9
DPTR FM NORMAL 191 LOWEST SLP 29.88 ON 6
[REMARKS]
#FINAL-03-21#