000
CXUS52 KTBW 181000
CF6RSW
PRELIMINARY LOCAL CLIMATOLOGICAL DATA (WS FORM: F-6)
STATION: FORT MYERS SW INTL
MONTH: APRIL
YEAR: 2024
LATITUDE: 26 31 N
LONGITUDE: 81 45 W
TEMPERATURE IN F: :PCPN: SNOW: WIND :SUNSHINE: SKY :PK WND
================================================================================
1 2 3 4 5 6A 6B 7 8 9 10 11 12 13 14 15 16 17 18
12Z AVG MX 2MIN
DY MAX MIN AVG DEP HDD CDD WTR SNW DPTH SPD SPD DIR MIN PSBL S-S WX SPD DR
================================================================================
1 83 59 71 -1 0 6 0.00 0.0 0 5.5 17 230 M M 1 22 230
2 87 65 76 4 0 11 0.00 0.0 0 8.9 20 240 M M 1 27 210
3 86 66 76 4 0 11 0.05 0.0 0 16.9 36 220 M M 5 13 46 230
4 79 66 73 1 0 8 0.01 0.0 0 7.1 14 290 M M 3 3 24 290
5 80 57 69 -3 0 4 0.00 0.0 0 4.4 15 270 M M 0 22 300
6 80 60 70 -3 0 5 T 0.0 0 5.6 17 260 M M 0 26 270
7 84 58 71 -2 0 6 0.00 0.0 0 8.1 15 60 M M 0 25 80
8 82 59 71 -2 0 6 0.00 0.0 0 10.0 22 90 M M 0 30 90
9 85 62 74 1 0 9 0.00 0.0 0 9.3 20 150 M M 4 29 120
10 88 66 77 4 0 12 0.00 0.0 0 11.3 21 150 M M 0 27 140
11 86 72 79 5 0 14 0.07 0.0 0 15.3 35 200 M M 6 1 45 200
12 82 65 74 0 0 9 0.00 0.0 0 8.3 18 40 M M 0 26 50
13 84 60 72 -2 0 7 0.00 0.0 0 7.8 21 30 M M 0 28 30
14 86 55 71 -3 0 6 0.00 0.0 0 6.2 18 80 M M 0 25 70
15 87 57 72 -2 0 7 0.00 0.0 0 6.2 17 60 M M 0 23 50
16 88 58 73 -1 0 8 0.00 0.0 0 9.0 21 100 M M 0 33 100
17 88 64 76 2 0 11 0.00 0.0 0 7.4 18 130 M M 0 8 25 90
================================================================================
SM 1435 1049 0 140 0.13 0.0 147.3 M 20
================================================================================
AV 84.4 61.7 8.7 FASTST M M 1 MAX(MPH)
MISC ----> 36 220 46 230
================================================================================
NOTES:
# LAST OF SEVERAL OCCURRENCES
COLUMN 17 PEAK WIND IN M.P.H.
PRELIMINARY LOCAL CLIMATOLOGICAL DATA (WS FORM: F-6) , PAGE 2
STATION: FORT MYERS SW INTL
MONTH: APRIL
YEAR: 2024
LATITUDE: 26 31 N
LONGITUDE: 81 45 W
[TEMPERATURE DATA] [PRECIPITATION DATA] SYMBOLS USED IN COLUMN 16
AVERAGE MONTHLY: 73.1 TOTAL FOR MONTH: 0.13 1 = FOG OR MIST
DPTR FM NORMAL: -0.1 DPTR FM NORMAL: -0.87 2 = FOG REDUCING VISIBILITY
HIGHEST: 88 ON 16,10 GRTST 24HR 0.07 ON 11-11 TO 1/4 MILE OR LESS
LOWEST: 55 ON 14 3 = THUNDER
SNOW, ICE PELLETS, HAIL 4 = ICE PELLETS
TOTAL MONTH: 0.0 INCH 5 = HAIL
GRTST 24HR 0.0 6 = FREEZING RAIN OR DRIZZLE
GRTST DEPTH: 0 7 = DUSTSTORM OR SANDSTORM:
VSBY 1/2 MILE OR LESS
8 = SMOKE OR HAZE
[NO. OF DAYS WITH] [WEATHER - DAYS WITH] 9 = BLOWING SNOW
X = TORNADO
MAX 32 OR BELOW: 0 0.01 INCH OR MORE: 3
MAX 90 OR ABOVE: 0 0.10 INCH OR MORE: 0
MIN 32 OR BELOW: 0 0.50 INCH OR MORE: 0
MIN 0 OR BELOW: 0 1.00 INCH OR MORE: 0
[HDD (BASE 65) ]
TOTAL THIS MO. 0 CLEAR (SCALE 0-3) 14
DPTR FM NORMAL 0 PTCLDY (SCALE 4-7) 3
TOTAL FM JUL 1 73 CLOUDY (SCALE 8-10) 0
DPTR FM NORMAL -191
[CDD (BASE 65) ]
TOTAL THIS MO. 140
DPTR FM NORMAL 0 [PRESSURE DATA]
TOTAL FM JAN 1 439 HIGHEST SLP M ON M
DPTR FM NORMAL -59 LOWEST SLP 29.72 ON 3
[REMARKS]