000
CXUS54 KLZK 011130
CF6RUE
PRELIMINARY LOCAL CLIMATOLOGICAL DATA (WS FORM: F-6)
STATION: RUSSELLVILLE
MONTH: MARCH
YEAR: 2022
LATITUDE: 35 15 N
LONGITUDE: 93 6 W
TEMPERATURE IN F: :PCPN: SNOW: WIND :SUNSHINE: SKY :PK WND
================================================================================
1 2 3 4 5 6A 6B 7 8 9 10 11 12 13 14 15 16 17 18
12Z AVG MX 2MIN
DY MAX MIN AVG DEP HDD CDD WTR SNW DPTH SPD SPD DIR MIN PSBL S-S WX SPD DR
================================================================================
1 73 28 51 3 14 0 0.00 M M 1.9 10 280 M M 0 15 290
2 79 31 55 7 10 0 0.00 M M 1.3 9 250 M M 0 12 240
3 80 35 58 9 7 0 0.00 M M 1.3 8 200 M M 0 11 130
4 76 42 59 10 6 0 0.00 M M 3.7 14 180 M M 0 19 190
5 68 52 60 11 5 0 T M M 3.2 12 180 M M 8 16 190
6 74 49 62 12 3 0 0.31 M M 6.2 28 290 M M 7 13 39 280
7 52 33 43 -7 22 0 0.17 M M 10.5 20 280 M M 6 1 30 280
8 45 28 37 -13 28 0 0.06 M M 2.4 18 70 M M 4 1 24 70
9 57 33 45 -5 20 0 0.00 M M 2.0 9 170 M M 4 12 14 150
10 62 29 46 -5 19 0 0.00 M M 2.1 9 100 M M 0 1 14 90
11 41 30 36 -15 29 0 0.20 M M 7.3 18 360 M M 6 12 24 360
12 46 18 32 -19 33 0 0.00 M M 4.3 12 250 M M 0 16 320
13 66 30 48 -4 17 0 0.00 M M 6.3 16 180 M M 0 22 180
14 59 37 48 -4 17 0 0.08 M M 5.3 14 100 M M 6 1 23 110
15 66 43 55 3 10 0 0.18 M M 3.1 14 40 M M 8 1 19 30
16 73 37 55 2 10 0 0.00 M M 1.7 9 170 M M 4 12 12 200
17 77 44 61 8 4 0 0.07 M M 4.8 14 160 M M 2 13 23 210
18 62 46 54 1 11 0 0.00 M M 13.1 28 280 M M 9 37 290
19 70 37 54 0 11 0 0.00 M M 7.2 21 270 M M 0 26 280
20 79 34 57 3 8 0 0.00 M M 2.8 10 190 M M 0 M M
21 70 51 61 7 4 0 1.00 M M 7.1 23 290 M M 6 13 39 290
22 63 46 55 1 10 0 1.00 M M 9.6 21 100 M M 9 138 33 110
23 53 36 45 -10 20 0 0.00 M M 11.9 24 260 M M 8 33 270
24 56 32 44 -11 21 0 0.00 M M 4.7 18 290 M M 8 27 280
25 70 35 53 -2 12 0 0.00 M M 4.9 18 270 M M 1 25 310
26 72 34 53 -3 12 0 0.00 M M 1.3 9 260 M M 0 14 300
27 66 39 53 -3 12 0 0.00 M M 6.4 16 60 M M 0 23 80
28 68 43 56 0 9 0 0.00 M M 7.5 16 90 M M 1 24 100
29 77 53 65 9 0 0 0.00 M M 6.9 18 170 M M 4 28 190
30 72 45 59 2 6 0 0.89 M M 11.2 29 270 M M 9 13 37 260
31 53 32 43 -14 22 0 0.00 M M 10.1 25 280 M M 5 33 280
================================================================================
SM 2025 1162 412 0 3.96 M 172.1 M 115
================================================================================
AV 65.3 37.5 5.6 FASTST M M 4 MAX(MPH)
MISC ----> 29 270 # 39 280
================================================================================
NOTES:
# LAST OF SEVERAL OCCURRENCES
COLUMN 17 PEAK WIND IN M.P.H.
PRELIMINARY LOCAL CLIMATOLOGICAL DATA (WS FORM: F-6) , PAGE 2
STATION: RUSSELLVILLE
MONTH: MARCH
YEAR: 2022
LATITUDE: 35 15 N
LONGITUDE: 93 6 W
[TEMPERATURE DATA] [PRECIPITATION DATA] SYMBOLS USED IN COLUMN 16
AVERAGE MONTHLY: 51.4 TOTAL FOR MONTH: 3.96 1 = FOG OR MIST
DPTR FM NORMAL: -1.1 DPTR FM NORMAL: -0.41 2 = FOG REDUCING VISIBILITY
HIGHEST: 80 ON 3 GRTST 24HR 1.86 ON 21-22 TO 1/4 MILE OR LESS
LOWEST: 18 ON 12 3 = THUNDER
SNOW, ICE PELLETS, HAIL 4 = ICE PELLETS
TOTAL MONTH: M 5 = HAIL
GRTST 24HR M ON M 6 = FREEZING RAIN OR DRIZZLE
GRTST DEPTH: M ON M 7 = DUSTSTORM OR SANDSTORM:
VSBY 1/2 MILE OR LESS
8 = SMOKE OR HAZE
[NO. OF DAYS WITH] [WEATHER - DAYS WITH] 9 = BLOWING SNOW
X = TORNADO
MAX 32 OR BELOW: 0 0.01 INCH OR MORE: 10
MAX 90 OR ABOVE: 0 0.10 INCH OR MORE: 7
MIN 32 OR BELOW: 9 0.50 INCH OR MORE: 3
MIN 0 OR BELOW: 0 1.00 INCH OR MORE: 2
[HDD (BASE 65) ]
TOTAL THIS MO. 412 CLEAR (SCALE 0-3) 14
DPTR FM NORMAL 14 PTCLDY (SCALE 4-7) 14
TOTAL FM JUL 1 2822 CLOUDY (SCALE 8-10) 3
DPTR FM NORMAL -260
[CDD (BASE 65) ]
TOTAL THIS MO. 0
DPTR FM NORMAL -12 [PRESSURE DATA]
TOTAL FM JAN 1 0 HIGHEST SLP 30.47 ON 12
DPTR FM NORMAL -14 LOWEST SLP 29.28 ON 30
[REMARKS]
#FINAL-03-22#