000
CXUS52 KFFC 011110
CF6RYY
PRELIMINARY LOCAL CLIMATOLOGICAL DATA (WS FORM: F-6)
STATION: MARIETTA
MONTH: FEBRUARY
YEAR: 2024
LATITUDE: 34 0 N
LONGITUDE: 84 36 W
TEMPERATURE IN F: :PCPN: SNOW: WIND :SUNSHINE: SKY :PK WND
================================================================================
1 2 3 4 5 6A 6B 7 8 9 10 11 12 13 14 15 16 17 18
12Z AVG MX 2MIN
DY MAX MIN AVG DEP HDD CDD WTR SNW DPTH SPD SPD DIR MIN PSBL S-S WX SPD DR
================================================================================
1 59 27 43 M 22 0 0.00 M M 4.0 9 260 M M 0 M M
2 66 37 52 M 13 0 0.00 M M 3.3 10 290 M M 0 M M
3 61 38 50 M 15 0 0.00 M M 7.1 14 120 M M 0 31 110
4 49 42 46 M 19 0 0.19 M M 14.1 22 90 M M 8 35 100
5 62 41 52 M 13 0 T M M 8.5 17 90 M M 7 27 90
6 65 29 47 M 18 0 0.00 M M 2.5 9 300 M M 0 16 300
7 60 30 45 M 20 0 0.00 M M 3.0 14 90 M M 0 M M
8 57 37 47 M 18 0 0.00 M M 4.7 9 130 M M 0 M M
9 62 46 54 M 11 0 0.00 M M 2.7 7 99 M M 4 M M
10 66 47 57 M 8 0 0.13 M M 3.5 10 220 M M 6 M M
11 63 58 61 M 4 0 0.71 M M 4.4 12 270 M M 10 1 18 190
12 59 48 54 M 11 0 1.59 M M 8.6 24 270 M M 10 13 33 280
13 54 40 47 M 18 0 T M M 11.7 21 270 M M 5 33 280
14 64 39 52 M 13 0 0.00 M M 0.9 6 300 M M 0 M M
15 67 35 51 M 14 0 0.00 M M 3.7 15 280 M M 0 22 270
16 65 44 55 M 10 0 0.00 M M 3.7 10 210 M M 1 M M
17 57 35 46 M 19 0 0.05 M M 8.9 13 340 M M 5 1 24 320
18 51 28 40 M 25 0 0.00 M M 5.8 9 310 M M 0 M M
19 59 30 45 M 20 0 0.00 M M 4.4 8 310 M M 0 M M
20 61 29 45 M 20 0 0.00 M M 0.7 4 99 M M 2 M M
21 67 31 49 M 16 0 0.00 M M 2.8 8 220 M M 0 M M
22 70 39 55 M 10 0 0.00 M M 4.6 12 220 M M 3 21 220
23 66 50 58 M 7 0 0.28 M M 8.8 18 280 M M 6 33 280
24 63 38 51 M 14 0 0.00 M M 8.9 27 270 M M 2 36 270
25 64 29 47 M 18 0 0.00 M M 3.2 9 190 M M 0 M M
26 73 38 56 M 9 0 0.00 M M 5.1 12 220 M M 0 21 230
27 73 60 67 M 0 2 T M M 8.9 15 220 M M 5 3 29 220
28 74 42 58 M 7 0 0.22 M M 11.4 20 280 M M 8 13 47 280
29 52 35 44 M 21 0 0.00 M M 5.8 10 90 M M 2 17 340
================================================================================
SM 1809 1122 413 2 3.17 M 165.5 M 84
================================================================================
AV 62.4 38.7 5.7 FASTST M M 3 MAX(MPH)
MISC ----> 27 270 47 280
================================================================================
NOTES:
# LAST OF SEVERAL OCCURRENCES
COLUMN 17 PEAK WIND IN M.P.H.
PRELIMINARY LOCAL CLIMATOLOGICAL DATA (WS FORM: F-6) , PAGE 2
STATION: MARIETTA
MONTH: FEBRUARY
YEAR: 2024
LATITUDE: 34 0 N
LONGITUDE: 84 36 W
[TEMPERATURE DATA] [PRECIPITATION DATA] SYMBOLS USED IN COLUMN 16
AVERAGE MONTHLY: 50.5 TOTAL FOR MONTH: 3.17 1 = FOG OR MIST
DPTR FM NORMAL: 0.0 DPTR FM NORMAL: M 2 = FOG REDUCING VISIBILITY
HIGHEST: 74 ON 28 GRTST 24HR 1.59 ON 12-12 TO 1/4 MILE OR LESS
LOWEST: 27 ON 1 3 = THUNDER
SNOW, ICE PELLETS, HAIL 4 = ICE PELLETS
TOTAL MONTH: M 5 = HAIL
GRTST 24HR M ON M 6 = FREEZING RAIN OR DRIZZLE
GRTST DEPTH: M ON M 7 = DUSTSTORM OR SANDSTORM:
VSBY 1/2 MILE OR LESS
8 = SMOKE OR HAZE
[NO. OF DAYS WITH] [WEATHER - DAYS WITH] 9 = BLOWING SNOW
X = TORNADO
MAX 32 OR BELOW: 0 0.01 INCH OR MORE: 7
MAX 90 OR ABOVE: 0 0.10 INCH OR MORE: 6
MIN 32 OR BELOW: 8 0.50 INCH OR MORE: 2
MIN 0 OR BELOW: 0 1.00 INCH OR MORE: 1
[HDD (BASE 65) ]
TOTAL THIS MO. 413 CLEAR (SCALE 0-3) 18
DPTR FM NORMAL M PTCLDY (SCALE 4-7) 9
TOTAL FM JUL 1 2136 CLOUDY (SCALE 8-10) 2
DPTR FM NORMAL M
[CDD (BASE 65) ]
TOTAL THIS MO. 2
DPTR FM NORMAL M [PRESSURE DATA]
TOTAL FM JAN 1 2 HIGHEST SLP M ON M
DPTR FM NORMAL M LOWEST SLP M ON M
[REMARKS]
#FINAL-02-24#