000
CXUS56 KSTO 150921
CF6SAC
PRELIMINARY LOCAL CLIMATOLOGICAL DATA (WS FORM: F-6)
STATION: SACRAMENTO EXEC. AIRPORT CA
MONTH: AUGUST
YEAR: 2022
LATITUDE: 38 31 N
LONGITUDE: 121 30 W
TEMPERATURE IN F: :PCPN: SNOW: WIND :SUNSHINE: SKY :PK WND
================================================================================
1 2 3 4 5 6A 6B 7 8 9 10 11 12 13 14 15 16 17 18
12Z AVG MX 2MIN
DY MAX MIN AVG DEP HDD CDD WTR SNW DPTH SPD SPD DIR MIN PSBL S-S WX SPD DR
================================================================================
1 85 63 74 -2 0 9 0.00 M M 5.2 12 220 M M 0 15 210
2 100 66 83 7 0 18 0.00 M M 5.1 17 220 M M 0 22 200
3 101 66 84 8 0 19 0.00 0.0 M 5.7 14 220 M M 0 18 230
4 98 68 83 7 0 18 0.00 M M 9.8 18 210 M M 0 25 200
5 88 63 76 0 0 11 0.00 0.0 M 10.9 16 210 M M 1 23 190
6 89 62 76 0 0 11 0.00 0.0 M 9.0 15 220 M M 0 22 210
7 91 60 76 0 0 11 0.00 M M 8.4 20 210 M M 0 26 230
8 91 60 76 0 0 11 0.00 0.0 M 7.9 18 220 M M 0 25 220
9 89 63 76 0 0 11 0.00 M M 9.3 18 230 M M 0 24 210
10 90 59 75 -1 0 10 0.00 M M 6.2 13 190 M M 0 20 220
11 93 62 78 2 0 13 0.00 0.0 M 6.7 16 210 M M 0 23 30
12 93 60 77 1 0 12 0.00 0.0 M 7.4 17 220 M M 0 23 220
13 96 59 78 2 0 13 0.00 0.0 M 5.0 14 220 M M 0 18 220
14 100 59 80 4 0 15 0.00 M M 4.5 14 220 M M 0 16 220
15 102 62 82 7 0 17 0.00 M M 3.7 12 210 M M 0 25 330
16 106 62 84 9 0 19 0.00 0.0 0 3.9 14 150 M M 0 24 150
17 93 69 81 6 0 16 0.00 0.0 0 4.2 14 220 M M 1 26 170
18 100 62 81 6 0 16 0.00 M M 6.1 17 220 M M 0 22 220
19 99 61 80 5 0 15 0.00 M M 5.7 15 220 M M 0 20 220
20 103 62 83 8 0 18 0.00 M M 4.7 13 210 M M 0 17 210
21 91 62 77 2 0 12 0.00 M M 9.9 22 230 M M 0 26 220
22 97 59 78 3 0 13 0.00 M M 4.8 14 210 M M 0 21 200
23 100 64 82 7 0 17 0.00 M M 4.7 10 220 M M 0 16 220
24 96 65 81 6 0 16 0.00 M M 8.0 14 210 M M 0 18 220
25 90 59 75 0 0 10 0.00 M M 9.2 16 220 M M 0 21 230
26 95 58 77 2 0 12 0.00 M M 5.4 13 230 M M 0 17 250
27 90 59 75 0 0 10 0.00 M M 8.3 15 210 M M 0 19 240
28 89 58 74 -1 0 9 0.00 M M 7.6 15 220 M M 0 19 230
29 93 59 76 1 0 11 0.00 M M 5.8 13 200 M M 0 19 230
30 94 61 78 3 0 13 0.00 M M 5.6 12 210 M M 0 16 180
31 98 59 79 5 0 14 0.00 M M 5.0 15 320 M M 0 17 310
================================================================================
SM 2940 1911 0 420 0.00 0.0 203.7 M 2
================================================================================
AV 94.8 61.6 6.6 FASTST M M 0 MAX(MPH)
MISC ----> 22 230 # 26 230
================================================================================
NOTES:
# LAST OF SEVERAL OCCURRENCES
COLUMN 17 PEAK WIND IN M.P.H.
PRELIMINARY LOCAL CLIMATOLOGICAL DATA (WS FORM: F-6) , PAGE 2
STATION: SACRAMENTO EXEC. AIRPORT CA
MONTH: AUGUST
YEAR: 2022
LATITUDE: 38 31 N
LONGITUDE: 121 30 W
[TEMPERATURE DATA] [PRECIPITATION DATA] SYMBOLS USED IN COLUMN 16
AVERAGE MONTHLY: 78.2 TOTAL FOR MONTH: 0.00 1 = FOG OR MIST
DPTR FM NORMAL: 2.9 DPTR FM NORMAL: -0.04 2 = FOG REDUCING VISIBILITY
HIGHEST: 106 ON 16 GRTST 24HR 0.00 ON 4- 4 TO 1/4 MILE OR LESS
LOWEST: 58 ON 28,26 3 = THUNDER
SNOW, ICE PELLETS, HAIL 4 = ICE PELLETS
TOTAL MONTH: 0.0 INCH 5 = HAIL
GRTST 24HR 0.0 6 = FREEZING RAIN OR DRIZZLE
GRTST DEPTH: 0 7 = DUSTSTORM OR SANDSTORM:
VSBY 1/2 MILE OR LESS
8 = SMOKE OR HAZE
[NO. OF DAYS WITH] [WEATHER - DAYS WITH] 9 = BLOWING SNOW
X = TORNADO
MAX 32 OR BELOW: 0 0.01 INCH OR MORE: 0
MAX 90 OR ABOVE: 26 0.10 INCH OR MORE: 0
MIN 32 OR BELOW: 0 0.50 INCH OR MORE: 0
MIN 0 OR BELOW: 0 1.00 INCH OR MORE: 0
[HDD (BASE 65) ]
TOTAL THIS MO. 0 CLEAR (SCALE 0-3) 31
DPTR FM NORMAL 0 PTCLDY (SCALE 4-7) 0
TOTAL FM JUL 1 0 CLOUDY (SCALE 8-10) 0
DPTR FM NORMAL 0
[CDD (BASE 65) ]
TOTAL THIS MO. 420
DPTR FM NORMAL 99 [PRESSURE DATA]
TOTAL FM JAN 1 1256 HIGHEST SLP 30.05 ON 10
DPTR FM NORMAL 259 LOWEST SLP 29.67 ON 19
[REMARKS]
#FINAL-08-22#