000
CXUS56 KSTO 110616
CF6SAC
PRELIMINARY LOCAL CLIMATOLOGICAL DATA (WS FORM: F-6)
STATION: SACRAMENTO EXEC. AIRPORT CA
MONTH: MAY
YEAR: 2021
LATITUDE: 38 31 N
LONGITUDE: 121 30 W
TEMPERATURE IN F: :PCPN: SNOW: WIND :SUNSHINE: SKY :PK WND
================================================================================
1 2 3 4 5 6A 6B 7 8 9 10 11 12 13 14 15 16 17 18
12Z AVG MX 2MIN
DY MAX MIN AVG DEP HDD CDD WTR SNW DPTH SPD SPD DIR MIN PSBL S-S WX SPD DR
================================================================================
1 83 50 67 4 0 2 0.00 M M 7.4 16 220 M M 0 25 210
2 85 49 67 4 0 2 0.00 M M 10.1 25 330 M M 0 33 330
3 90 62 76 13 0 11 0.00 M M 13.5 26 310 M M 0 32 310
4 91 57 74 10 0 9 0.00 M M 5.1 12 340 M M 0 M M
5 93 54 74 10 0 9 0.00 M M 5.5 15 240 M M 0 M M
6 84 51 68 4 0 3 0.00 M M 10.1 21 220 M M 0 31 210
7 82 51 67 3 0 2 0.00 0.0 M 6.2 14 320 M M 0 8 21 190
8 88 61 75 11 0 10 0.00 0.0 M 17.2 29 340 M M 0 36 330
9 89 62 76 11 0 11 0.00 0.0 M 12.5 24 330 M M 0 32 330
10 91 63 77 12 0 12 0.00 0.0 M 12.8 24 330 M M 0 8 30 310
11 94 53 74 9 0 9 0.00 0.0 M 2.1 8 250 M M 0 M M
12 93 57 75 10 0 10 0.00 0.0 M 5.8 14 220 M M 0 21 240
13 86 52 69 3 0 4 0.00 M M 7.6 12 210 M M 0 18 190
14 80 51 66 0 0 1 0.00 0.0 M 10.1 18 200 M M 0 31 200
15 73 52 63 -3 2 0 0.00 0.0 M 9.2 16 240 M M 5 23 180
16 75 52 64 -2 1 0 0.00 0.0 M 11.0 18 210 M M 0 25 200
17 74 50 62 -4 3 0 0.00 0.0 M 9.3 21 220 M M 0 28 230
18 84 52 68 1 0 3 0.00 0.0 M 8.0 20 220 M M 0 27 220
19 76 50 63 -4 2 0 0.00 0.0 M 8.9 20 210 M M 0 29 210
20 73 43 58 -9 7 0 0.01 M M 9.1 21 340 M M 1 33 290
21 75 51 63 -4 2 0 0.00 0.0 M 11.3 23 320 M M 1 30 320
22 80 46 63 -5 2 0 0.00 0.0 M 7.7 22 230 M M 0 28 240
23 80 52 66 -2 0 1 0.00 M M 6.9 16 200 M M 0 26 190
24 87 54 71 3 0 6 0.00 M M 6.3 18 230 M M 0 23 220
25 84 59 72 4 0 7 0.00 0.0 M 6.1 17 230 M M 0 21 220
26 88 52 70 2 0 5 0.00 0.0 M 5.9 17 230 M M 0 23 230
27 87 52 70 2 0 5 0.00 M M 7.2 17 230 M M 0 22 220
28 88 58 73 4 0 8 0.00 0.0 M 6.1 16 230 M M 0 21 210
29 83 53 68 -1 0 3 0.00 0.0 M 10.2 17 200 M M 0 24 210
30 98 52 75 6 0 10 0.00 0.0 M 5.1 12 220 M M 0 14 190
31 105 62 84 15 0 19 0.00 0.0 M 4.9 14 240 M M 0 17 270
================================================================================
SM 2639 1663 19 162 0.01 0.0 259.2 M 7
================================================================================
AV 85.1 53.6 8.4 FASTST M M 0 MAX(MPH)
MISC ----> 29 340 36 330
================================================================================
NOTES:
# LAST OF SEVERAL OCCURRENCES
COLUMN 17 PEAK WIND IN M.P.H.
PRELIMINARY LOCAL CLIMATOLOGICAL DATA (WS FORM: F-6) , PAGE 2
STATION: SACRAMENTO EXEC. AIRPORT CA
MONTH: MAY
YEAR: 2021
LATITUDE: 38 31 N
LONGITUDE: 121 30 W
[TEMPERATURE DATA] [PRECIPITATION DATA] SYMBOLS USED IN COLUMN 16
AVERAGE MONTHLY: 69.4 TOTAL FOR MONTH: 0.01 1 = FOG OR MIST
DPTR FM NORMAL: 3.3 DPTR FM NORMAL: -0.74 2 = FOG REDUCING VISIBILITY
HIGHEST: 105 ON 31 GRTST 24HR 0.01 ON 20-20 TO 1/4 MILE OR LESS
LOWEST: 43 ON 20 3 = THUNDER
SNOW, ICE PELLETS, HAIL 4 = ICE PELLETS
TOTAL MONTH: 0.0 INCH 5 = HAIL
GRTST 24HR 0.0 6 = FREEZING RAIN OR DRIZZLE
GRTST DEPTH: M ON M 7 = DUSTSTORM OR SANDSTORM:
VSBY 1/2 MILE OR LESS
8 = SMOKE OR HAZE
[NO. OF DAYS WITH] [WEATHER - DAYS WITH] 9 = BLOWING SNOW
X = TORNADO
MAX 32 OR BELOW: 0 0.01 INCH OR MORE: 1
MAX 90 OR ABOVE: 8 0.10 INCH OR MORE: 0
MIN 32 OR BELOW: 0 0.50 INCH OR MORE: 0
MIN 0 OR BELOW: 0 1.00 INCH OR MORE: 0
[HDD (BASE 65) ]
TOTAL THIS MO. 19 CLEAR (SCALE 0-3) 30
DPTR FM NORMAL -41 PTCLDY (SCALE 4-7) 1
TOTAL FM JUL 1 2216 CLOUDY (SCALE 8-10) 0
DPTR FM NORMAL -212
[CDD (BASE 65) ]
TOTAL THIS MO. 162
DPTR FM NORMAL 67 [PRESSURE DATA]
TOTAL FM JAN 1 186 HIGHEST SLP 30.12 ON 24
DPTR FM NORMAL 72 LOWEST SLP 29.73 ON 30
[REMARKS]
#FINAL-05-21#