642
CXUS56 KSTO 031744
CF6SAC
PRELIMINARY LOCAL CLIMATOLOGICAL DATA (WS FORM: F-6)
STATION: SACRAMENTO EXEC. AIRPORT CA
MONTH: MARCH
YEAR: 2021
LATITUDE: 38 31 N
LONGITUDE: 121 30 W
TEMPERATURE IN F: :PCPN: SNOW: WIND :SUNSHINE: SKY :PK WND
================================================================================
1 2 3 4 5 6A 6B 7 8 9 10 11 12 13 14 15 16 17 18
12Z AVG MX 2MIN
DY MAX MIN AVG DEP HDD CDD WTR SNW DPTH SPD SPD DIR MIN PSBL S-S WX SPD DR
================================================================================
1 70 37 54 1 11 0 0.00 0.0 0 2.2 9 220 M M 0 14 210
2 71 41 56 3 9 0 0.00 0.0 0 3.6 9 350 M M 0 14 10
3 66 39 53 0 12 0 0.00 0.0 0 6.7 21 220 M M 0 31 230
4 65 41 53 -1 12 0 0.00 0.0 0 6.0 16 200 M M 0 25 210
5 66 40 53 -1 12 0 T M 0 6.5 15 240 M M 0 21 250
6 62 43 53 -1 12 0 0.13 M 0 5.6 18 220 M M 1 1 25 220
7 65 37 51 -3 14 0 0.00 0.0 0 4.5 13 210 M M 0 1 19 200
8 59 41 50 -4 15 0 T 0.0 0 9.4 18 230 M M 3 25 210
9 58 40 49 -5 16 0 0.29 0.0 0 4.5 23 230 M M 7 13 30 230
10 55 39 47 -7 18 0 0.12 0.0 0 7.1 15 280 M M 6 13 21 280
11 59 36 48 -6 17 0 0.00 0.0 0 5.9 17 360 M M 1 1 21 360
12 70 34 52 -2 13 0 0.00 0.0 0 4.4 18 320 M M 0 1 24 310
13 64 40 52 -2 13 0 0.00 0.0 0 8.4 15 190 M M 0 21 220
14 57 41 49 -5 16 0 0.12 0.0 0 8.2 16 240 M M 4 1 24 220
15 55 37 46 -8 19 0 0.00 0.0 0 6.2 16 220 M M 3 23 230
16 60 34 47 -8 18 0 0.00 0.0 0 3.7 10 170 M M 0 15 180
17 59 36 48 -7 17 0 0.00 0.0 0 2.4 9 230 M M 2 23 260
18 57 48 53 -2 12 0 0.40 0.0 0 3.5 9 240 M M 10 1 12 150
19 62 45 54 -1 11 0 0.00 0.0 0 4.9 14 230 M M 8 12 17 230
20 62 38 50 -5 15 0 0.00 0.0 0 4.0 12 330 M M 1 17 280
21 68 42 55 0 10 0 0.00 0.0 0 9.6 21 320 M M 0 28 310
22 65 45 55 0 10 0 0.00 0.0 0 4.8 12 170 M M 2 16 170
23 68 45 57 2 8 0 0.00 0.0 0 17.0 30 340 M M 0 40 340
24 70 44 57 2 8 0 0.00 0.0 0 6.5 14 220 M M 1 19 360
25 67 43 55 0 10 0 0.00 0.0 0 5.8 17 350 M M 0 24 320
26 75 46 61 6 4 0 0.00 0.0 0 9.3 21 360 M M 0 26 350
27 76 40 58 2 7 0 0.00 0.0 0 3.1 8 160 M M 0 13 120
28 79 44 62 6 3 0 0.00 0.0 0 3.5 10 220 M M 0 13 220
29 75 44 60 4 5 0 0.00 0.0 0 8.1 16 320 M M 0 21 340
30 80 51 66 10 0 1 0.00 0.0 0 17.2 31 340 M M 0 42 350
31 83 45 64 8 1 0 0.00 0.0 0 2.8 9 350 M M 0 20 270
================================================================================
SM 2048 1276 348 1 1.06 0.0 195.4 M 49
================================================================================
AV 66.1 41.2 6.3 FASTST M M 2 MAX(MPH)
MISC ----> # 31 340 # 42 350
================================================================================
NOTES:
# LAST OF SEVERAL OCCURRENCES
COLUMN 17 PEAK WIND IN M.P.H.
PRELIMINARY LOCAL CLIMATOLOGICAL DATA (WS FORM: F-6) , PAGE 2
STATION: SACRAMENTO EXEC. AIRPORT CA
MONTH: MARCH
YEAR: 2021
LATITUDE: 38 31 N
LONGITUDE: 121 30 W
[TEMPERATURE DATA] [PRECIPITATION DATA] SYMBOLS USED IN COLUMN 16
AVERAGE MONTHLY: 53.6 TOTAL FOR MONTH: 1.06 1 = FOG OR MIST
DPTR FM NORMAL: -1.0 DPTR FM NORMAL: -1.69 2 = FOG REDUCING VISIBILITY
HIGHEST: 83 ON 31 GRTST 24HR 0.40 ON 18-18 TO 1/4 MILE OR LESS
LOWEST: 34 ON 16,12 3 = THUNDER
SNOW, ICE PELLETS, HAIL 4 = ICE PELLETS
TOTAL MONTH: 0.0 INCH 5 = HAIL
GRTST 24HR 0.0 6 = FREEZING RAIN OR DRIZZLE
GRTST DEPTH: 0 7 = DUSTSTORM OR SANDSTORM:
VSBY 1/2 MILE OR LESS
8 = SMOKE OR HAZE
[NO. OF DAYS WITH] [WEATHER - DAYS WITH] 9 = BLOWING SNOW
X = TORNADO
MAX 32 OR BELOW: 0 0.01 INCH OR MORE: 5
MAX 90 OR ABOVE: 0 0.10 INCH OR MORE: 5
MIN 32 OR BELOW: 0 0.50 INCH OR MORE: 0
MIN 0 OR BELOW: 0 1.00 INCH OR MORE: 0
[HDD (BASE 65) ]
TOTAL THIS MO. 348 CLEAR (SCALE 0-3) 24
DPTR FM NORMAL 25 PTCLDY (SCALE 4-7) 6
TOTAL FM JUL 1 2100 CLOUDY (SCALE 8-10) 1
DPTR FM NORMAL -233
[CDD (BASE 65) ]
TOTAL THIS MO. 1
DPTR FM NORMAL 0 [PRESSURE DATA]
TOTAL FM JAN 1 1 HIGHEST SLP 30.31 ON 20
DPTR FM NORMAL 0 LOWEST SLP 29.72 ON 3
[REMARKS]
#FINAL-03-21#