000
CXUS55 KABQ 011149
CF6SAF
PRELIMINARY LOCAL CLIMATOLOGICAL DATA (WS FORM: F-6)
STATION: SANTA FE NM
MONTH: APRIL
YEAR: 2022
LATITUDE: 35 37 N
LONGITUDE: 106 5 W
TEMPERATURE IN F: :PCPN: SNOW: WIND :SUNSHINE: SKY :PK WND
================================================================================
1 2 3 4 5 6A 6B 7 8 9 10 11 12 13 14 15 16 17 18
12Z AVG MX 2MIN
DY MAX MIN AVG DEP HDD CDD WTR SNW DPTH SPD SPD DIR MIN PSBL S-S WX SPD DR
================================================================================
1 61 33 47 0 18 0 0.01 M M 7.7 25 330 M M 5 1 35 330
2 69 28 49 2 16 0 0.00 M M 8.4 23 240 M M 0 32 230
3 70 34 52 4 13 0 0.00 M M 8.6 24 100 M M 1 32 110
4 66 36 51 3 14 0 0.00 M M 11.9 26 250 M M 1 36 240
5 75 37 56 8 9 0 0.00 M M 13.8 36 280 M M 0 51 290
6 65 35 50 2 15 0 0.00 M M 9.4 23 10 M M 0 30 20
7 62 21 42 -6 23 0 0.00 M M 5.8 17 230 M M 0 24 230
8 66 28 47 -1 18 0 0.00 M M 5.7 17 240 M M 0 24 240
9 73 35 54 5 11 0 0.00 M M 9.6 24 260 M M 0 34 220
10 67 50 59 10 6 0 0.00 M M 15.1 31 260 M M 4 43 250
11 71 38 55 6 10 0 0.00 M M 13.8 32 210 M M 3 8 43 230
12 63 31 47 -2 18 0 0.00 M M 19.8 39 220 M M 3 8 55 240
13 50 21 36 -14 29 0 0.00 M M 13.9 32 260 M M 0 46 260
14 61 18 40 -10 25 0 0.00 M M 7.6 25 230 M M 0 35 240
15 71 30 51 1 14 0 0.00 M M 10.6 29 280 M M 0 41 290
16 73 36 55 5 10 0 0.00 M M 11.8 32 230 M M 0 44 230
17 75 43 59 9 6 0 0.00 M M 12.3 30 250 M M 0 45 250
18 70 34 52 2 13 0 0.00 M M 16.8 29 120 M M 0 38 120
19 77 46 62 11 3 0 0.00 M M 17.0 37 250 M M 1 53 250
20 78 44 61 10 4 0 0.00 M M 12.9 28 250 M M 0 43 240
21 76 35 56 5 9 0 0.00 M M 7.5 18 230 M M 0 27 240
22 80 41 61 9 4 0 0.00 M M 20.5 48 230 M M 3 78 70 230
23 61 38 50 -2 15 0 0.00 M M 17.4 30 270 M M 0 41 270
24 61 31 46 -6 19 0 0.00 M M 8.6 23 240 M M 0 32 230
25 63 35 49 -3 16 0 0.00 M M 11.7 23 150 M M 0 31 150
26 69 42 56 3 9 0 0.00 M M 14.2 26 130 M M 0 34 110
27 79 46 63 10 2 0 T M M 9.6 33 250 M M 1 8 49 270
28 74 40 57 4 8 0 0.00 M M 9.2 24 220 M M 0 32 220
29 71 41 56 2 9 0 0.00 M M 14.4 31 260 M M 4 8 49 270
30 73 38 56 2 9 0 0.00 M M 11.4 26 230 M M 1 8 38 220
================================================================================
SM 2070 1065 375 0 0.01 M 357.0 M 27
================================================================================
AV 69.0 35.5 11.9 FASTST M M 1 MAX(MPH)
MISC ----> 48 230 70 230
================================================================================
NOTES:
# LAST OF SEVERAL OCCURRENCES
COLUMN 17 PEAK WIND IN M.P.H.
PRELIMINARY LOCAL CLIMATOLOGICAL DATA (WS FORM: F-6) , PAGE 2
STATION: SANTA FE NM
MONTH: APRIL
YEAR: 2022
LATITUDE: 35 37 N
LONGITUDE: 106 5 W
[TEMPERATURE DATA] [PRECIPITATION DATA] SYMBOLS USED IN COLUMN 16
AVERAGE MONTHLY: 52.3 TOTAL FOR MONTH: 0.01 1 = FOG OR MIST
DPTR FM NORMAL: 2.0 DPTR FM NORMAL: -0.52 2 = FOG REDUCING VISIBILITY
HIGHEST: 80 ON 22 GRTST 24HR 0.01 ON 31- 1 TO 1/4 MILE OR LESS
LOWEST: 18 ON 14 3 = THUNDER
SNOW, ICE PELLETS, HAIL 4 = ICE PELLETS
TOTAL MONTH: M 5 = HAIL
GRTST 24HR M ON M 6 = FREEZING RAIN OR DRIZZLE
GRTST DEPTH: M ON M 7 = DUSTSTORM OR SANDSTORM:
VSBY 1/2 MILE OR LESS
8 = SMOKE OR HAZE
[NO. OF DAYS WITH] [WEATHER - DAYS WITH] 9 = BLOWING SNOW
X = TORNADO
MAX 32 OR BELOW: 0 0.01 INCH OR MORE: 1
MAX 90 OR ABOVE: 0 0.10 INCH OR MORE: 0
MIN 32 OR BELOW: 8 0.50 INCH OR MORE: 0
MIN 0 OR BELOW: 0 1.00 INCH OR MORE: 0
[HDD (BASE 65) ]
TOTAL THIS MO. 375 CLEAR (SCALE 0-3) 26
DPTR FM NORMAL -71 PTCLDY (SCALE 4-7) 4
TOTAL FM JUL 1 4887 CLOUDY (SCALE 8-10) 0
DPTR FM NORMAL -293
[CDD (BASE 65) ]
TOTAL THIS MO. 0
DPTR FM NORMAL 0 [PRESSURE DATA]
TOTAL FM JAN 1 0 HIGHEST SLP 30.33 ON 7
DPTR FM NORMAL 0 LOWEST SLP 29.34 ON 22
[REMARKS]
#FINAL-04-22#