000
CXUS54 KEWX 011010
CF6SAT
PRELIMINARY LOCAL CLIMATOLOGICAL DATA (WS FORM: F-6)
STATION: SAN ANTONIO
MONTH: APRIL
YEAR: 2020
LATITUDE: 29 31 N
LONGITUDE: 98 28 W
TEMPERATURE IN F: :PCPN: SNOW: WIND :SUNSHINE: SKY :PK WND
================================================================================
1 2 3 4 5 6A 6B 7 8 9 10 11 12 13 14 15 16 17 18
12Z AVG MX 2MIN
DY MAX MIN AVG DEP HDD CDD WTR SNW DPTH SPD SPD DIR MIN PSBL S-S WX SPD DR
================================================================================
1 80 52 66 0 0 1 T 0.0 0 9.2 20 130 M M 5 26 140
2 70 63 67 1 0 2 0.46 0.0 0 7.8 15 130 M M 10 13 20 120
3 75 51 63 -3 2 0 0.12 0.0 0 8.2 20 360 M M 10 18 34 360
4 58 50 54 -12 11 0 2.06 0.0 0 8.6 18 10 M M 10 13 29 10
5 70 55 63 -4 2 0 T 0.0 0 5.9 12 40 M M 10 1 17 40
6 76 62 69 2 0 4 0.00 0.0 0 2.9 10 120 M M 10 12 13 140
7 85 69 77 10 0 12 0.00 0.0 0 5.8 13 160 M M 9 12 17 150
8 92 71 82 14 0 17 0.00 0.0 0 6.3 13 170 M M 7 18 18 270
9 89 67 78 10 0 13 T 0.0 0 5.7 21 10 M M 8 13 31 20
10 74 65 70 2 0 5 0.00 0.0 0 9.4 17 100 M M 9 23 60
11 79 64 72 4 0 7 T 0.0 0 10.6 20 140 M M 10 18 25 140
12 86 61 74 6 0 9 0.03 0.0 0 13.6 37 270 M M 3 13 49 270
13 70 46 58 -11 7 0 0.00 0.0 0 12.7 25 360 M M 0 37 10
14 68 47 58 -11 7 0 0.00 0.0 0 11.0 17 10 M M 4 25 10
15 68 45 57 -12 8 0 0.00 0.0 0 6.3 16 10 M M 3 24 20
16 76 47 62 -7 3 0 0.00 0.0 0 9.5 22 140 M M 5 29 160
17 75 57 66 -4 0 1 0.01 0.0 0 7.0 18 10 M M 10 1 26 20
18 62 53 58 -12 7 0 T 0.0 0 7.3 16 20 M M 10 1 24 20
19 94 59 77 7 0 12 0.01 0.0 0 6.2 24 290 M M 6 12 35 300
20 93 53 73 3 0 8 0.00 0.0 0 6.1 15 140 M M 5 20 140
21 88 63 76 5 0 11 0.00 0.0 0 10.5 22 130 M M 7 18 29 130
22 84 68 76 5 0 11 0.03 0.0 0 7.4 16 150 M M 9 18 22 150
23 92 61 77 6 0 12 0.00 0.0 0 7.4 18 360 M M 2 1 24 360
24 98 57 78 7 0 13 0.00 0.0 0 9.8 22 360 M M 1 32 210
25 85 65 75 3 0 10 0.00 0.0 0 10.4 21 10 M M 2 29 20
26 87 53 70 -2 0 5 0.00 0.0 0 9.7 18 160 M M 1 26 160
27 90 61 76 4 0 11 T 0.0 0 12.8 24 130 M M 6 13 32 150
28 92 66 79 7 0 14 0.17 0.0 0 11.0 25 160 M M 5 13 32 150
29 87 60 74 1 0 9 T 0.0 0 10.4 25 10 M M 7 1 37 20
30 89 53 71 -2 0 6 0.00 0.0 0 5.9 14 170 M M 0 19 180
================================================================================
SM 2432 1744 47 193 2.89 0.0 255.4 M 184
================================================================================
AV 81.1 58.1 8.5 FASTST M M 6 MAX(MPH)
MISC ----> # 37 270 # 49 270
================================================================================
NOTES:
# LAST OF SEVERAL OCCURRENCES
COLUMN 17 PEAK WIND IN M.P.H.
PRELIMINARY LOCAL CLIMATOLOGICAL DATA (WS FORM: F-6) , PAGE 2
STATION: SAN ANTONIO
MONTH: APRIL
YEAR: 2020
LATITUDE: 29 31 N
LONGITUDE: 98 28 W
[TEMPERATURE DATA] [PRECIPITATION DATA] SYMBOLS USED IN COLUMN 16
AVERAGE MONTHLY: 69.6 TOTAL FOR MONTH: 2.89 1 = FOG OR MIST
DPTR FM NORMAL: 0.3 DPTR FM NORMAL: 0.79 2 = FOG REDUCING VISIBILITY
HIGHEST: 98 ON 24 GRTST 24HR 2.06 ON 4- 4 TO 1/4 MILE OR LESS
LOWEST: 45 ON 15 3 = THUNDER
SNOW, ICE PELLETS, HAIL 4 = ICE PELLETS
TOTAL MONTH: 0.0 INCH 5 = HAIL
GRTST 24HR 0.0 6 = FREEZING RAIN OR DRIZZLE
GRTST DEPTH: 0 7 = DUSTSTORM OR SANDSTORM:
VSBY 1/2 MILE OR LESS
8 = SMOKE OR HAZE
[NO. OF DAYS WITH] [WEATHER - DAYS WITH] 9 = BLOWING SNOW
X = TORNADO
MAX 32 OR BELOW: 0 0.01 INCH OR MORE: 8
MAX 90 OR ABOVE: 7 0.10 INCH OR MORE: 4
MIN 32 OR BELOW: 0 0.50 INCH OR MORE: 1
MIN 0 OR BELOW: 0 1.00 INCH OR MORE: 1
[HDD (BASE 65) ]
TOTAL THIS MO. 47 CLEAR (SCALE 0-3) 8
DPTR FM NORMAL 8 PTCLDY (SCALE 4-7) 11
TOTAL FM JUL 1 1210 CLOUDY (SCALE 8-10) 11
DPTR FM NORMAL -284
[CDD (BASE 65) ]
TOTAL THIS MO. 193
DPTR FM NORMAL 25 [PRESSURE DATA]
TOTAL FM JAN 1 402 HIGHEST SLP 30.22 ON 15
DPTR FM NORMAL 143 LOWEST SLP 29.45 ON 12
[REMARKS]
#FINAL-04-20#