000
CXUS52 KCHS 010815
CF6SAV
PRELIMINARY LOCAL CLIMATOLOGICAL DATA (WS FORM: F-6)
STATION: SAVANNAH GA
MONTH: APRIL
YEAR: 2022
LATITUDE: 32 7 N
LONGITUDE: 81 12 W
TEMPERATURE IN F: :PCPN: SNOW: WIND :SUNSHINE: SKY :PK WND
================================================================================
1 2 3 4 5 6A 6B 7 8 9 10 11 12 13 14 15 16 17 18
12Z AVG MX 2MIN
DY MAX MIN AVG DEP HDD CDD WTR SNW DPTH SPD SPD DIR MIN PSBL S-S WX SPD DR
================================================================================
1 78 52 65 2 0 0 0.00 0.0 0 9.5 20 270 M M 4 26 270
2 71 47 59 -5 6 0 0.00 0.0 0 4.9 14 120 M M 5 17 80
3 77 51 64 0 1 0 0.00 0.0 0 7.0 18 290 M M 0 12 23 300
4 78 45 62 -2 3 0 0.00 0.0 0 6.2 17 140 M M 3 22 150
5 76 60 68 4 0 3 0.41 0.0 0 13.1 31 290 M M 6 13 45 270
6 87 65 76 12 0 11 0.17 0.0 0 9.2 33 310 M M 8 138 48 310
7 83 57 70 5 0 5 T 0.0 0 10.7 24 270 M M 4 33 220
8 70 50 60 -5 5 0 0.00 0.0 0 11.8 28 250 M M 2 34 250
9 57 41 49 -16 16 0 0.00 0.0 0 10.5 25 260 M M 5 33 300
10 74 37 56 -9 9 0 0.00 0.0 0 6.0 17 260 M M 0 21 260
11 80 48 64 -2 1 0 0.00 0.0 0 7.6 21 170 M M 3 1 25 170
12 82 57 70 4 0 5 0.00 0.0 0 8.1 17 170 M M 2 21 150
13 83 58 71 5 0 6 0.00 0.0 0 8.3 16 190 M M 5 1 18 210
14 83 58 71 5 0 6 0.00 0.0 0 9.1 20 190 M M 8 1 25 180
15 77 56 67 1 0 2 0.00 0.0 0 9.8 24 100 M M 1 31 100
16 79 55 67 0 0 2 T 0.0 0 4.9 14 270 M M 8 17 250
17 88 66 77 10 0 12 0.02 0.0 0 7.6 23 100 M M 7 3 28 90
18 82 60 71 4 0 6 0.26 0.0 0 9.2 18 340 M M 6 13 24 280
19 70 48 59 -9 6 0 0.00 0.0 0 8.1 16 320 M M 0 23 320
20 73 44 59 -9 6 0 0.00 0.0 0 9.6 22 110 M M 2 1 30 90
21 77 53 65 -3 0 0 0.00 0.0 0 7.8 17 100 M M 4 21 100
22 81 52 67 -1 0 2 0.00 0.0 0 5.8 16 90 M M 1 1 21 100
23 81 54 68 0 0 3 0.00 0.0 0 7.4 20 100 M M 2 1 26 110
24 82 55 69 0 0 4 0.00 0.0 0 6.7 15 150 M M 3 12 22 120
25 85 57 71 2 0 6 0.00 0.0 0 5.5 16 160 M M 2 1 18 160
26 88 64 76 7 0 11 0.01 0.0 0 6.7 18 340 M M 4 3 22 340
27 80 56 68 -2 0 3 0.00 0.0 0 7.9 15 10 M M 4 20 330
28 78 51 65 -5 0 0 0.00 0.0 0 6.4 16 40 M M 3 1 24 40
29 80 51 66 -4 0 1 0.00 0.0 0 6.5 17 180 M M 3 1 23 140
30 81 53 67 -3 0 2 0.00 0.0 0 7.0 17 150 M M 3 21 150
================================================================================
SM 2361 1601 53 90 0.87 0.0 238.9 M 108
================================================================================
AV 78.7 53.4 8.0 FASTST M M 4 MAX(MPH)
MISC ----> 33 310 48 310
================================================================================
NOTES:
# LAST OF SEVERAL OCCURRENCES
COLUMN 17 PEAK WIND IN M.P.H.
PRELIMINARY LOCAL CLIMATOLOGICAL DATA (WS FORM: F-6) , PAGE 2
STATION: SAVANNAH GA
MONTH: APRIL
YEAR: 2022
LATITUDE: 32 7 N
LONGITUDE: 81 12 W
[TEMPERATURE DATA] [PRECIPITATION DATA] SYMBOLS USED IN COLUMN 16
AVERAGE MONTHLY: 66.0 TOTAL FOR MONTH: 0.87 1 = FOG OR MIST
DPTR FM NORMAL: -0.7 DPTR FM NORMAL: -2.52 2 = FOG REDUCING VISIBILITY
HIGHEST: 88 ON 26,17 GRTST 24HR 0.43 ON 31- 1 TO 1/4 MILE OR LESS
LOWEST: 37 ON 10 3 = THUNDER
SNOW, ICE PELLETS, HAIL 4 = ICE PELLETS
TOTAL MONTH: 0.0 INCH 5 = HAIL
GRTST 24HR 0.0 6 = FREEZING RAIN OR DRIZZLE
GRTST DEPTH: 0 7 = DUSTSTORM OR SANDSTORM:
VSBY 1/2 MILE OR LESS
8 = SMOKE OR HAZE
[NO. OF DAYS WITH] [WEATHER - DAYS WITH] 9 = BLOWING SNOW
X = TORNADO
MAX 32 OR BELOW: 0 0.01 INCH OR MORE: 5
MAX 90 OR ABOVE: 0 0.10 INCH OR MORE: 3
MIN 32 OR BELOW: 0 0.50 INCH OR MORE: 0
MIN 0 OR BELOW: 0 1.00 INCH OR MORE: 0
[HDD (BASE 65) ]
TOTAL THIS MO. 53 CLEAR (SCALE 0-3) 14
DPTR FM NORMAL -10 PTCLDY (SCALE 4-7) 16
TOTAL FM JUL 1 1438 CLOUDY (SCALE 8-10) 0
DPTR FM NORMAL -232
[CDD (BASE 65) ]
TOTAL THIS MO. 90
DPTR FM NORMAL -24 [PRESSURE DATA]
TOTAL FM JAN 1 209 HIGHEST SLP 30.46 ON 21
DPTR FM NORMAL 35 LOWEST SLP 29.65 ON 7
[REMARKS]
#FINAL-04-22#