976
CXUS52 KCHS 021551
CLASAV
CLIMATE REPORT
NATIONAL WEATHER SERVICE CHARLESTON SC
1034 AM EST THU JAN 2 2020
...................................
...THE SAVANNAH GA CLIMATE SUMMARY FOR THE YEAR OF 2019...
CLIMATE NORMAL PERIOD 1981 TO 2010
CLIMATE RECORD PERIOD 1871 TO 2020
WEATHER OBSERVED NORMAL DEPART LAST YEAR`S
VALUE DATE(S) VALUE FROM VALUE DATE(S)
NORMAL
................................................................
TEMPERATURE (F)
RECORD
HIGH 105 07/20/1986
07/12/1879
LOW 3 01/21/1985
HIGHEST 102 05/26 98
LOWEST 29 01/31 19
01/30
AVG. MAXIMUM 80.3 77.4 2.9 78.9
AVG. MINIMUM 59.3 56.1 3.2 58.3
MEAN 69.8 66.8 3.0 68.6
DAYS MAX >= 90 114 70.0 44.0 111
DAYS MAX <= 32 0 0.1 -0.1 1
DAYS MIN <= 32 7 22.3 -15.3 24
DAYS MIN <= 0 0 0.0 0.0 0
PRECIPITATION (INCHES)
RECORD
MAXIMUM 73.94 1885
MINIMUM 22.00 1931
TOTALS 51.36 47.96 3.40 43.01
DAILY AVG. 0.14 0.13 0.01 0.12
DAYS >= .01 104 108.2 -4.2 122
DAYS >= .10 63 70.3 -7.3 73
DAYS >= .50 26 31.3 -5.3 29
DAYS >= 1.00 19 14.0 5.0 12
GREATEST
24 HR. TOTAL 4.82 06/11 TO 06/12
SNOWFALL (INCHES)
TOTALS 0.0 0.3 -0.3 1.2
SINCE 7/1 0.0 0.2 -0.2 0.0
SNOWDEPTH AVG. 0 0
DAYS >= TRACE 0 0.3 -0.3 1
DAYS >= 1.0 0 0.0 0.0 1
DEGREE_DAYS
HEATING TOTAL 1299 1811 -512 1601
SINCE 7/1 527 690 -163 594
COOLING TOTAL 3175 2458 717 3009
SINCE 1/1 3175 2458 717 3009
.................................................................
WIND (MPH)
AVERAGE WIND SPEED 7.1
HIGHEST WIND SPEED/DIRECTION 48/200 DATE 04/19
HIGHEST GUST SPEED/DIRECTION 66/190 DATE 04/19
WEATHER CONDITIONS. NUMBER OF DAYS WITH
THUNDERSTORM 65 MIXED PRECIP 0
HEAVY RAIN 42 RAIN 63
LIGHT RAIN 127 FREEZING RAIN 0
LT FREEZING RAIN 0 HAIL 0
HEAVY SNOW 0 SNOW 0
LIGHT SNOW 0 SLEET 0
FOG 171 FOG W/VIS <= 1/4 MILE 23
HAZE 22
- INDICATES NEGATIVE NUMBERS.
R INDICATES RECORD WAS SET OR TIED.
MM INDICATES DATA IS MISSING.
T INDICATES TRACE AMOUNT.
&&
2019 BECOMES THE WARMEST YEAR ON RECORD AT THE SAVANNAH INTERNATIONAL
AIRPORT.
$$